{"id":1014,"date":"2019-09-23T10:06:38","date_gmt":"2019-09-23T08:06:38","guid":{"rendered":"https:\/\/www.mettmann.de\/web\/?page_id=1014"},"modified":"2019-09-23T10:06:38","modified_gmt":"2019-09-23T08:06:38","slug":"private-gartennutzung","status":"publish","type":"page","link":"https:\/\/www.mettmann.de\/web\/organisationsaufbau\/dezernat-1\/rechts-und-ordnungsamt\/sicherheit-und-ordnung\/kommunaler-ordnungsdienst\/private-gartennutzung\/","title":{"rendered":"Private Gartennutzung"},"content":{"rendered":"<p>Die Stadt Mettmann informiert Sie als Grundst\u00fcckseigent\u00fcmer bzw. Nutzungsberechtigten \u00fcber die private Gartennutzung, sofern auch das \u00f6ffentliche Interesse ber\u00fchrt ist.<\/p>\n<p>Grunds\u00e4tzlich sind nachbarschaftliche Streitigkeiten auf privatrechtlichem Wege zu l\u00f6sen. Ein Einschreiten seitens der Ordnungsbeh\u00f6rde ist nur dann erforderlich, wenn offensichtlich \u00f6ffentliches Interesse ber\u00fchrt ist.<\/p>\n<p>F\u00fcr die Nutzung Ihres Gartens gilt folgendes:<\/p>\n<ul>\n<li>\u00fcberh\u00e4ngende \u00c4ste von B\u00e4umen und Str\u00e4uchern sowie Hecken, sind bis auf die Grundst\u00fccksgrenze zur\u00fcckzuschneiden, sie d\u00fcrfen nicht in die \u00f6ffentliche Verkehrsfl\u00e4che hineinragen<\/li>\n<\/ul>\n<ul>\n<li>herabgefallenes Laub, das auf den eigenen Gartenbewuchs zur\u00fcckzuf\u00fchren ist, ist von Gehwegen zu beseitigen<\/li>\n<\/ul>\n<ul>\n<li>das Rasenm\u00e4hen ist nur werktags (also auch samstags) in der Zeit von 07.00 bis 20.00 Uhr gestattet.<\/li>\n<\/ul>\n<ul>\n<li>das Grillen im Garten ist grunds\u00e4tzlich erlaubt, sofern nicht intensiver Qualm in die Wohnungen von Nachbarn zieht und dadurch eine Rauch- und Geruchsbel\u00e4stigung entsteht<\/li>\n<\/ul>\n<ul>\n<li>Gartenfeste sind jederzeit gestattet. Die Lautst\u00e4rke darf ein ertr\u00e4gliches Ma\u00df dabei nicht \u00fcberschreiten; eine Bel\u00e4stigung der Nachbarschaft ist auszuschlie\u00dfen. Die Nachtruhe zwischen 22:00 und 06:00 Uhr ist unbedingt einzuhalten.<\/li>\n<\/ul>\n<ul>\n<li>N\u00e4heres regeln die entsprechenden Gesetze und Verordnungen des Bundes und des Landes NRW sowie das Mettmanner Ortsrecht.<\/li>\n<\/ul>\n<h3>Kontakt zur Ordnungbeh\u00f6rde<\/h3>\n<p class=\"eingerueckt40\">R\u00fcckfragen beantwortet gerne die Ordnungsbeh\u00f6rde 02104 \/ 980-145 oder 980-146.<\/p>\n<p class=\"eingerueckt40\">Sofern das \u00f6ffentliche Interesse ber\u00fchrt ist, stellt eine Nichtbeachtung der Vorschriften eine Ordnungswidrigkeit dar, die mit einer Geldbu\u00dfe geahndet werden kann.<\/p>\n","protected":false},"excerpt":{"rendered":"<p>Die Stadt Mettmann informiert Sie als Grundst\u00fcckseigent\u00fcmer bzw. Nutzungsberechtigten \u00fcber die private Gartennutzung, sofern auch das \u00f6ffentliche Interesse ber\u00fchrt ist. Grunds\u00e4tzlich sind nachbarschaftliche Streitigkeiten auf privatrechtlichem Wege zu l\u00f6sen. Ein Einschreiten seitens der Ordnungsbeh\u00f6rde ist&#8230;<\/p>\n","protected":false},"author":1,"featured_media":1016,"parent":1013,"menu_order":0,"comment_status":"closed","ping_status":"closed","template":"","meta":{"ngg_post_thumbnail":0,"footnotes":""},"class_list":["post-1014","page","type-page","status-publish","has-post-thumbnail","hentry"],"yoast_head":"<!-- This site is optimized with the Yoast SEO plugin v27.2 - https:\/\/yoast.com\/product\/yoast-seo-wordpress\/ -->\n<title>Private Gartennutzung | Stadtverwaltung Mettmann<\/title>\n<meta name=\"robots\" content=\"index, follow, max-snippet:-1, max-image-preview:large, max-video-preview:-1\" \/>\n<link rel=\"canonical\" href=\"https:\/\/www.mettmann.de\/web\/organisationsaufbau\/dezernat-1\/rechts-und-ordnungsamt\/sicherheit-und-ordnung\/kommunaler-ordnungsdienst\/private-gartennutzung\/\" \/>\n<meta property=\"og:locale\" content=\"de_DE\" \/>\n<meta property=\"og:type\" content=\"article\" \/>\n<meta property=\"og:title\" content=\"Private Gartennutzung | Stadtverwaltung Mettmann\" \/>\n<meta property=\"og:description\" content=\"Die Stadt Mettmann informiert Sie als Grundst\u00fcckseigent\u00fcmer bzw. Nutzungsberechtigten \u00fcber die private Gartennutzung, sofern auch das \u00f6ffentliche Interesse ber\u00fchrt ist. Grunds\u00e4tzlich sind nachbarschaftliche Streitigkeiten auf privatrechtlichem Wege zu l\u00f6sen. Ein Einschreiten seitens der Ordnungsbeh\u00f6rde ist...\" \/>\n<meta property=\"og:url\" content=\"https:\/\/www.mettmann.de\/web\/organisationsaufbau\/dezernat-1\/rechts-und-ordnungsamt\/sicherheit-und-ordnung\/kommunaler-ordnungsdienst\/private-gartennutzung\/\" \/>\n<meta property=\"og:site_name\" content=\"Stadtverwaltung Mettmann\" \/>\n<meta property=\"article:publisher\" content=\"https:\/\/www.facebook.com\/kreisstadt.mettmann\" \/>\n<meta property=\"og:image\" content=\"https:\/\/www.mettmann.de\/web\/wp-content\/uploads\/2019\/09\/pansy-21968_1280.jpg\" \/>\n\t<meta property=\"og:image:width\" content=\"1280\" \/>\n\t<meta property=\"og:image:height\" content=\"853\" \/>\n\t<meta property=\"og:image:type\" content=\"image\/jpeg\" \/>\n<meta name=\"twitter:card\" content=\"summary_large_image\" \/>\n<meta name=\"twitter:label1\" content=\"Gesch\u00e4tzte Lesezeit\" \/>\n\t<meta name=\"twitter:data1\" content=\"1\u00a0Minute\" \/>\n<script type=\"application\/ld+json\" class=\"yoast-schema-graph\">{\"@context\":\"https:\/\/schema.org\",\"@graph\":[{\"@type\":\"WebPage\",\"@id\":\"https:\/\/www.mettmann.de\/web\/organisationsaufbau\/dezernat-1\/rechts-und-ordnungsamt\/sicherheit-und-ordnung\/kommunaler-ordnungsdienst\/private-gartennutzung\/\",\"url\":\"https:\/\/www.mettmann.de\/web\/organisationsaufbau\/dezernat-1\/rechts-und-ordnungsamt\/sicherheit-und-ordnung\/kommunaler-ordnungsdienst\/private-gartennutzung\/\",\"name\":\"Private Gartennutzung | Stadtverwaltung Mettmann\",\"isPartOf\":{\"@id\":\"https:\/\/www.mettmann.de\/web\/#website\"},\"primaryImageOfPage\":{\"@id\":\"https:\/\/www.mettmann.de\/web\/organisationsaufbau\/dezernat-1\/rechts-und-ordnungsamt\/sicherheit-und-ordnung\/kommunaler-ordnungsdienst\/private-gartennutzung\/#primaryimage\"},\"image\":{\"@id\":\"https:\/\/www.mettmann.de\/web\/organisationsaufbau\/dezernat-1\/rechts-und-ordnungsamt\/sicherheit-und-ordnung\/kommunaler-ordnungsdienst\/private-gartennutzung\/#primaryimage\"},\"thumbnailUrl\":\"https:\/\/www.mettmann.de\/web\/wp-content\/uploads\/2019\/09\/pansy-21968_1280.jpg\",\"datePublished\":\"2019-09-23T08:06:38+00:00\",\"breadcrumb\":{\"@id\":\"https:\/\/www.mettmann.de\/web\/organisationsaufbau\/dezernat-1\/rechts-und-ordnungsamt\/sicherheit-und-ordnung\/kommunaler-ordnungsdienst\/private-gartennutzung\/#breadcrumb\"},\"inLanguage\":\"de\",\"potentialAction\":[{\"@type\":\"ReadAction\",\"target\":[\"https:\/\/www.mettmann.de\/web\/organisationsaufbau\/dezernat-1\/rechts-und-ordnungsamt\/sicherheit-und-ordnung\/kommunaler-ordnungsdienst\/private-gartennutzung\/\"]}]},{\"@type\":\"ImageObject\",\"inLanguage\":\"de\",\"@id\":\"https:\/\/www.mettmann.de\/web\/organisationsaufbau\/dezernat-1\/rechts-und-ordnungsamt\/sicherheit-und-ordnung\/kommunaler-ordnungsdienst\/private-gartennutzung\/#primaryimage\",\"url\":\"https:\/\/www.mettmann.de\/web\/wp-content\/uploads\/2019\/09\/pansy-21968_1280.jpg\",\"contentUrl\":\"https:\/\/www.mettmann.de\/web\/wp-content\/uploads\/2019\/09\/pansy-21968_1280.jpg\",\"width\":1280,\"height\":853,\"caption\":\"Symbolfoto: PublicDomainPictures \/ pixabay\"},{\"@type\":\"BreadcrumbList\",\"@id\":\"https:\/\/www.mettmann.de\/web\/organisationsaufbau\/dezernat-1\/rechts-und-ordnungsamt\/sicherheit-und-ordnung\/kommunaler-ordnungsdienst\/private-gartennutzung\/#breadcrumb\",\"itemListElement\":[{\"@type\":\"ListItem\",\"position\":1,\"name\":\"Startseite\",\"item\":\"https:\/\/www.mettmann.de\/web\/\"},{\"@type\":\"ListItem\",\"position\":2,\"name\":\"Stadtverwaltung\",\"item\":\"https:\/\/www.mettmann.de\/web\/organisationsaufbau\/\"},{\"@type\":\"ListItem\",\"position\":3,\"name\":\"Dezernat 1\",\"item\":\"https:\/\/www.mettmann.de\/web\/organisationsaufbau\/dezernat-1\/\"},{\"@type\":\"ListItem\",\"position\":4,\"name\":\"Amt f\u00fcr B\u00fcrgerservice und Ordnung\",\"item\":\"https:\/\/www.mettmann.de\/web\/organisationsaufbau\/dezernat-1\/rechts-und-ordnungsamt\/\"},{\"@type\":\"ListItem\",\"position\":5,\"name\":\"Sicherheit und Ordnung\",\"item\":\"https:\/\/www.mettmann.de\/web\/organisationsaufbau\/dezernat-1\/rechts-und-ordnungsamt\/sicherheit-und-ordnung\/\"},{\"@type\":\"ListItem\",\"position\":6,\"name\":\"Kommunaler Ordnungsdienst\",\"item\":\"https:\/\/www.mettmann.de\/web\/organisationsaufbau\/dezernat-1\/rechts-und-ordnungsamt\/sicherheit-und-ordnung\/kommunaler-ordnungsdienst\/\"},{\"@type\":\"ListItem\",\"position\":7,\"name\":\"Private Gartennutzung\"}]},{\"@type\":\"WebSite\",\"@id\":\"https:\/\/www.mettmann.de\/web\/#website\",\"url\":\"https:\/\/www.mettmann.de\/web\/\",\"name\":\"Stadtverwaltung Mettmann\",\"description\":\"Internetseite der Kreisstadt Mettmann\",\"publisher\":{\"@id\":\"https:\/\/www.mettmann.de\/web\/#organization\"},\"potentialAction\":[{\"@type\":\"SearchAction\",\"target\":{\"@type\":\"EntryPoint\",\"urlTemplate\":\"https:\/\/www.mettmann.de\/web\/?s={search_term_string}\"},\"query-input\":{\"@type\":\"PropertyValueSpecification\",\"valueRequired\":true,\"valueName\":\"search_term_string\"}}],\"inLanguage\":\"de\"},{\"@type\":\"Organization\",\"@id\":\"https:\/\/www.mettmann.de\/web\/#organization\",\"name\":\"Kreisstadt Mettmann\",\"url\":\"https:\/\/www.mettmann.de\/web\/\",\"logo\":{\"@type\":\"ImageObject\",\"inLanguage\":\"de\",\"@id\":\"https:\/\/www.mettmann.de\/web\/#\/schema\/logo\/image\/\",\"url\":\"https:\/\/www.mettmann.de\/web\/wp-content\/uploads\/2019\/08\/Kreisstadt_Mettmann_Logo_RGB_150dpi.png\",\"contentUrl\":\"https:\/\/www.mettmann.de\/web\/wp-content\/uploads\/2019\/08\/Kreisstadt_Mettmann_Logo_RGB_150dpi.png\",\"width\":1302,\"height\":191,\"caption\":\"Kreisstadt Mettmann\"},\"image\":{\"@id\":\"https:\/\/www.mettmann.de\/web\/#\/schema\/logo\/image\/\"},\"sameAs\":[\"https:\/\/www.facebook.com\/kreisstadt.mettmann\",\"https:\/\/de.wikipedia.org\/wiki\/Mettmann\"]}]}<\/script>\n<!-- \/ Yoast SEO plugin. -->","yoast_head_json":{"title":"Private Gartennutzung | Stadtverwaltung Mettmann","robots":{"index":"index","follow":"follow","max-snippet":"max-snippet:-1","max-image-preview":"max-image-preview:large","max-video-preview":"max-video-preview:-1"},"canonical":"https:\/\/www.mettmann.de\/web\/organisationsaufbau\/dezernat-1\/rechts-und-ordnungsamt\/sicherheit-und-ordnung\/kommunaler-ordnungsdienst\/private-gartennutzung\/","og_locale":"de_DE","og_type":"article","og_title":"Private Gartennutzung | Stadtverwaltung Mettmann","og_description":"Die Stadt Mettmann informiert Sie als Grundst\u00fcckseigent\u00fcmer bzw. Nutzungsberechtigten \u00fcber die private Gartennutzung, sofern auch das \u00f6ffentliche Interesse ber\u00fchrt ist. Grunds\u00e4tzlich sind nachbarschaftliche Streitigkeiten auf privatrechtlichem Wege zu l\u00f6sen. Ein Einschreiten seitens der Ordnungsbeh\u00f6rde ist...","og_url":"https:\/\/www.mettmann.de\/web\/organisationsaufbau\/dezernat-1\/rechts-und-ordnungsamt\/sicherheit-und-ordnung\/kommunaler-ordnungsdienst\/private-gartennutzung\/","og_site_name":"Stadtverwaltung Mettmann","article_publisher":"https:\/\/www.facebook.com\/kreisstadt.mettmann","og_image":[{"width":1280,"height":853,"url":"https:\/\/www.mettmann.de\/web\/wp-content\/uploads\/2019\/09\/pansy-21968_1280.jpg","type":"image\/jpeg"}],"twitter_card":"summary_large_image","twitter_misc":{"Gesch\u00e4tzte Lesezeit":"1\u00a0Minute"},"schema":{"@context":"https:\/\/schema.org","@graph":[{"@type":"WebPage","@id":"https:\/\/www.mettmann.de\/web\/organisationsaufbau\/dezernat-1\/rechts-und-ordnungsamt\/sicherheit-und-ordnung\/kommunaler-ordnungsdienst\/private-gartennutzung\/","url":"https:\/\/www.mettmann.de\/web\/organisationsaufbau\/dezernat-1\/rechts-und-ordnungsamt\/sicherheit-und-ordnung\/kommunaler-ordnungsdienst\/private-gartennutzung\/","name":"Private Gartennutzung | Stadtverwaltung Mettmann","isPartOf":{"@id":"https:\/\/www.mettmann.de\/web\/#website"},"primaryImageOfPage":{"@id":"https:\/\/www.mettmann.de\/web\/organisationsaufbau\/dezernat-1\/rechts-und-ordnungsamt\/sicherheit-und-ordnung\/kommunaler-ordnungsdienst\/private-gartennutzung\/#primaryimage"},"image":{"@id":"https:\/\/www.mettmann.de\/web\/organisationsaufbau\/dezernat-1\/rechts-und-ordnungsamt\/sicherheit-und-ordnung\/kommunaler-ordnungsdienst\/private-gartennutzung\/#primaryimage"},"thumbnailUrl":"https:\/\/www.mettmann.de\/web\/wp-content\/uploads\/2019\/09\/pansy-21968_1280.jpg","datePublished":"2019-09-23T08:06:38+00:00","breadcrumb":{"@id":"https:\/\/www.mettmann.de\/web\/organisationsaufbau\/dezernat-1\/rechts-und-ordnungsamt\/sicherheit-und-ordnung\/kommunaler-ordnungsdienst\/private-gartennutzung\/#breadcrumb"},"inLanguage":"de","potentialAction":[{"@type":"ReadAction","target":["https:\/\/www.mettmann.de\/web\/organisationsaufbau\/dezernat-1\/rechts-und-ordnungsamt\/sicherheit-und-ordnung\/kommunaler-ordnungsdienst\/private-gartennutzung\/"]}]},{"@type":"ImageObject","inLanguage":"de","@id":"https:\/\/www.mettmann.de\/web\/organisationsaufbau\/dezernat-1\/rechts-und-ordnungsamt\/sicherheit-und-ordnung\/kommunaler-ordnungsdienst\/private-gartennutzung\/#primaryimage","url":"https:\/\/www.mettmann.de\/web\/wp-content\/uploads\/2019\/09\/pansy-21968_1280.jpg","contentUrl":"https:\/\/www.mettmann.de\/web\/wp-content\/uploads\/2019\/09\/pansy-21968_1280.jpg","width":1280,"height":853,"caption":"Symbolfoto: PublicDomainPictures \/ pixabay"},{"@type":"BreadcrumbList","@id":"https:\/\/www.mettmann.de\/web\/organisationsaufbau\/dezernat-1\/rechts-und-ordnungsamt\/sicherheit-und-ordnung\/kommunaler-ordnungsdienst\/private-gartennutzung\/#breadcrumb","itemListElement":[{"@type":"ListItem","position":1,"name":"Startseite","item":"https:\/\/www.mettmann.de\/web\/"},{"@type":"ListItem","position":2,"name":"Stadtverwaltung","item":"https:\/\/www.mettmann.de\/web\/organisationsaufbau\/"},{"@type":"ListItem","position":3,"name":"Dezernat 1","item":"https:\/\/www.mettmann.de\/web\/organisationsaufbau\/dezernat-1\/"},{"@type":"ListItem","position":4,"name":"Amt f\u00fcr B\u00fcrgerservice und Ordnung","item":"https:\/\/www.mettmann.de\/web\/organisationsaufbau\/dezernat-1\/rechts-und-ordnungsamt\/"},{"@type":"ListItem","position":5,"name":"Sicherheit und Ordnung","item":"https:\/\/www.mettmann.de\/web\/organisationsaufbau\/dezernat-1\/rechts-und-ordnungsamt\/sicherheit-und-ordnung\/"},{"@type":"ListItem","position":6,"name":"Kommunaler Ordnungsdienst","item":"https:\/\/www.mettmann.de\/web\/organisationsaufbau\/dezernat-1\/rechts-und-ordnungsamt\/sicherheit-und-ordnung\/kommunaler-ordnungsdienst\/"},{"@type":"ListItem","position":7,"name":"Private Gartennutzung"}]},{"@type":"WebSite","@id":"https:\/\/www.mettmann.de\/web\/#website","url":"https:\/\/www.mettmann.de\/web\/","name":"Stadtverwaltung Mettmann","description":"Internetseite der Kreisstadt Mettmann","publisher":{"@id":"https:\/\/www.mettmann.de\/web\/#organization"},"potentialAction":[{"@type":"SearchAction","target":{"@type":"EntryPoint","urlTemplate":"https:\/\/www.mettmann.de\/web\/?s={search_term_string}"},"query-input":{"@type":"PropertyValueSpecification","valueRequired":true,"valueName":"search_term_string"}}],"inLanguage":"de"},{"@type":"Organization","@id":"https:\/\/www.mettmann.de\/web\/#organization","name":"Kreisstadt Mettmann","url":"https:\/\/www.mettmann.de\/web\/","logo":{"@type":"ImageObject","inLanguage":"de","@id":"https:\/\/www.mettmann.de\/web\/#\/schema\/logo\/image\/","url":"https:\/\/www.mettmann.de\/web\/wp-content\/uploads\/2019\/08\/Kreisstadt_Mettmann_Logo_RGB_150dpi.png","contentUrl":"https:\/\/www.mettmann.de\/web\/wp-content\/uploads\/2019\/08\/Kreisstadt_Mettmann_Logo_RGB_150dpi.png","width":1302,"height":191,"caption":"Kreisstadt Mettmann"},"image":{"@id":"https:\/\/www.mettmann.de\/web\/#\/schema\/logo\/image\/"},"sameAs":["https:\/\/www.facebook.com\/kreisstadt.mettmann","https:\/\/de.wikipedia.org\/wiki\/Mettmann"]}]}},"_links":{"self":[{"href":"https:\/\/www.mettmann.de\/web\/wp-json\/wp\/v2\/pages\/1014","targetHints":{"allow":["GET"]}}],"collection":[{"href":"https:\/\/www.mettmann.de\/web\/wp-json\/wp\/v2\/pages"}],"about":[{"href":"https:\/\/www.mettmann.de\/web\/wp-json\/wp\/v2\/types\/page"}],"author":[{"embeddable":true,"href":"https:\/\/www.mettmann.de\/web\/wp-json\/wp\/v2\/users\/1"}],"replies":[{"embeddable":true,"href":"https:\/\/www.mettmann.de\/web\/wp-json\/wp\/v2\/comments?post=1014"}],"version-history":[{"count":1,"href":"https:\/\/www.mettmann.de\/web\/wp-json\/wp\/v2\/pages\/1014\/revisions"}],"predecessor-version":[{"id":1017,"href":"https:\/\/www.mettmann.de\/web\/wp-json\/wp\/v2\/pages\/1014\/revisions\/1017"}],"up":[{"embeddable":true,"href":"https:\/\/www.mettmann.de\/web\/wp-json\/wp\/v2\/pages\/1013"}],"wp:featuredmedia":[{"embeddable":true,"href":"https:\/\/www.mettmann.de\/web\/wp-json\/wp\/v2\/media\/1016"}],"wp:attachment":[{"href":"https:\/\/www.mettmann.de\/web\/wp-json\/wp\/v2\/media?parent=1014"}],"curies":[{"name":"wp","href":"https:\/\/api.w.org\/{rel}","templated":true}]}}