{"id":10187,"date":"2021-01-26T13:55:14","date_gmt":"2021-01-26T12:55:14","guid":{"rendered":"https:\/\/www.mettmann.de\/web\/?page_id=10187"},"modified":"2021-01-26T14:01:44","modified_gmt":"2021-01-26T13:01:44","slug":"altes-rathaus-an-der-gartenstrasse","status":"publish","type":"page","link":"https:\/\/www.mettmann.de\/web\/stadtportrait-infos\/gebaeude-denkmaeler-skulpturen\/altes-rathaus-an-der-gartenstrasse\/","title":{"rendered":"Altes Rathaus an der Gartenstra\u00dfe"},"content":{"rendered":"<table style=\"background-color: #fff;\" width=\"100%\" cellspacing=\"5\">\n<tbody>\n<tr style=\"background-color: #fff;\">\n<td style=\"border: 0px;\"><a href=\"\/web\/wp-content\/uploads\/2021\/01\/rathaus-gartenstr-mettmann-02.jpg\"><img loading=\"lazy\" decoding=\"async\" class=\"alignnone\" src=\"\/web\/wp-content\/uploads\/2021\/01\/rathaus-gartenstr-mettmann-02.jpg\" alt=\"Altes Mettmanner Rathaus Gartenstra\u00dfe\" width=\"600\" height=\"400\" \/><\/a><\/td>\n<td style=\"border: 0px;\"><a href=\"\/web\/wp-content\/uploads\/2021\/01\/rathaus-gartenstr-mettmann-01.jpg\"><img loading=\"lazy\" decoding=\"async\" class=\"alignnone\" src=\"\/web\/wp-content\/uploads\/2021\/01\/rathaus-gartenstr-mettmann-01.jpg\" alt=\"B\u00fcrgermeisteramt und ev. Krankenhaus\" width=\"600\" height=\"400\" \/><\/a><\/td>\n<\/tr>\n<\/tbody>\n<\/table>\n<p>1879 wurde an der Gartenstra\u00dfe ein Armenhaus errichtet. Die zw\u00f6lf gro\u00dfen R\u00e4ume des Hauses waren aber nie v\u00f6llig belegt und so entschloss man sich, einen Teil der Verwaltung ebenfalls dort unterzubringen. So teilten sich einige Jahre das B\u00fcrgermeisteramt und die St\u00e4dtische Sparkasse das Haus mit den Armen der Stadt.<\/p>\n<p>Die Schlafs\u00e4le und die K\u00fcche waren im hinteren Teil des Geb\u00e4udes untergebracht und nach vorne residierte B\u00fcrgermeister Conradi und f\u00fcnf Beamte der Stadtverwaltung. Sp\u00e4ter wurde das Asyl auf den Scharrenberger Hof verlegt, und das Geb\u00e4ude an der Gartenstra\u00dfe stand ganz der Stadtverwaltung zu Verf\u00fcgung. 1904, zur Jahrtausendfeier, bekam die Rathausfront mit Turmaufbau und neuem Fassadenschmuck eine w\u00fcrdige Neugestaltung. In dieser Zeit wurde auch das repr\u00e4sentative B\u00fcrgermeisterwohnhaus neben dem Rathaus errichtet.<\/p>\n<p>Nach 1945 wuchs die Bev\u00f6lkerung Mettmanns stark und das alte Rathaus platzte aus allen N\u00e4hten. Als dann die Kreisverwaltung das Lehrerseminar an der Neanderstra\u00dfe r\u00e4umte, um den Neubau an der Goethestra\u00dfe zu beziehen, entschloss man sich, das alte Backsteingeb\u00e4ude umzubauen und es als neues Rathaus zu nutzen.<\/p>\n<p>1964 wurde das alte Rathaus mit den Nebengeb\u00e4uden abgerissen und mit dem Neubau des Evangelischen Krankenhauses begonnen.<\/p>\n<p>Es gibt noch eine kleine Anekdote aus dieser Zeit: Vor\u00fcbergehend wurde das teilweise leerger\u00e4umte Rathaus als Schwesternwohnheim mitgenutzt. Um einen einfachen und schnellen Zugang zu schaffen, wurde zwischen Rathaus und Krankenhaus eine Verbindungsbr\u00fccke gebaut, die auch eifrig genutzt wurde.<\/p>\n<p>Heute ist das ganze Gel\u00e4nde \u00fcberbaut und von den sch\u00f6nen alten Geb\u00e4uden sind keine Spuren mehr sichtbar.<\/p>\n<p>Herrn Kortenhaus ist es zu verdanken, dass wenigstens die <a href=\"\/web\/?page_id=10180\">Rathausturmuhr von 1904<\/a> gerettet wurde. Sie wurde restauriert und wieder instand gesetzt und schm\u00fcckt nun seit 2004 mit dem offenen Uhrwerk den Eingangsbereich im neuen Rathaus-Anbau.<\/p>\n<p><span style=\"font-size: 8pt;\">Fotos: Stadtarchiv Mettmann<\/span><\/p>\n","protected":false},"excerpt":{"rendered":"<p>1879 wurde an der Gartenstra\u00dfe ein Armenhaus errichtet. Die zw\u00f6lf gro\u00dfen R\u00e4ume des Hauses waren aber nie v\u00f6llig belegt und so entschloss man sich, einen Teil der Verwaltung ebenfalls dort unterzubringen. So teilten sich einige&#8230;<\/p>\n","protected":false},"author":1,"featured_media":10189,"parent":10023,"menu_order":1,"comment_status":"closed","ping_status":"closed","template":"","meta":{"ngg_post_thumbnail":0,"footnotes":""},"class_list":["post-10187","page","type-page","status-publish","has-post-thumbnail","hentry"],"yoast_head":"<!-- This site is optimized with the Yoast SEO plugin v27.2 - https:\/\/yoast.com\/product\/yoast-seo-wordpress\/ -->\n<title>Altes Rathaus an der Gartenstra\u00dfe | Stadtverwaltung Mettmann<\/title>\n<meta name=\"robots\" content=\"index, follow, max-snippet:-1, max-image-preview:large, max-video-preview:-1\" \/>\n<link rel=\"canonical\" href=\"https:\/\/www.mettmann.de\/web\/stadtportrait-infos\/gebaeude-denkmaeler-skulpturen\/altes-rathaus-an-der-gartenstrasse\/\" \/>\n<meta property=\"og:locale\" content=\"de_DE\" \/>\n<meta property=\"og:type\" content=\"article\" \/>\n<meta property=\"og:title\" content=\"Altes Rathaus an der Gartenstra\u00dfe | Stadtverwaltung Mettmann\" \/>\n<meta property=\"og:description\" content=\"1879 wurde an der Gartenstra\u00dfe ein Armenhaus errichtet. Die zw\u00f6lf gro\u00dfen R\u00e4ume des Hauses waren aber nie v\u00f6llig belegt und so entschloss man sich, einen Teil der Verwaltung ebenfalls dort unterzubringen. So teilten sich einige...\" \/>\n<meta property=\"og:url\" content=\"https:\/\/www.mettmann.de\/web\/stadtportrait-infos\/gebaeude-denkmaeler-skulpturen\/altes-rathaus-an-der-gartenstrasse\/\" \/>\n<meta property=\"og:site_name\" content=\"Stadtverwaltung Mettmann\" \/>\n<meta property=\"article:publisher\" content=\"https:\/\/www.facebook.com\/kreisstadt.mettmann\" \/>\n<meta property=\"article:modified_time\" content=\"2021-01-26T13:01:44+00:00\" \/>\n<meta property=\"og:image\" content=\"https:\/\/www.mettmann.de\/web\/wp-content\/uploads\/2021\/01\/rathaus-gartenstr-mettmann-02.jpg\" \/>\n\t<meta property=\"og:image:width\" content=\"600\" \/>\n\t<meta property=\"og:image:height\" content=\"400\" \/>\n\t<meta property=\"og:image:type\" content=\"image\/jpeg\" \/>\n<meta name=\"twitter:card\" content=\"summary_large_image\" \/>\n<meta name=\"twitter:label1\" content=\"Gesch\u00e4tzte Lesezeit\" \/>\n\t<meta name=\"twitter:data1\" content=\"2\u00a0Minuten\" \/>\n<script type=\"application\/ld+json\" class=\"yoast-schema-graph\">{\"@context\":\"https:\/\/schema.org\",\"@graph\":[{\"@type\":\"WebPage\",\"@id\":\"https:\/\/www.mettmann.de\/web\/stadtportrait-infos\/gebaeude-denkmaeler-skulpturen\/altes-rathaus-an-der-gartenstrasse\/\",\"url\":\"https:\/\/www.mettmann.de\/web\/stadtportrait-infos\/gebaeude-denkmaeler-skulpturen\/altes-rathaus-an-der-gartenstrasse\/\",\"name\":\"Altes Rathaus an der Gartenstra\u00dfe | Stadtverwaltung Mettmann\",\"isPartOf\":{\"@id\":\"https:\/\/www.mettmann.de\/web\/#website\"},\"primaryImageOfPage\":{\"@id\":\"https:\/\/www.mettmann.de\/web\/stadtportrait-infos\/gebaeude-denkmaeler-skulpturen\/altes-rathaus-an-der-gartenstrasse\/#primaryimage\"},\"image\":{\"@id\":\"https:\/\/www.mettmann.de\/web\/stadtportrait-infos\/gebaeude-denkmaeler-skulpturen\/altes-rathaus-an-der-gartenstrasse\/#primaryimage\"},\"thumbnailUrl\":\"https:\/\/www.mettmann.de\/web\/wp-content\/uploads\/2021\/01\/rathaus-gartenstr-mettmann-02.jpg\",\"datePublished\":\"2021-01-26T12:55:14+00:00\",\"dateModified\":\"2021-01-26T13:01:44+00:00\",\"breadcrumb\":{\"@id\":\"https:\/\/www.mettmann.de\/web\/stadtportrait-infos\/gebaeude-denkmaeler-skulpturen\/altes-rathaus-an-der-gartenstrasse\/#breadcrumb\"},\"inLanguage\":\"de\",\"potentialAction\":[{\"@type\":\"ReadAction\",\"target\":[\"https:\/\/www.mettmann.de\/web\/stadtportrait-infos\/gebaeude-denkmaeler-skulpturen\/altes-rathaus-an-der-gartenstrasse\/\"]}]},{\"@type\":\"ImageObject\",\"inLanguage\":\"de\",\"@id\":\"https:\/\/www.mettmann.de\/web\/stadtportrait-infos\/gebaeude-denkmaeler-skulpturen\/altes-rathaus-an-der-gartenstrasse\/#primaryimage\",\"url\":\"https:\/\/www.mettmann.de\/web\/wp-content\/uploads\/2021\/01\/rathaus-gartenstr-mettmann-02.jpg\",\"contentUrl\":\"https:\/\/www.mettmann.de\/web\/wp-content\/uploads\/2021\/01\/rathaus-gartenstr-mettmann-02.jpg\",\"width\":600,\"height\":400,\"caption\":\"Altes Rathaus Gartenstra\u00dfe Mettmann\"},{\"@type\":\"BreadcrumbList\",\"@id\":\"https:\/\/www.mettmann.de\/web\/stadtportrait-infos\/gebaeude-denkmaeler-skulpturen\/altes-rathaus-an-der-gartenstrasse\/#breadcrumb\",\"itemListElement\":[{\"@type\":\"ListItem\",\"position\":1,\"name\":\"Startseite\",\"item\":\"https:\/\/www.mettmann.de\/web\/\"},{\"@type\":\"ListItem\",\"position\":2,\"name\":\"Stadtportrait &#038; Infos\",\"item\":\"https:\/\/www.mettmann.de\/web\/stadtportrait-infos\/\"},{\"@type\":\"ListItem\",\"position\":3,\"name\":\"Geb\u00e4ude, Denkm\u00e4ler &#038; Skulpturen\",\"item\":\"https:\/\/www.mettmann.de\/web\/stadtportrait-infos\/gebaeude-denkmaeler-skulpturen\/\"},{\"@type\":\"ListItem\",\"position\":4,\"name\":\"Altes Rathaus an der Gartenstra\u00dfe\"}]},{\"@type\":\"WebSite\",\"@id\":\"https:\/\/www.mettmann.de\/web\/#website\",\"url\":\"https:\/\/www.mettmann.de\/web\/\",\"name\":\"Stadtverwaltung Mettmann\",\"description\":\"Internetseite der Kreisstadt Mettmann\",\"publisher\":{\"@id\":\"https:\/\/www.mettmann.de\/web\/#organization\"},\"potentialAction\":[{\"@type\":\"SearchAction\",\"target\":{\"@type\":\"EntryPoint\",\"urlTemplate\":\"https:\/\/www.mettmann.de\/web\/?s={search_term_string}\"},\"query-input\":{\"@type\":\"PropertyValueSpecification\",\"valueRequired\":true,\"valueName\":\"search_term_string\"}}],\"inLanguage\":\"de\"},{\"@type\":\"Organization\",\"@id\":\"https:\/\/www.mettmann.de\/web\/#organization\",\"name\":\"Kreisstadt Mettmann\",\"url\":\"https:\/\/www.mettmann.de\/web\/\",\"logo\":{\"@type\":\"ImageObject\",\"inLanguage\":\"de\",\"@id\":\"https:\/\/www.mettmann.de\/web\/#\/schema\/logo\/image\/\",\"url\":\"https:\/\/www.mettmann.de\/web\/wp-content\/uploads\/2019\/08\/Kreisstadt_Mettmann_Logo_RGB_150dpi.png\",\"contentUrl\":\"https:\/\/www.mettmann.de\/web\/wp-content\/uploads\/2019\/08\/Kreisstadt_Mettmann_Logo_RGB_150dpi.png\",\"width\":1302,\"height\":191,\"caption\":\"Kreisstadt Mettmann\"},\"image\":{\"@id\":\"https:\/\/www.mettmann.de\/web\/#\/schema\/logo\/image\/\"},\"sameAs\":[\"https:\/\/www.facebook.com\/kreisstadt.mettmann\",\"https:\/\/de.wikipedia.org\/wiki\/Mettmann\"]}]}<\/script>\n<!-- \/ Yoast SEO plugin. -->","yoast_head_json":{"title":"Altes Rathaus an der Gartenstra\u00dfe | Stadtverwaltung Mettmann","robots":{"index":"index","follow":"follow","max-snippet":"max-snippet:-1","max-image-preview":"max-image-preview:large","max-video-preview":"max-video-preview:-1"},"canonical":"https:\/\/www.mettmann.de\/web\/stadtportrait-infos\/gebaeude-denkmaeler-skulpturen\/altes-rathaus-an-der-gartenstrasse\/","og_locale":"de_DE","og_type":"article","og_title":"Altes Rathaus an der Gartenstra\u00dfe | Stadtverwaltung Mettmann","og_description":"1879 wurde an der Gartenstra\u00dfe ein Armenhaus errichtet. Die zw\u00f6lf gro\u00dfen R\u00e4ume des Hauses waren aber nie v\u00f6llig belegt und so entschloss man sich, einen Teil der Verwaltung ebenfalls dort unterzubringen. So teilten sich einige...","og_url":"https:\/\/www.mettmann.de\/web\/stadtportrait-infos\/gebaeude-denkmaeler-skulpturen\/altes-rathaus-an-der-gartenstrasse\/","og_site_name":"Stadtverwaltung Mettmann","article_publisher":"https:\/\/www.facebook.com\/kreisstadt.mettmann","article_modified_time":"2021-01-26T13:01:44+00:00","og_image":[{"width":600,"height":400,"url":"https:\/\/www.mettmann.de\/web\/wp-content\/uploads\/2021\/01\/rathaus-gartenstr-mettmann-02.jpg","type":"image\/jpeg"}],"twitter_card":"summary_large_image","twitter_misc":{"Gesch\u00e4tzte Lesezeit":"2\u00a0Minuten"},"schema":{"@context":"https:\/\/schema.org","@graph":[{"@type":"WebPage","@id":"https:\/\/www.mettmann.de\/web\/stadtportrait-infos\/gebaeude-denkmaeler-skulpturen\/altes-rathaus-an-der-gartenstrasse\/","url":"https:\/\/www.mettmann.de\/web\/stadtportrait-infos\/gebaeude-denkmaeler-skulpturen\/altes-rathaus-an-der-gartenstrasse\/","name":"Altes Rathaus an der Gartenstra\u00dfe | Stadtverwaltung Mettmann","isPartOf":{"@id":"https:\/\/www.mettmann.de\/web\/#website"},"primaryImageOfPage":{"@id":"https:\/\/www.mettmann.de\/web\/stadtportrait-infos\/gebaeude-denkmaeler-skulpturen\/altes-rathaus-an-der-gartenstrasse\/#primaryimage"},"image":{"@id":"https:\/\/www.mettmann.de\/web\/stadtportrait-infos\/gebaeude-denkmaeler-skulpturen\/altes-rathaus-an-der-gartenstrasse\/#primaryimage"},"thumbnailUrl":"https:\/\/www.mettmann.de\/web\/wp-content\/uploads\/2021\/01\/rathaus-gartenstr-mettmann-02.jpg","datePublished":"2021-01-26T12:55:14+00:00","dateModified":"2021-01-26T13:01:44+00:00","breadcrumb":{"@id":"https:\/\/www.mettmann.de\/web\/stadtportrait-infos\/gebaeude-denkmaeler-skulpturen\/altes-rathaus-an-der-gartenstrasse\/#breadcrumb"},"inLanguage":"de","potentialAction":[{"@type":"ReadAction","target":["https:\/\/www.mettmann.de\/web\/stadtportrait-infos\/gebaeude-denkmaeler-skulpturen\/altes-rathaus-an-der-gartenstrasse\/"]}]},{"@type":"ImageObject","inLanguage":"de","@id":"https:\/\/www.mettmann.de\/web\/stadtportrait-infos\/gebaeude-denkmaeler-skulpturen\/altes-rathaus-an-der-gartenstrasse\/#primaryimage","url":"https:\/\/www.mettmann.de\/web\/wp-content\/uploads\/2021\/01\/rathaus-gartenstr-mettmann-02.jpg","contentUrl":"https:\/\/www.mettmann.de\/web\/wp-content\/uploads\/2021\/01\/rathaus-gartenstr-mettmann-02.jpg","width":600,"height":400,"caption":"Altes Rathaus Gartenstra\u00dfe Mettmann"},{"@type":"BreadcrumbList","@id":"https:\/\/www.mettmann.de\/web\/stadtportrait-infos\/gebaeude-denkmaeler-skulpturen\/altes-rathaus-an-der-gartenstrasse\/#breadcrumb","itemListElement":[{"@type":"ListItem","position":1,"name":"Startseite","item":"https:\/\/www.mettmann.de\/web\/"},{"@type":"ListItem","position":2,"name":"Stadtportrait &#038; Infos","item":"https:\/\/www.mettmann.de\/web\/stadtportrait-infos\/"},{"@type":"ListItem","position":3,"name":"Geb\u00e4ude, Denkm\u00e4ler &#038; Skulpturen","item":"https:\/\/www.mettmann.de\/web\/stadtportrait-infos\/gebaeude-denkmaeler-skulpturen\/"},{"@type":"ListItem","position":4,"name":"Altes Rathaus an der Gartenstra\u00dfe"}]},{"@type":"WebSite","@id":"https:\/\/www.mettmann.de\/web\/#website","url":"https:\/\/www.mettmann.de\/web\/","name":"Stadtverwaltung Mettmann","description":"Internetseite der Kreisstadt Mettmann","publisher":{"@id":"https:\/\/www.mettmann.de\/web\/#organization"},"potentialAction":[{"@type":"SearchAction","target":{"@type":"EntryPoint","urlTemplate":"https:\/\/www.mettmann.de\/web\/?s={search_term_string}"},"query-input":{"@type":"PropertyValueSpecification","valueRequired":true,"valueName":"search_term_string"}}],"inLanguage":"de"},{"@type":"Organization","@id":"https:\/\/www.mettmann.de\/web\/#organization","name":"Kreisstadt Mettmann","url":"https:\/\/www.mettmann.de\/web\/","logo":{"@type":"ImageObject","inLanguage":"de","@id":"https:\/\/www.mettmann.de\/web\/#\/schema\/logo\/image\/","url":"https:\/\/www.mettmann.de\/web\/wp-content\/uploads\/2019\/08\/Kreisstadt_Mettmann_Logo_RGB_150dpi.png","contentUrl":"https:\/\/www.mettmann.de\/web\/wp-content\/uploads\/2019\/08\/Kreisstadt_Mettmann_Logo_RGB_150dpi.png","width":1302,"height":191,"caption":"Kreisstadt Mettmann"},"image":{"@id":"https:\/\/www.mettmann.de\/web\/#\/schema\/logo\/image\/"},"sameAs":["https:\/\/www.facebook.com\/kreisstadt.mettmann","https:\/\/de.wikipedia.org\/wiki\/Mettmann"]}]}},"_links":{"self":[{"href":"https:\/\/www.mettmann.de\/web\/wp-json\/wp\/v2\/pages\/10187","targetHints":{"allow":["GET"]}}],"collection":[{"href":"https:\/\/www.mettmann.de\/web\/wp-json\/wp\/v2\/pages"}],"about":[{"href":"https:\/\/www.mettmann.de\/web\/wp-json\/wp\/v2\/types\/page"}],"author":[{"embeddable":true,"href":"https:\/\/www.mettmann.de\/web\/wp-json\/wp\/v2\/users\/1"}],"replies":[{"embeddable":true,"href":"https:\/\/www.mettmann.de\/web\/wp-json\/wp\/v2\/comments?post=10187"}],"version-history":[{"count":8,"href":"https:\/\/www.mettmann.de\/web\/wp-json\/wp\/v2\/pages\/10187\/revisions"}],"predecessor-version":[{"id":10197,"href":"https:\/\/www.mettmann.de\/web\/wp-json\/wp\/v2\/pages\/10187\/revisions\/10197"}],"up":[{"embeddable":true,"href":"https:\/\/www.mettmann.de\/web\/wp-json\/wp\/v2\/pages\/10023"}],"wp:featuredmedia":[{"embeddable":true,"href":"https:\/\/www.mettmann.de\/web\/wp-json\/wp\/v2\/media\/10189"}],"wp:attachment":[{"href":"https:\/\/www.mettmann.de\/web\/wp-json\/wp\/v2\/media?parent=10187"}],"curies":[{"name":"wp","href":"https:\/\/api.w.org\/{rel}","templated":true}]}}