{"id":10296,"date":"2021-01-26T17:09:57","date_gmt":"2021-01-26T16:09:57","guid":{"rendered":"https:\/\/www.mettmann.de\/web\/?page_id=10296"},"modified":"2021-01-26T17:13:52","modified_gmt":"2021-01-26T16:13:52","slug":"neanderthal-museum","status":"publish","type":"page","link":"https:\/\/www.mettmann.de\/web\/kunst-kultur\/neanderthal-museum\/","title":{"rendered":"Neanderthal Museum"},"content":{"rendered":"<h3><img loading=\"lazy\" decoding=\"async\" class=\"alignnone size-full wp-image-10297\" src=\"https:\/\/www.mettmann.de\/web\/wp-content\/uploads\/2021\/01\/11_Museum-scaled.jpg\" alt=\"Neanderthal Museum\" width=\"2560\" height=\"1709\" srcset=\"https:\/\/www.mettmann.de\/web\/wp-content\/uploads\/2021\/01\/11_Museum-scaled.jpg 2560w, https:\/\/www.mettmann.de\/web\/wp-content\/uploads\/2021\/01\/11_Museum-300x200.jpg 300w, https:\/\/www.mettmann.de\/web\/wp-content\/uploads\/2021\/01\/11_Museum-1024x683.jpg 1024w, https:\/\/www.mettmann.de\/web\/wp-content\/uploads\/2021\/01\/11_Museum-768x513.jpg 768w, https:\/\/www.mettmann.de\/web\/wp-content\/uploads\/2021\/01\/11_Museum-1536x1025.jpg 1536w, https:\/\/www.mettmann.de\/web\/wp-content\/uploads\/2021\/01\/11_Museum-2048x1367.jpg 2048w\" sizes=\"auto, (max-width: 2560px) 100vw, 2560px\" \/>Wo Weltkultur zum Erbe wird<\/h3>\n<p class=\"eingerueckt40\">Unweit des Ortes, an dem vor mehr als 150 Jahren der Neanderthaler gefunden wurde, steht heute eines der modernsten Museen Europas.<\/p>\n<p class=\"eingerueckt40\">Es erz\u00e4hlt die Geschichte der Menschheit von den Anf\u00e4ngen in den afrikanischen Savannen vor mehr als vier Millionen Jahren bis in die Gegenwart.<\/p>\n<p class=\"eingerueckt40\">Viele multimediale Inszenierungen und H\u00f6rerlebnisse vermitteln zusammen mit unseren Exponaten und Lesetexten einen spannenden Einblick in die Arch\u00e4ologie und Pal\u00e4oanthropologie. Zur individuellen Vertiefung stehen unsere Forscherboxen und PC-Stationen zur Verf\u00fcgung.<\/p>\n<h3>Zeitreise durch 4 Millionen Jahre Menschheitsgeschichte erleben<\/h3>\n<p class=\"eingerueckt40\"><a href=\"https:\/\/www.mettmann.de\/web\/wp-content\/uploads\/2021\/01\/evolutionspfad-mettmann-neanderthal-museum.jpg\"><img loading=\"lazy\" decoding=\"async\" class=\"alignright wp-image-10299 size-medium\" src=\"https:\/\/www.mettmann.de\/web\/wp-content\/uploads\/2021\/01\/evolutionspfad-mettmann-neanderthal-museum-300x225.jpg\" alt=\"Neanderthal Museum\" width=\"300\" height=\"225\" srcset=\"https:\/\/www.mettmann.de\/web\/wp-content\/uploads\/2021\/01\/evolutionspfad-mettmann-neanderthal-museum-300x225.jpg 300w, https:\/\/www.mettmann.de\/web\/wp-content\/uploads\/2021\/01\/evolutionspfad-mettmann-neanderthal-museum-1024x768.jpg 1024w, https:\/\/www.mettmann.de\/web\/wp-content\/uploads\/2021\/01\/evolutionspfad-mettmann-neanderthal-museum-768x576.jpg 768w, https:\/\/www.mettmann.de\/web\/wp-content\/uploads\/2021\/01\/evolutionspfad-mettmann-neanderthal-museum-1536x1152.jpg 1536w, https:\/\/www.mettmann.de\/web\/wp-content\/uploads\/2021\/01\/evolutionspfad-mettmann-neanderthal-museum-2048x1536.jpg 2048w\" sizes=\"auto, (max-width: 300px) 100vw, 300px\" \/><\/a>&#8222;Woher kommen wir?&#8220; \u2013\u00a0&#8222;Wer sind wir?&#8220; \u2013\u00a0&#8222;Wohin gehen wir?&#8220; Diese zentralen Fragen leiten durch das Neanderthal Museum.<\/p>\n<p class=\"eingerueckt40\">Die Ausstellung zeigt die Spuren der Menschheit \u2013\u00a0von ihrer langen Reise aus den Savannen zu den Gro\u00dfst\u00e4dten heutzutage. Der Schwerpunkt liegt dabei auf den Neanderthalern. Die lebensgro\u00dfen Figuren im Museum wurden auf Grundlage der gefundenen Humanfossilien mit wissenschaftlichen Methoden rekonstruiert.<\/p>\n<p><strong>Kommen, sehen, staunen, wiederkommen!<\/strong><\/p>\n<h3>Anschrift<\/h3>\n<p>Talstra\u00dfe 300, 40822 Mettmann<br \/>\nTelefon: 02104 \/ 979797<\/p>\n<p>Homepage: <a href=\"http:\/\/www.neanderthal.de\" target=\"_blank\" rel=\"noopener\">www.neanderthal.de<\/a><\/p>\n<h3>\u00d6ffnungszeiten<\/h3>\n<p>dienstags bis sonntags: 10.00 Uhr bis 18.00 Uhr<br \/>\nmontags: geschlossen (au\u00dfer Oster- und Pfingstmontag)<\/p>\n<h3>Eintrittspreise und F\u00fchrungen<\/h3>\n<p>Das Neanderthal Museum bietet unterschiedliche F\u00fchrungen f\u00fcr Erwachsene und spezielle F\u00fchrungen f\u00fcr Kindergruppen an.<\/p>\n<p>Bitte erkundigen Sie sich auf der <a href=\"http:\/\/www.neanderthal.de\" target=\"_blank\" rel=\"noopener\">Internetseite des Museums<\/a> \u00fcber die aktuellen Eintrittspreise.<\/p>\n","protected":false},"excerpt":{"rendered":"<p>Wo Weltkultur zum Erbe wird Unweit des Ortes, an dem vor mehr als 150 Jahren der Neanderthaler gefunden wurde, steht heute eines der modernsten Museen Europas. Es erz\u00e4hlt die Geschichte der Menschheit von den Anf\u00e4ngen&#8230;<\/p>\n","protected":false},"author":1,"featured_media":10297,"parent":6939,"menu_order":1,"comment_status":"closed","ping_status":"closed","template":"","meta":{"ngg_post_thumbnail":0,"footnotes":""},"class_list":["post-10296","page","type-page","status-publish","has-post-thumbnail","hentry"],"yoast_head":"<!-- This site is optimized with the Yoast SEO plugin v27.2 - https:\/\/yoast.com\/product\/yoast-seo-wordpress\/ -->\n<title>Neanderthal Museum | Stadtverwaltung Mettmann<\/title>\n<meta name=\"robots\" content=\"index, follow, max-snippet:-1, max-image-preview:large, max-video-preview:-1\" \/>\n<link rel=\"canonical\" href=\"https:\/\/www.mettmann.de\/web\/kunst-kultur\/neanderthal-museum\/\" \/>\n<meta property=\"og:locale\" content=\"de_DE\" \/>\n<meta property=\"og:type\" content=\"article\" \/>\n<meta property=\"og:title\" content=\"Neanderthal Museum | Stadtverwaltung Mettmann\" \/>\n<meta property=\"og:description\" content=\"Wo Weltkultur zum Erbe wird Unweit des Ortes, an dem vor mehr als 150 Jahren der Neanderthaler gefunden wurde, steht heute eines der modernsten Museen Europas. Es erz\u00e4hlt die Geschichte der Menschheit von den Anf\u00e4ngen...\" \/>\n<meta property=\"og:url\" content=\"https:\/\/www.mettmann.de\/web\/kunst-kultur\/neanderthal-museum\/\" \/>\n<meta property=\"og:site_name\" content=\"Stadtverwaltung Mettmann\" \/>\n<meta property=\"article:publisher\" content=\"https:\/\/www.facebook.com\/kreisstadt.mettmann\" \/>\n<meta property=\"article:modified_time\" content=\"2021-01-26T16:13:52+00:00\" \/>\n<meta property=\"og:image\" content=\"https:\/\/www.mettmann.de\/web\/wp-content\/uploads\/2021\/01\/11_Museum-scaled.jpg\" \/>\n\t<meta property=\"og:image:width\" content=\"2560\" \/>\n\t<meta property=\"og:image:height\" content=\"1709\" \/>\n\t<meta property=\"og:image:type\" content=\"image\/jpeg\" \/>\n<meta name=\"twitter:card\" content=\"summary_large_image\" \/>\n<meta name=\"twitter:label1\" content=\"Gesch\u00e4tzte Lesezeit\" \/>\n\t<meta name=\"twitter:data1\" content=\"1\u00a0Minute\" \/>\n<script type=\"application\/ld+json\" class=\"yoast-schema-graph\">{\"@context\":\"https:\/\/schema.org\",\"@graph\":[{\"@type\":\"WebPage\",\"@id\":\"https:\/\/www.mettmann.de\/web\/kunst-kultur\/neanderthal-museum\/\",\"url\":\"https:\/\/www.mettmann.de\/web\/kunst-kultur\/neanderthal-museum\/\",\"name\":\"Neanderthal Museum | Stadtverwaltung Mettmann\",\"isPartOf\":{\"@id\":\"https:\/\/www.mettmann.de\/web\/#website\"},\"primaryImageOfPage\":{\"@id\":\"https:\/\/www.mettmann.de\/web\/kunst-kultur\/neanderthal-museum\/#primaryimage\"},\"image\":{\"@id\":\"https:\/\/www.mettmann.de\/web\/kunst-kultur\/neanderthal-museum\/#primaryimage\"},\"thumbnailUrl\":\"https:\/\/www.mettmann.de\/web\/wp-content\/uploads\/2021\/01\/11_Museum-scaled.jpg\",\"datePublished\":\"2021-01-26T16:09:57+00:00\",\"dateModified\":\"2021-01-26T16:13:52+00:00\",\"breadcrumb\":{\"@id\":\"https:\/\/www.mettmann.de\/web\/kunst-kultur\/neanderthal-museum\/#breadcrumb\"},\"inLanguage\":\"de\",\"potentialAction\":[{\"@type\":\"ReadAction\",\"target\":[\"https:\/\/www.mettmann.de\/web\/kunst-kultur\/neanderthal-museum\/\"]}]},{\"@type\":\"ImageObject\",\"inLanguage\":\"de\",\"@id\":\"https:\/\/www.mettmann.de\/web\/kunst-kultur\/neanderthal-museum\/#primaryimage\",\"url\":\"https:\/\/www.mettmann.de\/web\/wp-content\/uploads\/2021\/01\/11_Museum-scaled.jpg\",\"contentUrl\":\"https:\/\/www.mettmann.de\/web\/wp-content\/uploads\/2021\/01\/11_Museum-scaled.jpg\",\"width\":2560,\"height\":1709,\"caption\":\"Foto: Kreisstadt Mettmann\"},{\"@type\":\"BreadcrumbList\",\"@id\":\"https:\/\/www.mettmann.de\/web\/kunst-kultur\/neanderthal-museum\/#breadcrumb\",\"itemListElement\":[{\"@type\":\"ListItem\",\"position\":1,\"name\":\"Startseite\",\"item\":\"https:\/\/www.mettmann.de\/web\/\"},{\"@type\":\"ListItem\",\"position\":2,\"name\":\"Kunst &#038; Kultur\",\"item\":\"https:\/\/www.mettmann.de\/web\/kunst-kultur\/\"},{\"@type\":\"ListItem\",\"position\":3,\"name\":\"Neanderthal Museum\"}]},{\"@type\":\"WebSite\",\"@id\":\"https:\/\/www.mettmann.de\/web\/#website\",\"url\":\"https:\/\/www.mettmann.de\/web\/\",\"name\":\"Stadtverwaltung Mettmann\",\"description\":\"Internetseite der Kreisstadt Mettmann\",\"publisher\":{\"@id\":\"https:\/\/www.mettmann.de\/web\/#organization\"},\"potentialAction\":[{\"@type\":\"SearchAction\",\"target\":{\"@type\":\"EntryPoint\",\"urlTemplate\":\"https:\/\/www.mettmann.de\/web\/?s={search_term_string}\"},\"query-input\":{\"@type\":\"PropertyValueSpecification\",\"valueRequired\":true,\"valueName\":\"search_term_string\"}}],\"inLanguage\":\"de\"},{\"@type\":\"Organization\",\"@id\":\"https:\/\/www.mettmann.de\/web\/#organization\",\"name\":\"Kreisstadt Mettmann\",\"url\":\"https:\/\/www.mettmann.de\/web\/\",\"logo\":{\"@type\":\"ImageObject\",\"inLanguage\":\"de\",\"@id\":\"https:\/\/www.mettmann.de\/web\/#\/schema\/logo\/image\/\",\"url\":\"https:\/\/www.mettmann.de\/web\/wp-content\/uploads\/2019\/08\/Kreisstadt_Mettmann_Logo_RGB_150dpi.png\",\"contentUrl\":\"https:\/\/www.mettmann.de\/web\/wp-content\/uploads\/2019\/08\/Kreisstadt_Mettmann_Logo_RGB_150dpi.png\",\"width\":1302,\"height\":191,\"caption\":\"Kreisstadt Mettmann\"},\"image\":{\"@id\":\"https:\/\/www.mettmann.de\/web\/#\/schema\/logo\/image\/\"},\"sameAs\":[\"https:\/\/www.facebook.com\/kreisstadt.mettmann\",\"https:\/\/de.wikipedia.org\/wiki\/Mettmann\"]}]}<\/script>\n<!-- \/ Yoast SEO plugin. -->","yoast_head_json":{"title":"Neanderthal Museum | Stadtverwaltung Mettmann","robots":{"index":"index","follow":"follow","max-snippet":"max-snippet:-1","max-image-preview":"max-image-preview:large","max-video-preview":"max-video-preview:-1"},"canonical":"https:\/\/www.mettmann.de\/web\/kunst-kultur\/neanderthal-museum\/","og_locale":"de_DE","og_type":"article","og_title":"Neanderthal Museum | Stadtverwaltung Mettmann","og_description":"Wo Weltkultur zum Erbe wird Unweit des Ortes, an dem vor mehr als 150 Jahren der Neanderthaler gefunden wurde, steht heute eines der modernsten Museen Europas. Es erz\u00e4hlt die Geschichte der Menschheit von den Anf\u00e4ngen...","og_url":"https:\/\/www.mettmann.de\/web\/kunst-kultur\/neanderthal-museum\/","og_site_name":"Stadtverwaltung Mettmann","article_publisher":"https:\/\/www.facebook.com\/kreisstadt.mettmann","article_modified_time":"2021-01-26T16:13:52+00:00","og_image":[{"width":2560,"height":1709,"url":"https:\/\/www.mettmann.de\/web\/wp-content\/uploads\/2021\/01\/11_Museum-scaled.jpg","type":"image\/jpeg"}],"twitter_card":"summary_large_image","twitter_misc":{"Gesch\u00e4tzte Lesezeit":"1\u00a0Minute"},"schema":{"@context":"https:\/\/schema.org","@graph":[{"@type":"WebPage","@id":"https:\/\/www.mettmann.de\/web\/kunst-kultur\/neanderthal-museum\/","url":"https:\/\/www.mettmann.de\/web\/kunst-kultur\/neanderthal-museum\/","name":"Neanderthal Museum | Stadtverwaltung Mettmann","isPartOf":{"@id":"https:\/\/www.mettmann.de\/web\/#website"},"primaryImageOfPage":{"@id":"https:\/\/www.mettmann.de\/web\/kunst-kultur\/neanderthal-museum\/#primaryimage"},"image":{"@id":"https:\/\/www.mettmann.de\/web\/kunst-kultur\/neanderthal-museum\/#primaryimage"},"thumbnailUrl":"https:\/\/www.mettmann.de\/web\/wp-content\/uploads\/2021\/01\/11_Museum-scaled.jpg","datePublished":"2021-01-26T16:09:57+00:00","dateModified":"2021-01-26T16:13:52+00:00","breadcrumb":{"@id":"https:\/\/www.mettmann.de\/web\/kunst-kultur\/neanderthal-museum\/#breadcrumb"},"inLanguage":"de","potentialAction":[{"@type":"ReadAction","target":["https:\/\/www.mettmann.de\/web\/kunst-kultur\/neanderthal-museum\/"]}]},{"@type":"ImageObject","inLanguage":"de","@id":"https:\/\/www.mettmann.de\/web\/kunst-kultur\/neanderthal-museum\/#primaryimage","url":"https:\/\/www.mettmann.de\/web\/wp-content\/uploads\/2021\/01\/11_Museum-scaled.jpg","contentUrl":"https:\/\/www.mettmann.de\/web\/wp-content\/uploads\/2021\/01\/11_Museum-scaled.jpg","width":2560,"height":1709,"caption":"Foto: Kreisstadt Mettmann"},{"@type":"BreadcrumbList","@id":"https:\/\/www.mettmann.de\/web\/kunst-kultur\/neanderthal-museum\/#breadcrumb","itemListElement":[{"@type":"ListItem","position":1,"name":"Startseite","item":"https:\/\/www.mettmann.de\/web\/"},{"@type":"ListItem","position":2,"name":"Kunst &#038; Kultur","item":"https:\/\/www.mettmann.de\/web\/kunst-kultur\/"},{"@type":"ListItem","position":3,"name":"Neanderthal Museum"}]},{"@type":"WebSite","@id":"https:\/\/www.mettmann.de\/web\/#website","url":"https:\/\/www.mettmann.de\/web\/","name":"Stadtverwaltung Mettmann","description":"Internetseite der Kreisstadt Mettmann","publisher":{"@id":"https:\/\/www.mettmann.de\/web\/#organization"},"potentialAction":[{"@type":"SearchAction","target":{"@type":"EntryPoint","urlTemplate":"https:\/\/www.mettmann.de\/web\/?s={search_term_string}"},"query-input":{"@type":"PropertyValueSpecification","valueRequired":true,"valueName":"search_term_string"}}],"inLanguage":"de"},{"@type":"Organization","@id":"https:\/\/www.mettmann.de\/web\/#organization","name":"Kreisstadt Mettmann","url":"https:\/\/www.mettmann.de\/web\/","logo":{"@type":"ImageObject","inLanguage":"de","@id":"https:\/\/www.mettmann.de\/web\/#\/schema\/logo\/image\/","url":"https:\/\/www.mettmann.de\/web\/wp-content\/uploads\/2019\/08\/Kreisstadt_Mettmann_Logo_RGB_150dpi.png","contentUrl":"https:\/\/www.mettmann.de\/web\/wp-content\/uploads\/2019\/08\/Kreisstadt_Mettmann_Logo_RGB_150dpi.png","width":1302,"height":191,"caption":"Kreisstadt Mettmann"},"image":{"@id":"https:\/\/www.mettmann.de\/web\/#\/schema\/logo\/image\/"},"sameAs":["https:\/\/www.facebook.com\/kreisstadt.mettmann","https:\/\/de.wikipedia.org\/wiki\/Mettmann"]}]}},"_links":{"self":[{"href":"https:\/\/www.mettmann.de\/web\/wp-json\/wp\/v2\/pages\/10296","targetHints":{"allow":["GET"]}}],"collection":[{"href":"https:\/\/www.mettmann.de\/web\/wp-json\/wp\/v2\/pages"}],"about":[{"href":"https:\/\/www.mettmann.de\/web\/wp-json\/wp\/v2\/types\/page"}],"author":[{"embeddable":true,"href":"https:\/\/www.mettmann.de\/web\/wp-json\/wp\/v2\/users\/1"}],"replies":[{"embeddable":true,"href":"https:\/\/www.mettmann.de\/web\/wp-json\/wp\/v2\/comments?post=10296"}],"version-history":[{"count":4,"href":"https:\/\/www.mettmann.de\/web\/wp-json\/wp\/v2\/pages\/10296\/revisions"}],"predecessor-version":[{"id":10302,"href":"https:\/\/www.mettmann.de\/web\/wp-json\/wp\/v2\/pages\/10296\/revisions\/10302"}],"up":[{"embeddable":true,"href":"https:\/\/www.mettmann.de\/web\/wp-json\/wp\/v2\/pages\/6939"}],"wp:featuredmedia":[{"embeddable":true,"href":"https:\/\/www.mettmann.de\/web\/wp-json\/wp\/v2\/media\/10297"}],"wp:attachment":[{"href":"https:\/\/www.mettmann.de\/web\/wp-json\/wp\/v2\/media?parent=10296"}],"curies":[{"name":"wp","href":"https:\/\/api.w.org\/{rel}","templated":true}]}}