{"id":1390,"date":"2019-10-03T16:41:58","date_gmt":"2019-10-03T14:41:58","guid":{"rendered":"https:\/\/www.mettmann.de\/web\/?page_id=1390"},"modified":"2026-05-07T11:34:59","modified_gmt":"2026-05-07T09:34:59","slug":"stadtbibliothek","status":"publish","type":"page","link":"https:\/\/www.mettmann.de\/web\/bildung-soziales\/stadtbibliothek\/","title":{"rendered":"Stadtbibliothek Mettmann"},"content":{"rendered":"<div id=\"attachment_1803\" style=\"width: 1034px\" class=\"wp-caption alignnone\"><img loading=\"lazy\" decoding=\"async\" aria-describedby=\"caption-attachment-1803\" class=\"size-large wp-image-1803\" src=\"https:\/\/www.mettmann.de\/web\/wp-content\/uploads\/2019\/10\/bibliothek-1-1024x576.jpg\" alt=\"Bibliothek\" width=\"1024\" height=\"576\" srcset=\"https:\/\/www.mettmann.de\/web\/wp-content\/uploads\/2019\/10\/bibliothek-1-1024x576.jpg 1024w, https:\/\/www.mettmann.de\/web\/wp-content\/uploads\/2019\/10\/bibliothek-1-300x169.jpg 300w, https:\/\/www.mettmann.de\/web\/wp-content\/uploads\/2019\/10\/bibliothek-1-768x432.jpg 768w, https:\/\/www.mettmann.de\/web\/wp-content\/uploads\/2019\/10\/bibliothek-1-777x437.jpg 777w, https:\/\/www.mettmann.de\/web\/wp-content\/uploads\/2019\/10\/bibliothek-1-260x146.jpg 260w, https:\/\/www.mettmann.de\/web\/wp-content\/uploads\/2019\/10\/bibliothek-1-120x67.jpg 120w, https:\/\/www.mettmann.de\/web\/wp-content\/uploads\/2019\/10\/bibliothek-1.jpg 1280w\" sizes=\"auto, (max-width: 1024px) 100vw, 1024px\" \/><p id=\"caption-attachment-1803\" class=\"wp-caption-text\">Symbolfoto: Pexels \/ pixabay<\/p><\/div>\n<p><strong>Nach dem Feiertag am Donnerstag (Christi Himmelfahrt \/ 14. Mai) bleibt die Stadtbibliothek am Freitag und Samstag, 15. und 16. Mai, geschlossen. In diesem Zeitraum ist der R\u00fcckgabekasten am Eingang der Stadtbibliothek ebenfalls nicht ge\u00f6ffnet. Ab Montag, 18. Mai, gelten wieder die regul\u00e4ren \u00d6ffnungszeiten.<\/strong><\/p>\n<p>Die Stadtbibliothek Mettmann, im Herzen der Stadt gelegen, ist viel mehr als nur ein Ort zum Ausleihen von B\u00fcchern: Sie ist ein lebendiges Zentrum des Lernens und der Gemeinschaft und erm\u00f6glicht den Zugang zu digitalen Technologien. Lesen und st\u00f6bern, lernen und arbeiten, spielen und ausprobieren &#8211; die Stadtbibliothek Mettmann h\u00e4lt mit ca. 25.000 Medien vor Ort ein breites Angebot f\u00fcr jedes Alter bereit:<\/p>\n<ul>\n<li>Kinder- und Jugendb\u00fccher<\/li>\n<li>Belletristik und Sachliteratur<\/li>\n<li>Comics<\/li>\n<li>Tageszeitung (<em>Rheinische Post<\/em>)<\/li>\n<li>Zeitschriften<\/li>\n<li>H\u00f6rb\u00fccher<\/li>\n<li>Tonies<\/li>\n<li>DVDs<\/li>\n<li><a href=\"https:\/\/www.mettmann.de\/web\/?page_id=49202\">Bibliothek der Dinge<\/a>: <em>Leihen statt Kaufen!<\/em><\/li>\n<li>Gesellschaftsspiele<\/li>\n<li>Konsolenspiele<\/li>\n<li>3D-Drucker<\/li>\n<\/ul>\n<p>Dar\u00fcber hinaus stehen 8 Computer-Arbeitspl\u00e4tze mit Internetnutzung zur Verf\u00fcgung; Dokumente k\u00f6nnen gegen eine geringe Geb\u00fchr ausgedruckt werden. Das kostenlose WLAN erm\u00f6glicht, auch mit eigenen Ger\u00e4ten bis zu 2 Stunden online zu gehen.<\/p>\n<p>In der Stadtbibliothek Mettmann finden zudem regelm\u00e4\u00dfig Veranstaltungen wie Lesungen, Workshops zu unterschiedlichen Themen (z.B. Robotics, 3D-Druck oder Kreatives), Vortr\u00e4ge und kulturelle Veranstaltungen f\u00fcr alle Altersgruppen statt.<\/p>\n<h3>Weitere Informationen<\/h3>\n<ul>\n<li><a href=\"https:\/\/vimeo.com\/215520177\" target=\"_blank\" rel=\"noopener noreferrer\">Imagefilm der Stadtbibliothek Mettmann<\/a><\/li>\n<\/ul>\n","protected":false},"excerpt":{"rendered":"<p>Nach dem Feiertag am Donnerstag (Christi Himmelfahrt \/ 14. Mai) bleibt die Stadtbibliothek am Freitag und Samstag, 15. und 16. Mai, geschlossen. In diesem Zeitraum ist der R\u00fcckgabekasten am Eingang der Stadtbibliothek ebenfalls nicht ge\u00f6ffnet&#8230;.<\/p>\n","protected":false},"author":1,"featured_media":1803,"parent":1574,"menu_order":2,"comment_status":"closed","ping_status":"closed","template":"","meta":{"ngg_post_thumbnail":0,"footnotes":""},"class_list":["post-1390","page","type-page","status-publish","has-post-thumbnail","hentry"],"yoast_head":"<!-- This site is optimized with the Yoast SEO plugin v27.2 - https:\/\/yoast.com\/product\/yoast-seo-wordpress\/ -->\n<title>Stadtbibliothek Mettmann | Stadtverwaltung Mettmann<\/title>\n<meta name=\"robots\" content=\"index, follow, max-snippet:-1, max-image-preview:large, max-video-preview:-1\" \/>\n<link rel=\"canonical\" href=\"https:\/\/www.mettmann.de\/web\/bildung-soziales\/stadtbibliothek\/\" \/>\n<meta property=\"og:locale\" content=\"de_DE\" \/>\n<meta property=\"og:type\" content=\"article\" \/>\n<meta property=\"og:title\" content=\"Stadtbibliothek Mettmann | Stadtverwaltung Mettmann\" \/>\n<meta property=\"og:description\" content=\"Nach dem Feiertag am Donnerstag (Christi Himmelfahrt \/ 14. Mai) bleibt die Stadtbibliothek am Freitag und Samstag, 15. und 16. Mai, geschlossen. In diesem Zeitraum ist der R\u00fcckgabekasten am Eingang der Stadtbibliothek ebenfalls nicht ge\u00f6ffnet....\" \/>\n<meta property=\"og:url\" content=\"https:\/\/www.mettmann.de\/web\/bildung-soziales\/stadtbibliothek\/\" \/>\n<meta property=\"og:site_name\" content=\"Stadtverwaltung Mettmann\" \/>\n<meta property=\"article:publisher\" content=\"https:\/\/www.facebook.com\/kreisstadt.mettmann\" \/>\n<meta property=\"article:modified_time\" content=\"2026-05-07T09:34:59+00:00\" \/>\n<meta property=\"og:image\" content=\"https:\/\/www.mettmann.de\/web\/wp-content\/uploads\/2019\/10\/bibliothek-1.jpg\" \/>\n\t<meta property=\"og:image:width\" content=\"1280\" \/>\n\t<meta property=\"og:image:height\" content=\"720\" \/>\n\t<meta property=\"og:image:type\" content=\"image\/jpeg\" \/>\n<meta name=\"twitter:card\" content=\"summary_large_image\" \/>\n<meta name=\"twitter:label1\" content=\"Gesch\u00e4tzte Lesezeit\" \/>\n\t<meta name=\"twitter:data1\" content=\"2\u00a0Minuten\" \/>\n<script type=\"application\/ld+json\" class=\"yoast-schema-graph\">{\"@context\":\"https:\/\/schema.org\",\"@graph\":[{\"@type\":\"WebPage\",\"@id\":\"https:\/\/www.mettmann.de\/web\/bildung-soziales\/stadtbibliothek\/\",\"url\":\"https:\/\/www.mettmann.de\/web\/bildung-soziales\/stadtbibliothek\/\",\"name\":\"Stadtbibliothek Mettmann | Stadtverwaltung Mettmann\",\"isPartOf\":{\"@id\":\"https:\/\/www.mettmann.de\/web\/#website\"},\"primaryImageOfPage\":{\"@id\":\"https:\/\/www.mettmann.de\/web\/bildung-soziales\/stadtbibliothek\/#primaryimage\"},\"image\":{\"@id\":\"https:\/\/www.mettmann.de\/web\/bildung-soziales\/stadtbibliothek\/#primaryimage\"},\"thumbnailUrl\":\"https:\/\/www.mettmann.de\/web\/wp-content\/uploads\/2019\/10\/bibliothek-1.jpg\",\"datePublished\":\"2019-10-03T14:41:58+00:00\",\"dateModified\":\"2026-05-07T09:34:59+00:00\",\"breadcrumb\":{\"@id\":\"https:\/\/www.mettmann.de\/web\/bildung-soziales\/stadtbibliothek\/#breadcrumb\"},\"inLanguage\":\"de\",\"potentialAction\":[{\"@type\":\"ReadAction\",\"target\":[\"https:\/\/www.mettmann.de\/web\/bildung-soziales\/stadtbibliothek\/\"]}]},{\"@type\":\"ImageObject\",\"inLanguage\":\"de\",\"@id\":\"https:\/\/www.mettmann.de\/web\/bildung-soziales\/stadtbibliothek\/#primaryimage\",\"url\":\"https:\/\/www.mettmann.de\/web\/wp-content\/uploads\/2019\/10\/bibliothek-1.jpg\",\"contentUrl\":\"https:\/\/www.mettmann.de\/web\/wp-content\/uploads\/2019\/10\/bibliothek-1.jpg\",\"width\":1280,\"height\":720,\"caption\":\"Symbolfoto: Pexels \/ pixabay\"},{\"@type\":\"BreadcrumbList\",\"@id\":\"https:\/\/www.mettmann.de\/web\/bildung-soziales\/stadtbibliothek\/#breadcrumb\",\"itemListElement\":[{\"@type\":\"ListItem\",\"position\":1,\"name\":\"Startseite\",\"item\":\"https:\/\/www.mettmann.de\/web\/\"},{\"@type\":\"ListItem\",\"position\":2,\"name\":\"Bildung &#038; Soziales\",\"item\":\"https:\/\/www.mettmann.de\/web\/bildung-soziales\/\"},{\"@type\":\"ListItem\",\"position\":3,\"name\":\"Stadtbibliothek Mettmann\"}]},{\"@type\":\"WebSite\",\"@id\":\"https:\/\/www.mettmann.de\/web\/#website\",\"url\":\"https:\/\/www.mettmann.de\/web\/\",\"name\":\"Stadtverwaltung Mettmann\",\"description\":\"Internetseite der Kreisstadt Mettmann\",\"publisher\":{\"@id\":\"https:\/\/www.mettmann.de\/web\/#organization\"},\"potentialAction\":[{\"@type\":\"SearchAction\",\"target\":{\"@type\":\"EntryPoint\",\"urlTemplate\":\"https:\/\/www.mettmann.de\/web\/?s={search_term_string}\"},\"query-input\":{\"@type\":\"PropertyValueSpecification\",\"valueRequired\":true,\"valueName\":\"search_term_string\"}}],\"inLanguage\":\"de\"},{\"@type\":\"Organization\",\"@id\":\"https:\/\/www.mettmann.de\/web\/#organization\",\"name\":\"Kreisstadt Mettmann\",\"url\":\"https:\/\/www.mettmann.de\/web\/\",\"logo\":{\"@type\":\"ImageObject\",\"inLanguage\":\"de\",\"@id\":\"https:\/\/www.mettmann.de\/web\/#\/schema\/logo\/image\/\",\"url\":\"https:\/\/www.mettmann.de\/web\/wp-content\/uploads\/2019\/08\/Kreisstadt_Mettmann_Logo_RGB_150dpi.png\",\"contentUrl\":\"https:\/\/www.mettmann.de\/web\/wp-content\/uploads\/2019\/08\/Kreisstadt_Mettmann_Logo_RGB_150dpi.png\",\"width\":1302,\"height\":191,\"caption\":\"Kreisstadt Mettmann\"},\"image\":{\"@id\":\"https:\/\/www.mettmann.de\/web\/#\/schema\/logo\/image\/\"},\"sameAs\":[\"https:\/\/www.facebook.com\/kreisstadt.mettmann\",\"https:\/\/de.wikipedia.org\/wiki\/Mettmann\"]}]}<\/script>\n<!-- \/ Yoast SEO plugin. -->","yoast_head_json":{"title":"Stadtbibliothek Mettmann | Stadtverwaltung Mettmann","robots":{"index":"index","follow":"follow","max-snippet":"max-snippet:-1","max-image-preview":"max-image-preview:large","max-video-preview":"max-video-preview:-1"},"canonical":"https:\/\/www.mettmann.de\/web\/bildung-soziales\/stadtbibliothek\/","og_locale":"de_DE","og_type":"article","og_title":"Stadtbibliothek Mettmann | Stadtverwaltung Mettmann","og_description":"Nach dem Feiertag am Donnerstag (Christi Himmelfahrt \/ 14. Mai) bleibt die Stadtbibliothek am Freitag und Samstag, 15. und 16. Mai, geschlossen. In diesem Zeitraum ist der R\u00fcckgabekasten am Eingang der Stadtbibliothek ebenfalls nicht ge\u00f6ffnet....","og_url":"https:\/\/www.mettmann.de\/web\/bildung-soziales\/stadtbibliothek\/","og_site_name":"Stadtverwaltung Mettmann","article_publisher":"https:\/\/www.facebook.com\/kreisstadt.mettmann","article_modified_time":"2026-05-07T09:34:59+00:00","og_image":[{"width":1280,"height":720,"url":"https:\/\/www.mettmann.de\/web\/wp-content\/uploads\/2019\/10\/bibliothek-1.jpg","type":"image\/jpeg"}],"twitter_card":"summary_large_image","twitter_misc":{"Gesch\u00e4tzte Lesezeit":"2\u00a0Minuten"},"schema":{"@context":"https:\/\/schema.org","@graph":[{"@type":"WebPage","@id":"https:\/\/www.mettmann.de\/web\/bildung-soziales\/stadtbibliothek\/","url":"https:\/\/www.mettmann.de\/web\/bildung-soziales\/stadtbibliothek\/","name":"Stadtbibliothek Mettmann | Stadtverwaltung Mettmann","isPartOf":{"@id":"https:\/\/www.mettmann.de\/web\/#website"},"primaryImageOfPage":{"@id":"https:\/\/www.mettmann.de\/web\/bildung-soziales\/stadtbibliothek\/#primaryimage"},"image":{"@id":"https:\/\/www.mettmann.de\/web\/bildung-soziales\/stadtbibliothek\/#primaryimage"},"thumbnailUrl":"https:\/\/www.mettmann.de\/web\/wp-content\/uploads\/2019\/10\/bibliothek-1.jpg","datePublished":"2019-10-03T14:41:58+00:00","dateModified":"2026-05-07T09:34:59+00:00","breadcrumb":{"@id":"https:\/\/www.mettmann.de\/web\/bildung-soziales\/stadtbibliothek\/#breadcrumb"},"inLanguage":"de","potentialAction":[{"@type":"ReadAction","target":["https:\/\/www.mettmann.de\/web\/bildung-soziales\/stadtbibliothek\/"]}]},{"@type":"ImageObject","inLanguage":"de","@id":"https:\/\/www.mettmann.de\/web\/bildung-soziales\/stadtbibliothek\/#primaryimage","url":"https:\/\/www.mettmann.de\/web\/wp-content\/uploads\/2019\/10\/bibliothek-1.jpg","contentUrl":"https:\/\/www.mettmann.de\/web\/wp-content\/uploads\/2019\/10\/bibliothek-1.jpg","width":1280,"height":720,"caption":"Symbolfoto: Pexels \/ pixabay"},{"@type":"BreadcrumbList","@id":"https:\/\/www.mettmann.de\/web\/bildung-soziales\/stadtbibliothek\/#breadcrumb","itemListElement":[{"@type":"ListItem","position":1,"name":"Startseite","item":"https:\/\/www.mettmann.de\/web\/"},{"@type":"ListItem","position":2,"name":"Bildung &#038; Soziales","item":"https:\/\/www.mettmann.de\/web\/bildung-soziales\/"},{"@type":"ListItem","position":3,"name":"Stadtbibliothek Mettmann"}]},{"@type":"WebSite","@id":"https:\/\/www.mettmann.de\/web\/#website","url":"https:\/\/www.mettmann.de\/web\/","name":"Stadtverwaltung Mettmann","description":"Internetseite der Kreisstadt Mettmann","publisher":{"@id":"https:\/\/www.mettmann.de\/web\/#organization"},"potentialAction":[{"@type":"SearchAction","target":{"@type":"EntryPoint","urlTemplate":"https:\/\/www.mettmann.de\/web\/?s={search_term_string}"},"query-input":{"@type":"PropertyValueSpecification","valueRequired":true,"valueName":"search_term_string"}}],"inLanguage":"de"},{"@type":"Organization","@id":"https:\/\/www.mettmann.de\/web\/#organization","name":"Kreisstadt Mettmann","url":"https:\/\/www.mettmann.de\/web\/","logo":{"@type":"ImageObject","inLanguage":"de","@id":"https:\/\/www.mettmann.de\/web\/#\/schema\/logo\/image\/","url":"https:\/\/www.mettmann.de\/web\/wp-content\/uploads\/2019\/08\/Kreisstadt_Mettmann_Logo_RGB_150dpi.png","contentUrl":"https:\/\/www.mettmann.de\/web\/wp-content\/uploads\/2019\/08\/Kreisstadt_Mettmann_Logo_RGB_150dpi.png","width":1302,"height":191,"caption":"Kreisstadt Mettmann"},"image":{"@id":"https:\/\/www.mettmann.de\/web\/#\/schema\/logo\/image\/"},"sameAs":["https:\/\/www.facebook.com\/kreisstadt.mettmann","https:\/\/de.wikipedia.org\/wiki\/Mettmann"]}]}},"_links":{"self":[{"href":"https:\/\/www.mettmann.de\/web\/wp-json\/wp\/v2\/pages\/1390","targetHints":{"allow":["GET"]}}],"collection":[{"href":"https:\/\/www.mettmann.de\/web\/wp-json\/wp\/v2\/pages"}],"about":[{"href":"https:\/\/www.mettmann.de\/web\/wp-json\/wp\/v2\/types\/page"}],"author":[{"embeddable":true,"href":"https:\/\/www.mettmann.de\/web\/wp-json\/wp\/v2\/users\/1"}],"replies":[{"embeddable":true,"href":"https:\/\/www.mettmann.de\/web\/wp-json\/wp\/v2\/comments?post=1390"}],"version-history":[{"count":196,"href":"https:\/\/www.mettmann.de\/web\/wp-json\/wp\/v2\/pages\/1390\/revisions"}],"predecessor-version":[{"id":60609,"href":"https:\/\/www.mettmann.de\/web\/wp-json\/wp\/v2\/pages\/1390\/revisions\/60609"}],"up":[{"embeddable":true,"href":"https:\/\/www.mettmann.de\/web\/wp-json\/wp\/v2\/pages\/1574"}],"wp:featuredmedia":[{"embeddable":true,"href":"https:\/\/www.mettmann.de\/web\/wp-json\/wp\/v2\/media\/1803"}],"wp:attachment":[{"href":"https:\/\/www.mettmann.de\/web\/wp-json\/wp\/v2\/media?parent=1390"}],"curies":[{"name":"wp","href":"https:\/\/api.w.org\/{rel}","templated":true}]}}