{"id":1465,"date":"2019-10-06T17:25:02","date_gmt":"2019-10-06T15:25:02","guid":{"rendered":"https:\/\/www.mettmann.de\/web\/?page_id=1465"},"modified":"2023-03-13T10:38:04","modified_gmt":"2023-03-13T09:38:04","slug":"jugendgerichtshilfe","status":"publish","type":"page","link":"https:\/\/www.mettmann.de\/web\/organisationsaufbau\/dezernat-1-4\/jugendamt\/jugendhilfe\/jugendgerichtshilfe\/","title":{"rendered":"Jugendhilfe im Strafverfahren"},"content":{"rendered":"<h3 align=\"left\">Zust\u00e4ndigkeiten<\/h3>\n<ul>\n<li>Jugendhilfe im Strafverfahren vom 14. bis 21. Lebensjahr<\/li>\n<\/ul>\n<h3>Mitarbeiter\/innen<\/h3>\n<p class=\"eingerueckt40\"><a href=\"mailto:manfred.cserni@mettmann.de\">Manfred Cserni<\/a> &#8211; Telefon: 02104 \/ 980-439<br \/>\n<a href=\"mailto:jacqueline.melchert@mettmann.de\">Jacqueline Melchert<\/a> &#8211; Telefon 02104 \/ 980-489<\/p>\n<p>Fax: 02104 \/ 980-761<\/p>\n<h3>Erreichbarkeit<\/h3>\n<p class=\"eingerueckt40\">montags bis mittwochs und freitags: 9.00 Uhr &#8211; 12.00 Uhr<br \/>\nmontags bis mittwochs: 14.00 Uhr &#8211; 15.30 Uhr<br \/>\ndonnerstags: 14.00 Uhr &#8211; 17.30 Uhr<\/p>\n<p class=\"eingerueckt40\">Wir empfehlen eine telefonische Terminvereinbarung.<\/p>\n<h3>Weitere Informationen<\/h3>\n<p class=\"eingerueckt40\">Die Jugendhilfe im Strafverfahren ist ein Beratungsangebot f\u00fcr Jugendliche (14 \u2013 17 Jahre) und &nbsp;Heranwachsende (18 \u2013 20 Jahre). Sie ist ein spezialisierter sozialp\u00e4dagogischer Fachdienst innerhalb des Kommunalen Sozialdienstes, der auf Grundlage des Jugendgerichtsgesetzes (JGG) und des Kinder- und Jugendhilfegesetzes (SGB VIII) basiert.<\/p>\n<p class=\"eingerueckt40\">Bei Jugendlichen und Heranwachsenden, die ein Strafverfahren zu erwarten haben, ist die Jugendhilfe im Strafverfahren stets beteiligt. Ausschlaggebend f\u00fcr die Zust\u00e4ndigkeit ist das Alter zum Zeitpunkt der Straftat (es muss zwischen 14 und 21 Jahren liegen). Ein Strafverfahren bedeutet f\u00fcr die betroffenen jungen Menschen und deren Angeh\u00f6rige oftmals Unwissenheit \u00fcber den Ablauf und Verunsicherung vor den Folgen. Hier kann die Jugendhilfe im Strafverfahren mehr Klarheit und damit Entspannung in den Prozess bringen.<\/p>\n<p class=\"eingerueckt40\">Die Hauptaufgaben der Jugendhilfe im Strafverfahren lassen sich folgenderma\u00dfen beschreiben:<\/p>\n<ul>\n<li class=\"eingerueckt40\">die Begleitung und Beratung von Jugendlichen und Heranwachsenden im Vorfeld einer Gerichtsverhandlung. Die Ergebnisse dieses Beratungsprozesses flie\u00dfen im Rahmen einer Berichterstattung an das Gericht und die Staatsanwaltschaft mit in das Verfahren ein.<\/li>\n<li class=\"eingerueckt40\">die Teilnahme an der Gerichtsverhandlung und m\u00fcndliche Stellungnahme zur famili\u00e4ren Situation, zur allgemeinen Entwicklung und zum sozialen Umfeld.<\/li>\n<li class=\"eingerueckt40\">die richterlichen Weisungen und Auflagen \u00fcberwachen, z.B.\u201cgemeinn\u00fctzige Arbeit\u201c, Antigewalttraining, Schadenswiedergutmachung, Drogenpr\u00e4vention etc.<\/li>\n<li class=\"eingerueckt40\">bei Bedarf weitere Ma\u00dfnahmen der \u00f6ffentlichen Jugendhilfe pr\u00fcfen und einleiten.<\/li>\n<\/ul>\n<p class=\"eingerueckt40\">Ferner f\u00fchrt die Jugendhilfe im Strafverfahren Gespr\u00e4che zum \u201eT\u00e4ter-Opfer-Ausgleich\u201c (TAO) durch. Beschuldigte und Gesch\u00e4digte haben hier die M\u00f6glichkeit (auch im Vorfeld der Gerichtsverhandlung), sich im Beisein einer neutralen Vermittlungsperson \u00fcber das Geschehen auszutauschen und gemeinsam Wiedergutmachungsleistungen zu vereinbaren.<\/p>\n<h4>Informationen nach Artikel 13 Datenschutz-Grundverordnung (DSGVO)<\/h4>\n<ul>\n<li><a href=\"\/web\/dsgvo\/DSGVO_Jugendgerichtshilfe.pdf\" target=\"_blank\" rel=\"noopener noreferrer\">Jugendgerichtshilfe<\/a><\/li>\n<\/ul>\n","protected":false},"excerpt":{"rendered":"<p>Zust\u00e4ndigkeiten Jugendhilfe im Strafverfahren vom 14. bis 21. Lebensjahr Mitarbeiter\/innen Manfred Cserni &#8211; Telefon: 02104 \/ 980-439 Jacqueline Melchert &#8211; Telefon 02104 \/ 980-489 Fax: 02104 \/ 980-761 Erreichbarkeit montags bis mittwochs und freitags: 9.00&#8230;<\/p>\n","protected":false},"author":1,"featured_media":579,"parent":1456,"menu_order":3,"comment_status":"closed","ping_status":"closed","template":"","meta":{"ngg_post_thumbnail":0,"footnotes":""},"class_list":["post-1465","page","type-page","status-publish","has-post-thumbnail","hentry"],"yoast_head":"<!-- This site is optimized with the Yoast SEO plugin v27.2 - https:\/\/yoast.com\/product\/yoast-seo-wordpress\/ -->\n<title>Jugendhilfe im Strafverfahren | Stadtverwaltung Mettmann<\/title>\n<meta name=\"robots\" content=\"index, follow, max-snippet:-1, max-image-preview:large, max-video-preview:-1\" \/>\n<link rel=\"canonical\" href=\"https:\/\/www.mettmann.de\/web\/organisationsaufbau\/dezernat-1-4\/jugendamt\/jugendhilfe\/jugendgerichtshilfe\/\" \/>\n<meta property=\"og:locale\" content=\"de_DE\" \/>\n<meta property=\"og:type\" content=\"article\" \/>\n<meta property=\"og:title\" content=\"Jugendhilfe im Strafverfahren | Stadtverwaltung Mettmann\" \/>\n<meta property=\"og:description\" content=\"Zust\u00e4ndigkeiten Jugendhilfe im Strafverfahren vom 14. bis 21. Lebensjahr Mitarbeiter\/innen Manfred Cserni &#8211; Telefon: 02104 \/ 980-439 Jacqueline Melchert &#8211; Telefon 02104 \/ 980-489 Fax: 02104 \/ 980-761 Erreichbarkeit montags bis mittwochs und freitags: 9.00...\" \/>\n<meta property=\"og:url\" content=\"https:\/\/www.mettmann.de\/web\/organisationsaufbau\/dezernat-1-4\/jugendamt\/jugendhilfe\/jugendgerichtshilfe\/\" \/>\n<meta property=\"og:site_name\" content=\"Stadtverwaltung Mettmann\" \/>\n<meta property=\"article:publisher\" content=\"https:\/\/www.facebook.com\/kreisstadt.mettmann\" \/>\n<meta property=\"article:modified_time\" content=\"2023-03-13T09:38:04+00:00\" \/>\n<meta property=\"og:image\" content=\"https:\/\/www.mettmann.de\/web\/wp-content\/uploads\/2019\/08\/kircht\u00fcrme-mettmann_16-9-1024x576.jpg\" \/>\n\t<meta property=\"og:image:width\" content=\"1024\" \/>\n\t<meta property=\"og:image:height\" content=\"576\" \/>\n\t<meta property=\"og:image:type\" content=\"image\/jpeg\" \/>\n<meta name=\"twitter:card\" content=\"summary_large_image\" \/>\n<meta name=\"twitter:label1\" content=\"Gesch\u00e4tzte Lesezeit\" \/>\n\t<meta name=\"twitter:data1\" content=\"2\u00a0Minuten\" \/>\n<script type=\"application\/ld+json\" class=\"yoast-schema-graph\">{\"@context\":\"https:\/\/schema.org\",\"@graph\":[{\"@type\":\"WebPage\",\"@id\":\"https:\/\/www.mettmann.de\/web\/organisationsaufbau\/dezernat-1-4\/jugendamt\/jugendhilfe\/jugendgerichtshilfe\/\",\"url\":\"https:\/\/www.mettmann.de\/web\/organisationsaufbau\/dezernat-1-4\/jugendamt\/jugendhilfe\/jugendgerichtshilfe\/\",\"name\":\"Jugendhilfe im Strafverfahren | Stadtverwaltung Mettmann\",\"isPartOf\":{\"@id\":\"https:\/\/www.mettmann.de\/web\/#website\"},\"primaryImageOfPage\":{\"@id\":\"https:\/\/www.mettmann.de\/web\/organisationsaufbau\/dezernat-1-4\/jugendamt\/jugendhilfe\/jugendgerichtshilfe\/#primaryimage\"},\"image\":{\"@id\":\"https:\/\/www.mettmann.de\/web\/organisationsaufbau\/dezernat-1-4\/jugendamt\/jugendhilfe\/jugendgerichtshilfe\/#primaryimage\"},\"thumbnailUrl\":\"https:\/\/www.mettmann.de\/web\/wp-content\/uploads\/2019\/08\/kircht\u00fcrme-mettmann_16-9.jpg\",\"datePublished\":\"2019-10-06T15:25:02+00:00\",\"dateModified\":\"2023-03-13T09:38:04+00:00\",\"breadcrumb\":{\"@id\":\"https:\/\/www.mettmann.de\/web\/organisationsaufbau\/dezernat-1-4\/jugendamt\/jugendhilfe\/jugendgerichtshilfe\/#breadcrumb\"},\"inLanguage\":\"de\",\"potentialAction\":[{\"@type\":\"ReadAction\",\"target\":[\"https:\/\/www.mettmann.de\/web\/organisationsaufbau\/dezernat-1-4\/jugendamt\/jugendhilfe\/jugendgerichtshilfe\/\"]}]},{\"@type\":\"ImageObject\",\"inLanguage\":\"de\",\"@id\":\"https:\/\/www.mettmann.de\/web\/organisationsaufbau\/dezernat-1-4\/jugendamt\/jugendhilfe\/jugendgerichtshilfe\/#primaryimage\",\"url\":\"https:\/\/www.mettmann.de\/web\/wp-content\/uploads\/2019\/08\/kircht\u00fcrme-mettmann_16-9.jpg\",\"contentUrl\":\"https:\/\/www.mettmann.de\/web\/wp-content\/uploads\/2019\/08\/kircht\u00fcrme-mettmann_16-9.jpg\",\"width\":4643,\"height\":2612,\"caption\":\"Kircht\u00fcrme Mettmann\"},{\"@type\":\"BreadcrumbList\",\"@id\":\"https:\/\/www.mettmann.de\/web\/organisationsaufbau\/dezernat-1-4\/jugendamt\/jugendhilfe\/jugendgerichtshilfe\/#breadcrumb\",\"itemListElement\":[{\"@type\":\"ListItem\",\"position\":1,\"name\":\"Startseite\",\"item\":\"https:\/\/www.mettmann.de\/web\/\"},{\"@type\":\"ListItem\",\"position\":2,\"name\":\"Stadtverwaltung\",\"item\":\"https:\/\/www.mettmann.de\/web\/organisationsaufbau\/\"},{\"@type\":\"ListItem\",\"position\":3,\"name\":\"Dezernat 4\",\"item\":\"https:\/\/www.mettmann.de\/web\/organisationsaufbau\/dezernat-1-4\/\"},{\"@type\":\"ListItem\",\"position\":4,\"name\":\"Jugendamt\",\"item\":\"https:\/\/www.mettmann.de\/web\/organisationsaufbau\/dezernat-1-4\/jugendamt\/\"},{\"@type\":\"ListItem\",\"position\":5,\"name\":\"Jugendhilfe\",\"item\":\"https:\/\/www.mettmann.de\/web\/organisationsaufbau\/dezernat-1-4\/jugendamt\/jugendhilfe\/\"},{\"@type\":\"ListItem\",\"position\":6,\"name\":\"Jugendhilfe im Strafverfahren\"}]},{\"@type\":\"WebSite\",\"@id\":\"https:\/\/www.mettmann.de\/web\/#website\",\"url\":\"https:\/\/www.mettmann.de\/web\/\",\"name\":\"Stadtverwaltung Mettmann\",\"description\":\"Internetseite der Kreisstadt Mettmann\",\"publisher\":{\"@id\":\"https:\/\/www.mettmann.de\/web\/#organization\"},\"potentialAction\":[{\"@type\":\"SearchAction\",\"target\":{\"@type\":\"EntryPoint\",\"urlTemplate\":\"https:\/\/www.mettmann.de\/web\/?s={search_term_string}\"},\"query-input\":{\"@type\":\"PropertyValueSpecification\",\"valueRequired\":true,\"valueName\":\"search_term_string\"}}],\"inLanguage\":\"de\"},{\"@type\":\"Organization\",\"@id\":\"https:\/\/www.mettmann.de\/web\/#organization\",\"name\":\"Kreisstadt Mettmann\",\"url\":\"https:\/\/www.mettmann.de\/web\/\",\"logo\":{\"@type\":\"ImageObject\",\"inLanguage\":\"de\",\"@id\":\"https:\/\/www.mettmann.de\/web\/#\/schema\/logo\/image\/\",\"url\":\"https:\/\/www.mettmann.de\/web\/wp-content\/uploads\/2019\/08\/Kreisstadt_Mettmann_Logo_RGB_150dpi.png\",\"contentUrl\":\"https:\/\/www.mettmann.de\/web\/wp-content\/uploads\/2019\/08\/Kreisstadt_Mettmann_Logo_RGB_150dpi.png\",\"width\":1302,\"height\":191,\"caption\":\"Kreisstadt Mettmann\"},\"image\":{\"@id\":\"https:\/\/www.mettmann.de\/web\/#\/schema\/logo\/image\/\"},\"sameAs\":[\"https:\/\/www.facebook.com\/kreisstadt.mettmann\",\"https:\/\/de.wikipedia.org\/wiki\/Mettmann\"]}]}<\/script>\n<!-- \/ Yoast SEO plugin. -->","yoast_head_json":{"title":"Jugendhilfe im Strafverfahren | Stadtverwaltung Mettmann","robots":{"index":"index","follow":"follow","max-snippet":"max-snippet:-1","max-image-preview":"max-image-preview:large","max-video-preview":"max-video-preview:-1"},"canonical":"https:\/\/www.mettmann.de\/web\/organisationsaufbau\/dezernat-1-4\/jugendamt\/jugendhilfe\/jugendgerichtshilfe\/","og_locale":"de_DE","og_type":"article","og_title":"Jugendhilfe im Strafverfahren | Stadtverwaltung Mettmann","og_description":"Zust\u00e4ndigkeiten Jugendhilfe im Strafverfahren vom 14. bis 21. Lebensjahr Mitarbeiter\/innen Manfred Cserni &#8211; Telefon: 02104 \/ 980-439 Jacqueline Melchert &#8211; Telefon 02104 \/ 980-489 Fax: 02104 \/ 980-761 Erreichbarkeit montags bis mittwochs und freitags: 9.00...","og_url":"https:\/\/www.mettmann.de\/web\/organisationsaufbau\/dezernat-1-4\/jugendamt\/jugendhilfe\/jugendgerichtshilfe\/","og_site_name":"Stadtverwaltung Mettmann","article_publisher":"https:\/\/www.facebook.com\/kreisstadt.mettmann","article_modified_time":"2023-03-13T09:38:04+00:00","og_image":[{"width":1024,"height":576,"url":"https:\/\/www.mettmann.de\/web\/wp-content\/uploads\/2019\/08\/kircht\u00fcrme-mettmann_16-9-1024x576.jpg","type":"image\/jpeg"}],"twitter_card":"summary_large_image","twitter_misc":{"Gesch\u00e4tzte Lesezeit":"2\u00a0Minuten"},"schema":{"@context":"https:\/\/schema.org","@graph":[{"@type":"WebPage","@id":"https:\/\/www.mettmann.de\/web\/organisationsaufbau\/dezernat-1-4\/jugendamt\/jugendhilfe\/jugendgerichtshilfe\/","url":"https:\/\/www.mettmann.de\/web\/organisationsaufbau\/dezernat-1-4\/jugendamt\/jugendhilfe\/jugendgerichtshilfe\/","name":"Jugendhilfe im Strafverfahren | Stadtverwaltung Mettmann","isPartOf":{"@id":"https:\/\/www.mettmann.de\/web\/#website"},"primaryImageOfPage":{"@id":"https:\/\/www.mettmann.de\/web\/organisationsaufbau\/dezernat-1-4\/jugendamt\/jugendhilfe\/jugendgerichtshilfe\/#primaryimage"},"image":{"@id":"https:\/\/www.mettmann.de\/web\/organisationsaufbau\/dezernat-1-4\/jugendamt\/jugendhilfe\/jugendgerichtshilfe\/#primaryimage"},"thumbnailUrl":"https:\/\/www.mettmann.de\/web\/wp-content\/uploads\/2019\/08\/kircht\u00fcrme-mettmann_16-9.jpg","datePublished":"2019-10-06T15:25:02+00:00","dateModified":"2023-03-13T09:38:04+00:00","breadcrumb":{"@id":"https:\/\/www.mettmann.de\/web\/organisationsaufbau\/dezernat-1-4\/jugendamt\/jugendhilfe\/jugendgerichtshilfe\/#breadcrumb"},"inLanguage":"de","potentialAction":[{"@type":"ReadAction","target":["https:\/\/www.mettmann.de\/web\/organisationsaufbau\/dezernat-1-4\/jugendamt\/jugendhilfe\/jugendgerichtshilfe\/"]}]},{"@type":"ImageObject","inLanguage":"de","@id":"https:\/\/www.mettmann.de\/web\/organisationsaufbau\/dezernat-1-4\/jugendamt\/jugendhilfe\/jugendgerichtshilfe\/#primaryimage","url":"https:\/\/www.mettmann.de\/web\/wp-content\/uploads\/2019\/08\/kircht\u00fcrme-mettmann_16-9.jpg","contentUrl":"https:\/\/www.mettmann.de\/web\/wp-content\/uploads\/2019\/08\/kircht\u00fcrme-mettmann_16-9.jpg","width":4643,"height":2612,"caption":"Kircht\u00fcrme Mettmann"},{"@type":"BreadcrumbList","@id":"https:\/\/www.mettmann.de\/web\/organisationsaufbau\/dezernat-1-4\/jugendamt\/jugendhilfe\/jugendgerichtshilfe\/#breadcrumb","itemListElement":[{"@type":"ListItem","position":1,"name":"Startseite","item":"https:\/\/www.mettmann.de\/web\/"},{"@type":"ListItem","position":2,"name":"Stadtverwaltung","item":"https:\/\/www.mettmann.de\/web\/organisationsaufbau\/"},{"@type":"ListItem","position":3,"name":"Dezernat 4","item":"https:\/\/www.mettmann.de\/web\/organisationsaufbau\/dezernat-1-4\/"},{"@type":"ListItem","position":4,"name":"Jugendamt","item":"https:\/\/www.mettmann.de\/web\/organisationsaufbau\/dezernat-1-4\/jugendamt\/"},{"@type":"ListItem","position":5,"name":"Jugendhilfe","item":"https:\/\/www.mettmann.de\/web\/organisationsaufbau\/dezernat-1-4\/jugendamt\/jugendhilfe\/"},{"@type":"ListItem","position":6,"name":"Jugendhilfe im Strafverfahren"}]},{"@type":"WebSite","@id":"https:\/\/www.mettmann.de\/web\/#website","url":"https:\/\/www.mettmann.de\/web\/","name":"Stadtverwaltung Mettmann","description":"Internetseite der Kreisstadt Mettmann","publisher":{"@id":"https:\/\/www.mettmann.de\/web\/#organization"},"potentialAction":[{"@type":"SearchAction","target":{"@type":"EntryPoint","urlTemplate":"https:\/\/www.mettmann.de\/web\/?s={search_term_string}"},"query-input":{"@type":"PropertyValueSpecification","valueRequired":true,"valueName":"search_term_string"}}],"inLanguage":"de"},{"@type":"Organization","@id":"https:\/\/www.mettmann.de\/web\/#organization","name":"Kreisstadt Mettmann","url":"https:\/\/www.mettmann.de\/web\/","logo":{"@type":"ImageObject","inLanguage":"de","@id":"https:\/\/www.mettmann.de\/web\/#\/schema\/logo\/image\/","url":"https:\/\/www.mettmann.de\/web\/wp-content\/uploads\/2019\/08\/Kreisstadt_Mettmann_Logo_RGB_150dpi.png","contentUrl":"https:\/\/www.mettmann.de\/web\/wp-content\/uploads\/2019\/08\/Kreisstadt_Mettmann_Logo_RGB_150dpi.png","width":1302,"height":191,"caption":"Kreisstadt Mettmann"},"image":{"@id":"https:\/\/www.mettmann.de\/web\/#\/schema\/logo\/image\/"},"sameAs":["https:\/\/www.facebook.com\/kreisstadt.mettmann","https:\/\/de.wikipedia.org\/wiki\/Mettmann"]}]}},"_links":{"self":[{"href":"https:\/\/www.mettmann.de\/web\/wp-json\/wp\/v2\/pages\/1465","targetHints":{"allow":["GET"]}}],"collection":[{"href":"https:\/\/www.mettmann.de\/web\/wp-json\/wp\/v2\/pages"}],"about":[{"href":"https:\/\/www.mettmann.de\/web\/wp-json\/wp\/v2\/types\/page"}],"author":[{"embeddable":true,"href":"https:\/\/www.mettmann.de\/web\/wp-json\/wp\/v2\/users\/1"}],"replies":[{"embeddable":true,"href":"https:\/\/www.mettmann.de\/web\/wp-json\/wp\/v2\/comments?post=1465"}],"version-history":[{"count":6,"href":"https:\/\/www.mettmann.de\/web\/wp-json\/wp\/v2\/pages\/1465\/revisions"}],"predecessor-version":[{"id":25691,"href":"https:\/\/www.mettmann.de\/web\/wp-json\/wp\/v2\/pages\/1465\/revisions\/25691"}],"up":[{"embeddable":true,"href":"https:\/\/www.mettmann.de\/web\/wp-json\/wp\/v2\/pages\/1456"}],"wp:featuredmedia":[{"embeddable":true,"href":"https:\/\/www.mettmann.de\/web\/wp-json\/wp\/v2\/media\/579"}],"wp:attachment":[{"href":"https:\/\/www.mettmann.de\/web\/wp-json\/wp\/v2\/media?parent=1465"}],"curies":[{"name":"wp","href":"https:\/\/api.w.org\/{rel}","templated":true}]}}