{"id":1737,"date":"2019-10-10T17:34:11","date_gmt":"2019-10-10T15:34:11","guid":{"rendered":"https:\/\/www.mettmann.de\/web\/?page_id=1737"},"modified":"2026-01-26T11:37:45","modified_gmt":"2026-01-26T10:37:45","slug":"buergerbeteiligung-in-mettmann","status":"publish","type":"page","link":"https:\/\/www.mettmann.de\/web\/buergerbeteiligung-in-mettmann\/","title":{"rendered":"B\u00fcrgerbeteiligung in Mettmann"},"content":{"rendered":"<p><img loading=\"lazy\" decoding=\"async\" class=\"alignnone size-large wp-image-532\" src=\"https:\/\/www.mettmann.de\/web\/wp-content\/uploads\/2019\/08\/Pferdebrunnen-Mettmann_16-9-1024x576.jpg\" alt=\"Pferdebrunnen Mettmann\" width=\"1024\" height=\"576\" srcset=\"https:\/\/www.mettmann.de\/web\/wp-content\/uploads\/2019\/08\/Pferdebrunnen-Mettmann_16-9-1024x576.jpg 1024w, https:\/\/www.mettmann.de\/web\/wp-content\/uploads\/2019\/08\/Pferdebrunnen-Mettmann_16-9-300x169.jpg 300w, https:\/\/www.mettmann.de\/web\/wp-content\/uploads\/2019\/08\/Pferdebrunnen-Mettmann_16-9-768x432.jpg 768w, https:\/\/www.mettmann.de\/web\/wp-content\/uploads\/2019\/08\/Pferdebrunnen-Mettmann_16-9-777x437.jpg 777w, https:\/\/www.mettmann.de\/web\/wp-content\/uploads\/2019\/08\/Pferdebrunnen-Mettmann_16-9-260x146.jpg 260w, https:\/\/www.mettmann.de\/web\/wp-content\/uploads\/2019\/08\/Pferdebrunnen-Mettmann_16-9-120x67.jpg 120w\" sizes=\"auto, (max-width: 1024px) 100vw, 1024px\" \/><\/p>\n<p>Politik, Verwaltung sowie Mettmannerinnen und Mettmanner tragen gemeinsam dazu bei, dass Mettmann lebens- und liebenswert ist und bleibt &#8211; und sich gleichzeitig stetig weiterentwickelt.<\/p>\n<p>F\u00fcr bestm\u00f6gliche Ergebnisse bei der Umsetzung von st\u00e4dtischen Projekten ist ein fr\u00fchzeitiger, wirkungsvoller Dialog zwischen Politik, Verwaltung und B\u00fcrgerschaft sinnvoll &#8211; so k\u00f6nnen m\u00f6gliche Gestaltungsspielr\u00e4ume zur Zufriedenheit aller optimal genutzt werden. Die Mettmannerinnen und Mettmanner haben die M\u00f6glichkeit, sich aktiv bei Vorhaben und Ver\u00e4nderungen in der Stadt einzubringen.<\/p>\n<p>Die <strong>informelle B\u00fcrgerbeteiligung<\/strong> kann grunds\u00e4tzlich alle Themen betreffen, die im Zust\u00e4ndigkeitsbereich der Kreisstadt Mettmann liegen. Der konstruktive Austausch zwischen Politik, Verwaltung und B\u00fcrgerschaft kann mit unterschiedlichen Methoden und Veranstaltungsformaten erfolgen. Wichtig ist vor allem, dass es tats\u00e4chlich einen Gestaltungsspielraum gibt und Anregungen, W\u00fcnsche und Sorgen der Mettmannerinnen und Mettmanner in Planungen und Entscheidungen mit einflie\u00dfen k\u00f6nnen.<\/p>\n<p>&nbsp;<\/p>\n<p><strong>Es gibt verschiedene M\u00f6glichkeiten, sich zu informieren und einzubringen:<\/strong><\/p>\n<p>&nbsp;<\/p>\n<h2>Mitteilungen an die Stadtverwaltung<\/h2>\n<h3>Kontaktformular<\/h3>\n<p>\u00dcber unser Kontaktformular k\u00f6nnen Sie jederzeit Anregungen, W\u00fcnsche und Beschwerden direkt an die Stadtverwaltung \u00fcbermitteln. Wir \u00fcbermitteln Ihr Anliegen direkt an den\/die richtigen Ansprechpartner, sodass Sie schnellstm\u00f6glich eine R\u00fcckmeldung erhalten.<\/p>\n<ul>\n<li><a href=\"\/web\/?page_id=1744\">Mitteilung an die Stadtverwaltung<\/a><\/li>\n<\/ul>\n<h3>M\u00e4ngelmelder<\/h3>\n<p>\u00dcber unser Online-Formular k\u00f6nnen Sie schnell und unkompliziert M\u00e4ngel und Missst\u00e4nde im Stadtgebiet melden.<\/p>\n<ul>\n<li><a href=\"\/web\/?page_id=1756\">M\u00e4ngelmelder Online-Formular<\/a><\/li>\n<\/ul>\n<h3>Einreichen von Anregungen \/ Beschwerden<\/h3>\n<p class=\"eingerueckt40\">Grunds\u00e4tzlich darf jede Person, unabh\u00e4ngig vom Wohnsitz, Alter, Staatsangeh\u00f6rigkeit Anregungen \/ Beschwerden einreichen. Diese sind schriftlich \u00fcber den B\u00fcrgermeister an den Rat der Stadt zu richten:<\/p>\n<p class=\"eingerueckt40\">Postanschrift: Kreisstadt Mettmann, Der B\u00fcrgermeister, Neanderstra\u00dfe 85, 40822 Mettmann.<\/p>\n<p class=\"eingerueckt40\">Alternativ k\u00f6nnen Sie Ihre Anregungen \/ Beschwerden auch auf folgenden Wegen einreichen:<\/p>\n<p>&nbsp;<\/p>\n<h2>Mitteilungen an den B\u00fcrgermeister<\/h2>\n<h3 id=\"B\u00fcrgermeister\">E-Mail an den B\u00fcrgermeister<\/h3>\n<p>Unter <a href=\"mailto:buergermeister@mettmann.de\">buergermeister@mettmann.de<\/a> k\u00f6nnen Sie Ihre Anliegen direkt an das B\u00fcro der B\u00fcrgermeisterin senden. Sie erhalten schnellstm\u00f6glich eine R\u00fcckmeldung.<\/p>\n<p>&nbsp;<\/p>\n<h2>Informationen<\/h2>\n<h3 id=\"RIS\">Ratsinformationssystem (RiS)<\/h3>\n<p>Im Ratsinformationssystem k\u00f6nnen Sie alle Sitzungstermine, Tagesordnungen sowie Niederschriften und Beschl\u00fcsse der politischen Aussch\u00fcsse der Kreisstadt Mettmann einsehen. Hier finden Sie auch eine Auflistung aller gew\u00e4hlten politischen Vertreterinnen und Vertreter.<\/p>\n<ul>\n<li><a href=\"https:\/\/mettmann.gremien.info\/\" target=\"_blank\" rel=\"noopener noreferrer\">Ratsinformationssystem der Kreisstadt Mettmann<\/a><\/li>\n<\/ul>\n<h3 id=\"Amtsblatt\">Amtsblatt<\/h3>\n<p>Das Amtsblatt der Kreisstadt Mettmann enth\u00e4lt alle verpflichtenden amtlichen Bekanntmachungen. Sie finden das Amtsblatt auf der st\u00e4dtischen Homepage oder k\u00f6nnen es im Rathaus in der Abteilung 1.1.1, Abteilung f\u00fcr Zentrale Verwaltung und Organisation, einsehen.<\/p>\n<ul>\n<li><a href=\"\/web\/?page_id=875\">Amtsblatt der Kreisstadt Mettmann<\/a><\/li>\n<\/ul>\n<h3 id=\"Tetraeder\">Offenlegung von Bauleitpl\u00e4nen<\/h3>\n<p>Aktuelle Bauleitpl\u00e4ne, f\u00fcr die in \u00f6ffentlicher Sitzung das Verfahren f\u00f6rmlich eingeleitet wurde, m\u00fcssen f\u00fcr die B\u00fcrgerinnen und B\u00fcrger sowie alle Interessierten \u00f6ffentlich ausgelegt werden. Hierf\u00fcr wurde ein Online-System eingerichtet, mit dem Sie Zugriff auf aktuelle Bauleitpl\u00e4ne im Verfahren sowie auf alle rechtsg\u00fcltigen Bauleitpl\u00e4ne der vergangenen Jahre haben.<\/p>\n<ul>\n<li><span style=\"font-size: small;\"><a href=\"https:\/\/www.mettmann.de\/web\/?page_id=829\"><span style=\"font-size: 12pt;\">Interaktive Bebauungsplan\u00fcbersicht<\/span><\/a><\/span><\/li>\n<li><span style=\"font-size: 12pt;\"><a href=\"https:\/\/www.mettmann.de\/web\/?page_id=835\">Bauleitpl\u00e4ne in der Beteiligung<\/a><\/span><\/li>\n<\/ul>\n<p>&nbsp;<\/p>\n<h2>Allgemeine Kontaktaufnahme per E-Mail<\/h2>\n<p>In allen sonstigen F\u00e4llen erreichen Sie die Kreisstadt Mettmann unter der E-Mail-Adresse <a href=\"mailto:info@mettmann.de\">info@mettmann.de<\/a>.<\/p>\n<p>&nbsp;<\/p>\n","protected":false},"excerpt":{"rendered":"<p>Politik, Verwaltung sowie Mettmannerinnen und Mettmanner tragen gemeinsam dazu bei, dass Mettmann lebens- und liebenswert ist und bleibt &#8211; und sich gleichzeitig stetig weiterentwickelt. F\u00fcr bestm\u00f6gliche Ergebnisse bei der Umsetzung von st\u00e4dtischen Projekten ist ein&#8230;<\/p>\n","protected":false},"author":1,"featured_media":532,"parent":0,"menu_order":33,"comment_status":"closed","ping_status":"closed","template":"","meta":{"ngg_post_thumbnail":0,"footnotes":""},"class_list":["post-1737","page","type-page","status-publish","has-post-thumbnail","hentry"],"yoast_head":"<!-- This site is optimized with the Yoast SEO plugin v27.2 - https:\/\/yoast.com\/product\/yoast-seo-wordpress\/ -->\n<title>B\u00fcrgerbeteiligung in Mettmann | Stadtverwaltung Mettmann<\/title>\n<meta name=\"robots\" content=\"index, follow, max-snippet:-1, max-image-preview:large, max-video-preview:-1\" \/>\n<link rel=\"canonical\" href=\"https:\/\/www.mettmann.de\/web\/buergerbeteiligung-in-mettmann\/\" \/>\n<meta property=\"og:locale\" content=\"de_DE\" \/>\n<meta property=\"og:type\" content=\"article\" \/>\n<meta property=\"og:title\" content=\"B\u00fcrgerbeteiligung in Mettmann | Stadtverwaltung Mettmann\" \/>\n<meta property=\"og:description\" content=\"Politik, Verwaltung sowie Mettmannerinnen und Mettmanner tragen gemeinsam dazu bei, dass Mettmann lebens- und liebenswert ist und bleibt &#8211; und sich gleichzeitig stetig weiterentwickelt. F\u00fcr bestm\u00f6gliche Ergebnisse bei der Umsetzung von st\u00e4dtischen Projekten ist ein...\" \/>\n<meta property=\"og:url\" content=\"https:\/\/www.mettmann.de\/web\/buergerbeteiligung-in-mettmann\/\" \/>\n<meta property=\"og:site_name\" content=\"Stadtverwaltung Mettmann\" \/>\n<meta property=\"article:publisher\" content=\"https:\/\/www.facebook.com\/kreisstadt.mettmann\" \/>\n<meta property=\"article:modified_time\" content=\"2026-01-26T10:37:45+00:00\" \/>\n<meta property=\"og:image\" content=\"https:\/\/www.mettmann.de\/web\/wp-content\/uploads\/2019\/08\/Pferdebrunnen-Mettmann_16-9-1024x576.jpg\" \/>\n\t<meta property=\"og:image:width\" content=\"1024\" \/>\n\t<meta property=\"og:image:height\" content=\"576\" \/>\n\t<meta property=\"og:image:type\" content=\"image\/jpeg\" \/>\n<meta name=\"twitter:card\" content=\"summary_large_image\" \/>\n<meta name=\"twitter:label1\" content=\"Gesch\u00e4tzte Lesezeit\" \/>\n\t<meta name=\"twitter:data1\" content=\"3\u00a0Minuten\" \/>\n<script type=\"application\/ld+json\" class=\"yoast-schema-graph\">{\"@context\":\"https:\/\/schema.org\",\"@graph\":[{\"@type\":\"WebPage\",\"@id\":\"https:\/\/www.mettmann.de\/web\/buergerbeteiligung-in-mettmann\/\",\"url\":\"https:\/\/www.mettmann.de\/web\/buergerbeteiligung-in-mettmann\/\",\"name\":\"B\u00fcrgerbeteiligung in Mettmann | Stadtverwaltung Mettmann\",\"isPartOf\":{\"@id\":\"https:\/\/www.mettmann.de\/web\/#website\"},\"primaryImageOfPage\":{\"@id\":\"https:\/\/www.mettmann.de\/web\/buergerbeteiligung-in-mettmann\/#primaryimage\"},\"image\":{\"@id\":\"https:\/\/www.mettmann.de\/web\/buergerbeteiligung-in-mettmann\/#primaryimage\"},\"thumbnailUrl\":\"https:\/\/www.mettmann.de\/web\/wp-content\/uploads\/2019\/08\/Pferdebrunnen-Mettmann_16-9.jpg\",\"datePublished\":\"2019-10-10T15:34:11+00:00\",\"dateModified\":\"2026-01-26T10:37:45+00:00\",\"breadcrumb\":{\"@id\":\"https:\/\/www.mettmann.de\/web\/buergerbeteiligung-in-mettmann\/#breadcrumb\"},\"inLanguage\":\"de\",\"potentialAction\":[{\"@type\":\"ReadAction\",\"target\":[\"https:\/\/www.mettmann.de\/web\/buergerbeteiligung-in-mettmann\/\"]}]},{\"@type\":\"ImageObject\",\"inLanguage\":\"de\",\"@id\":\"https:\/\/www.mettmann.de\/web\/buergerbeteiligung-in-mettmann\/#primaryimage\",\"url\":\"https:\/\/www.mettmann.de\/web\/wp-content\/uploads\/2019\/08\/Pferdebrunnen-Mettmann_16-9.jpg\",\"contentUrl\":\"https:\/\/www.mettmann.de\/web\/wp-content\/uploads\/2019\/08\/Pferdebrunnen-Mettmann_16-9.jpg\",\"width\":3504,\"height\":1971,\"caption\":\"Archivfoto: Kreisstadt Mettmann\"},{\"@type\":\"BreadcrumbList\",\"@id\":\"https:\/\/www.mettmann.de\/web\/buergerbeteiligung-in-mettmann\/#breadcrumb\",\"itemListElement\":[{\"@type\":\"ListItem\",\"position\":1,\"name\":\"Startseite\",\"item\":\"https:\/\/www.mettmann.de\/web\/\"},{\"@type\":\"ListItem\",\"position\":2,\"name\":\"B\u00fcrgerbeteiligung in Mettmann\"}]},{\"@type\":\"WebSite\",\"@id\":\"https:\/\/www.mettmann.de\/web\/#website\",\"url\":\"https:\/\/www.mettmann.de\/web\/\",\"name\":\"Stadtverwaltung Mettmann\",\"description\":\"Internetseite der Kreisstadt Mettmann\",\"publisher\":{\"@id\":\"https:\/\/www.mettmann.de\/web\/#organization\"},\"potentialAction\":[{\"@type\":\"SearchAction\",\"target\":{\"@type\":\"EntryPoint\",\"urlTemplate\":\"https:\/\/www.mettmann.de\/web\/?s={search_term_string}\"},\"query-input\":{\"@type\":\"PropertyValueSpecification\",\"valueRequired\":true,\"valueName\":\"search_term_string\"}}],\"inLanguage\":\"de\"},{\"@type\":\"Organization\",\"@id\":\"https:\/\/www.mettmann.de\/web\/#organization\",\"name\":\"Kreisstadt Mettmann\",\"url\":\"https:\/\/www.mettmann.de\/web\/\",\"logo\":{\"@type\":\"ImageObject\",\"inLanguage\":\"de\",\"@id\":\"https:\/\/www.mettmann.de\/web\/#\/schema\/logo\/image\/\",\"url\":\"https:\/\/www.mettmann.de\/web\/wp-content\/uploads\/2019\/08\/Kreisstadt_Mettmann_Logo_RGB_150dpi.png\",\"contentUrl\":\"https:\/\/www.mettmann.de\/web\/wp-content\/uploads\/2019\/08\/Kreisstadt_Mettmann_Logo_RGB_150dpi.png\",\"width\":1302,\"height\":191,\"caption\":\"Kreisstadt Mettmann\"},\"image\":{\"@id\":\"https:\/\/www.mettmann.de\/web\/#\/schema\/logo\/image\/\"},\"sameAs\":[\"https:\/\/www.facebook.com\/kreisstadt.mettmann\",\"https:\/\/de.wikipedia.org\/wiki\/Mettmann\"]}]}<\/script>\n<!-- \/ Yoast SEO plugin. -->","yoast_head_json":{"title":"B\u00fcrgerbeteiligung in Mettmann | Stadtverwaltung Mettmann","robots":{"index":"index","follow":"follow","max-snippet":"max-snippet:-1","max-image-preview":"max-image-preview:large","max-video-preview":"max-video-preview:-1"},"canonical":"https:\/\/www.mettmann.de\/web\/buergerbeteiligung-in-mettmann\/","og_locale":"de_DE","og_type":"article","og_title":"B\u00fcrgerbeteiligung in Mettmann | Stadtverwaltung Mettmann","og_description":"Politik, Verwaltung sowie Mettmannerinnen und Mettmanner tragen gemeinsam dazu bei, dass Mettmann lebens- und liebenswert ist und bleibt &#8211; und sich gleichzeitig stetig weiterentwickelt. F\u00fcr bestm\u00f6gliche Ergebnisse bei der Umsetzung von st\u00e4dtischen Projekten ist ein...","og_url":"https:\/\/www.mettmann.de\/web\/buergerbeteiligung-in-mettmann\/","og_site_name":"Stadtverwaltung Mettmann","article_publisher":"https:\/\/www.facebook.com\/kreisstadt.mettmann","article_modified_time":"2026-01-26T10:37:45+00:00","og_image":[{"width":1024,"height":576,"url":"https:\/\/www.mettmann.de\/web\/wp-content\/uploads\/2019\/08\/Pferdebrunnen-Mettmann_16-9-1024x576.jpg","type":"image\/jpeg"}],"twitter_card":"summary_large_image","twitter_misc":{"Gesch\u00e4tzte Lesezeit":"3\u00a0Minuten"},"schema":{"@context":"https:\/\/schema.org","@graph":[{"@type":"WebPage","@id":"https:\/\/www.mettmann.de\/web\/buergerbeteiligung-in-mettmann\/","url":"https:\/\/www.mettmann.de\/web\/buergerbeteiligung-in-mettmann\/","name":"B\u00fcrgerbeteiligung in Mettmann | Stadtverwaltung Mettmann","isPartOf":{"@id":"https:\/\/www.mettmann.de\/web\/#website"},"primaryImageOfPage":{"@id":"https:\/\/www.mettmann.de\/web\/buergerbeteiligung-in-mettmann\/#primaryimage"},"image":{"@id":"https:\/\/www.mettmann.de\/web\/buergerbeteiligung-in-mettmann\/#primaryimage"},"thumbnailUrl":"https:\/\/www.mettmann.de\/web\/wp-content\/uploads\/2019\/08\/Pferdebrunnen-Mettmann_16-9.jpg","datePublished":"2019-10-10T15:34:11+00:00","dateModified":"2026-01-26T10:37:45+00:00","breadcrumb":{"@id":"https:\/\/www.mettmann.de\/web\/buergerbeteiligung-in-mettmann\/#breadcrumb"},"inLanguage":"de","potentialAction":[{"@type":"ReadAction","target":["https:\/\/www.mettmann.de\/web\/buergerbeteiligung-in-mettmann\/"]}]},{"@type":"ImageObject","inLanguage":"de","@id":"https:\/\/www.mettmann.de\/web\/buergerbeteiligung-in-mettmann\/#primaryimage","url":"https:\/\/www.mettmann.de\/web\/wp-content\/uploads\/2019\/08\/Pferdebrunnen-Mettmann_16-9.jpg","contentUrl":"https:\/\/www.mettmann.de\/web\/wp-content\/uploads\/2019\/08\/Pferdebrunnen-Mettmann_16-9.jpg","width":3504,"height":1971,"caption":"Archivfoto: Kreisstadt Mettmann"},{"@type":"BreadcrumbList","@id":"https:\/\/www.mettmann.de\/web\/buergerbeteiligung-in-mettmann\/#breadcrumb","itemListElement":[{"@type":"ListItem","position":1,"name":"Startseite","item":"https:\/\/www.mettmann.de\/web\/"},{"@type":"ListItem","position":2,"name":"B\u00fcrgerbeteiligung in Mettmann"}]},{"@type":"WebSite","@id":"https:\/\/www.mettmann.de\/web\/#website","url":"https:\/\/www.mettmann.de\/web\/","name":"Stadtverwaltung Mettmann","description":"Internetseite der Kreisstadt Mettmann","publisher":{"@id":"https:\/\/www.mettmann.de\/web\/#organization"},"potentialAction":[{"@type":"SearchAction","target":{"@type":"EntryPoint","urlTemplate":"https:\/\/www.mettmann.de\/web\/?s={search_term_string}"},"query-input":{"@type":"PropertyValueSpecification","valueRequired":true,"valueName":"search_term_string"}}],"inLanguage":"de"},{"@type":"Organization","@id":"https:\/\/www.mettmann.de\/web\/#organization","name":"Kreisstadt Mettmann","url":"https:\/\/www.mettmann.de\/web\/","logo":{"@type":"ImageObject","inLanguage":"de","@id":"https:\/\/www.mettmann.de\/web\/#\/schema\/logo\/image\/","url":"https:\/\/www.mettmann.de\/web\/wp-content\/uploads\/2019\/08\/Kreisstadt_Mettmann_Logo_RGB_150dpi.png","contentUrl":"https:\/\/www.mettmann.de\/web\/wp-content\/uploads\/2019\/08\/Kreisstadt_Mettmann_Logo_RGB_150dpi.png","width":1302,"height":191,"caption":"Kreisstadt Mettmann"},"image":{"@id":"https:\/\/www.mettmann.de\/web\/#\/schema\/logo\/image\/"},"sameAs":["https:\/\/www.facebook.com\/kreisstadt.mettmann","https:\/\/de.wikipedia.org\/wiki\/Mettmann"]}]}},"_links":{"self":[{"href":"https:\/\/www.mettmann.de\/web\/wp-json\/wp\/v2\/pages\/1737","targetHints":{"allow":["GET"]}}],"collection":[{"href":"https:\/\/www.mettmann.de\/web\/wp-json\/wp\/v2\/pages"}],"about":[{"href":"https:\/\/www.mettmann.de\/web\/wp-json\/wp\/v2\/types\/page"}],"author":[{"embeddable":true,"href":"https:\/\/www.mettmann.de\/web\/wp-json\/wp\/v2\/users\/1"}],"replies":[{"embeddable":true,"href":"https:\/\/www.mettmann.de\/web\/wp-json\/wp\/v2\/comments?post=1737"}],"version-history":[{"count":28,"href":"https:\/\/www.mettmann.de\/web\/wp-json\/wp\/v2\/pages\/1737\/revisions"}],"predecessor-version":[{"id":57697,"href":"https:\/\/www.mettmann.de\/web\/wp-json\/wp\/v2\/pages\/1737\/revisions\/57697"}],"wp:featuredmedia":[{"embeddable":true,"href":"https:\/\/www.mettmann.de\/web\/wp-json\/wp\/v2\/media\/532"}],"wp:attachment":[{"href":"https:\/\/www.mettmann.de\/web\/wp-json\/wp\/v2\/media?parent=1737"}],"curies":[{"name":"wp","href":"https:\/\/api.w.org\/{rel}","templated":true}]}}