{"id":3800,"date":"2020-02-12T10:57:41","date_gmt":"2020-02-12T09:57:41","guid":{"rendered":"https:\/\/www.mettmann.de\/web\/?page_id=3800"},"modified":"2020-02-12T11:00:05","modified_gmt":"2020-02-12T10:00:05","slug":"verteilung-und-austausch-der-restmuellbehaelter","status":"publish","type":"page","link":"https:\/\/www.mettmann.de\/web\/abfallberatungsseiten\/verteilung-und-austausch-der-restmuellbehaelter\/","title":{"rendered":"Verteilung und Austausch der Restm\u00fcllbeh\u00e4lter"},"content":{"rendered":"<div id=\"attachment_3087\" style=\"width: 5322px\" class=\"wp-caption alignnone\"><img loading=\"lazy\" decoding=\"async\" aria-describedby=\"caption-attachment-3087\" class=\"size-full wp-image-3087\" src=\"https:\/\/www.mettmann.de\/web\/wp-content\/uploads\/2019\/12\/M\u00fclltonnen.jpg\" alt=\"Restm\u00fcll\" width=\"5312\" height=\"2988\" srcset=\"https:\/\/www.mettmann.de\/web\/wp-content\/uploads\/2019\/12\/M\u00fclltonnen.jpg 5312w, https:\/\/www.mettmann.de\/web\/wp-content\/uploads\/2019\/12\/M\u00fclltonnen-300x169.jpg 300w, https:\/\/www.mettmann.de\/web\/wp-content\/uploads\/2019\/12\/M\u00fclltonnen-768x432.jpg 768w, https:\/\/www.mettmann.de\/web\/wp-content\/uploads\/2019\/12\/M\u00fclltonnen-1024x576.jpg 1024w, https:\/\/www.mettmann.de\/web\/wp-content\/uploads\/2019\/12\/M\u00fclltonnen-777x437.jpg 777w, https:\/\/www.mettmann.de\/web\/wp-content\/uploads\/2019\/12\/M\u00fclltonnen-260x146.jpg 260w, https:\/\/www.mettmann.de\/web\/wp-content\/uploads\/2019\/12\/M\u00fclltonnen-120x67.jpg 120w\" sizes=\"auto, (max-width: 5312px) 100vw, 5312px\" \/><p id=\"caption-attachment-3087\" class=\"wp-caption-text\">Archivfoto: Kreisstadt Mettmann<\/p><\/div>\n<p class=\"eingerueckt40\">Neubestellungen von Restm\u00fcllbeh\u00e4ltern sind jederzeit m\u00f6glich. \u00c4nderungen des bisher in Anspruch genommenen Beh\u00e4ltervolumens sind dagegen nur jeweils zu Beginn des n\u00e4chsten Quartals m\u00f6glich. \u00c4nderungen zum 1. Januar eines Jahres sind bis zum 30. September des Vorjahres zu beantragen. \u00c4nderungen zum 1. April bis zum 28. Februar, zum 1. Juli bis zum 31. Mai und zum 1. Oktober bis zum 31. August des betreffenden Kalenderjahres.<\/p>\n<p>Bestellungen von Abfallbeh\u00e4ltern ganz gleich welcher Art sind ausschlie\u00dflich durch den Grundst\u00fcckseigent\u00fcmer, die Eigent\u00fcmergemeinschaft oder die zust\u00e4ndige Hausverwaltung m\u00f6glich.<\/p>\n<p>Die Restm\u00fcllbeh\u00e4lter sind mit einem Adressaufkleber gekennzeichnet und werden einfach vor dem jeweiligen Grundst\u00fcck abgestellt. Die Restm\u00fcllbeh\u00e4lter werden in den Gr\u00f6\u00dfen 40, 60, 80, 120, 240, 660, 770 und 1.100 Liter angeboten. Die Restm\u00fcllabfuhr erfolgt grunds\u00e4tzlich 14-t\u00e4glich, das hei\u00dft, die Beh\u00e4lter werden alle 14 Tage geleert. Lediglich f\u00fcr die Restm\u00fcllcontainer mit 1.100 Liter Fassungsvolumen werden davon abweichend auch andere Leerungsh\u00e4ufigkeiten angeboten.<\/p>\n<p>Beachten Sie auch bitte das festgelegte Mindestvolumen f\u00fcr die Bereitstellung der Restm\u00fcllbeh\u00e4lter. F\u00fcr die Nutzung der Restm\u00fclltonnen und Restm\u00fcllcontainer ist bei 14-t\u00e4glicher Leerung ein Mindest-Restm\u00fcll-Gef\u00e4\u00dfvolumen von 30 Litern pro Person in 14 Tagen jeweils f\u00fcr jede auf dem Grundst\u00fcck mit Haupt- oder Nebenwohnsitz gem\u00e4\u00df den Bestimmungen des MeldeG NW gemeldete Person vorzuhalten. Abweichend davon kann bei nachgewiesener Nutzung s\u00e4mtlicher Verwertungsangebote wie Altpapier- und Bioabfallsammlung die Reduzierung des Mindestbeh\u00e4ltervolumens f\u00fcr die Restm\u00fcllentsorgung auf 20 Liter pro Person in 14 Tagen beantragt werden. Einzelfallbezogen kann in solchen F\u00e4llen auch ein Restm\u00fcllbeh\u00e4ltervolumen von 15 Liter pro Person in 14 Tagen zugelassen werden.<\/p>\n<p>Das Mindestvolumen ist das bundesweit \u00fcbliche und anerkannte Zuteilungskriterium f\u00fcr die Restm\u00fcllbeh\u00e4lter in den oben genannten Gr\u00f6\u00dfen. Sofern ein solcher nicht in entsprechender Gr\u00f6\u00dfe des ermittelten Mindestvolumens angeboten wird, erfolgt die Zuteilung des Restm\u00fcllbeh\u00e4lters mit dem n\u00e4chstm\u00f6glichen gr\u00f6\u00dferen Beh\u00e4ltervolumen.<\/p>\n<p>Der Austausch von Restm\u00fclltonnen erfolgt in der Regel immer in der letzten Leerungswoche vor Beginn des neuen Quartals am jeweils festgelegten Abfuhrtag. Die auszutauschenden Beh\u00e4lter werden zun\u00e4chst geleert und m\u00fcssen anschlie\u00dfend am Stra\u00dfenrand stehen bleiben. Der Tausch wird dann im Laufe des Abfuhrtages durchgef\u00fchrt.<\/p>\n<p><b><span style=\"color: red;\">Um den Austausch einer Restm\u00fclltonne durchf\u00fchren zu k\u00f6nnen, ben\u00f6tigen wir unbedingt die Beh\u00e4lternummer, die auf dem Adressaufkleber an der Beh\u00e4lterseite angegeben ist. Ansonsten m\u00fcssen auszutauschende Tonnen mit einem Hinweis gekennzeichnet werden. Tauschauftr\u00e4ge ohne Angabe der Beh\u00e4lternummer oder ohne entsprechende Kennzeichnung des Beh\u00e4lters k\u00f6nnen nicht ausgef\u00fchrt werden!<\/span><\/b><\/p>\n","protected":false},"excerpt":{"rendered":"<p>Neubestellungen von Restm\u00fcllbeh\u00e4ltern sind jederzeit m\u00f6glich. \u00c4nderungen des bisher in Anspruch genommenen Beh\u00e4ltervolumens sind dagegen nur jeweils zu Beginn des n\u00e4chsten Quartals m\u00f6glich. \u00c4nderungen zum 1. Januar eines Jahres sind bis zum 30. September des&#8230;<\/p>\n","protected":false},"author":1,"featured_media":3087,"parent":1214,"menu_order":0,"comment_status":"closed","ping_status":"closed","template":"","meta":{"ngg_post_thumbnail":0,"footnotes":""},"class_list":["post-3800","page","type-page","status-publish","has-post-thumbnail","hentry"],"yoast_head":"<!-- This site is optimized with the Yoast SEO plugin v27.2 - https:\/\/yoast.com\/product\/yoast-seo-wordpress\/ -->\n<title>Verteilung und Austausch der Restm\u00fcllbeh\u00e4lter | Stadtverwaltung Mettmann<\/title>\n<meta name=\"robots\" content=\"index, follow, max-snippet:-1, max-image-preview:large, max-video-preview:-1\" \/>\n<link rel=\"canonical\" href=\"https:\/\/www.mettmann.de\/web\/abfallberatungsseiten\/verteilung-und-austausch-der-restmuellbehaelter\/\" \/>\n<meta property=\"og:locale\" content=\"de_DE\" \/>\n<meta property=\"og:type\" content=\"article\" \/>\n<meta property=\"og:title\" content=\"Verteilung und Austausch der Restm\u00fcllbeh\u00e4lter | Stadtverwaltung Mettmann\" \/>\n<meta property=\"og:description\" content=\"Neubestellungen von Restm\u00fcllbeh\u00e4ltern sind jederzeit m\u00f6glich. \u00c4nderungen des bisher in Anspruch genommenen Beh\u00e4ltervolumens sind dagegen nur jeweils zu Beginn des n\u00e4chsten Quartals m\u00f6glich. \u00c4nderungen zum 1. Januar eines Jahres sind bis zum 30. September des...\" \/>\n<meta property=\"og:url\" content=\"https:\/\/www.mettmann.de\/web\/abfallberatungsseiten\/verteilung-und-austausch-der-restmuellbehaelter\/\" \/>\n<meta property=\"og:site_name\" content=\"Stadtverwaltung Mettmann\" \/>\n<meta property=\"article:publisher\" content=\"https:\/\/www.facebook.com\/kreisstadt.mettmann\" \/>\n<meta property=\"article:modified_time\" content=\"2020-02-12T10:00:05+00:00\" \/>\n<meta property=\"og:image\" content=\"https:\/\/www.mettmann.de\/web\/wp-content\/uploads\/2019\/12\/M\u00fclltonnen.jpg\" \/>\n\t<meta property=\"og:image:width\" content=\"5312\" \/>\n\t<meta property=\"og:image:height\" content=\"2988\" \/>\n\t<meta property=\"og:image:type\" content=\"image\/jpeg\" \/>\n<meta name=\"twitter:card\" content=\"summary_large_image\" \/>\n<meta name=\"twitter:label1\" content=\"Gesch\u00e4tzte Lesezeit\" \/>\n\t<meta name=\"twitter:data1\" content=\"2\u00a0Minuten\" \/>\n<script type=\"application\/ld+json\" class=\"yoast-schema-graph\">{\"@context\":\"https:\/\/schema.org\",\"@graph\":[{\"@type\":\"WebPage\",\"@id\":\"https:\/\/www.mettmann.de\/web\/abfallberatungsseiten\/verteilung-und-austausch-der-restmuellbehaelter\/\",\"url\":\"https:\/\/www.mettmann.de\/web\/abfallberatungsseiten\/verteilung-und-austausch-der-restmuellbehaelter\/\",\"name\":\"Verteilung und Austausch der Restm\u00fcllbeh\u00e4lter | Stadtverwaltung Mettmann\",\"isPartOf\":{\"@id\":\"https:\/\/www.mettmann.de\/web\/#website\"},\"primaryImageOfPage\":{\"@id\":\"https:\/\/www.mettmann.de\/web\/abfallberatungsseiten\/verteilung-und-austausch-der-restmuellbehaelter\/#primaryimage\"},\"image\":{\"@id\":\"https:\/\/www.mettmann.de\/web\/abfallberatungsseiten\/verteilung-und-austausch-der-restmuellbehaelter\/#primaryimage\"},\"thumbnailUrl\":\"https:\/\/www.mettmann.de\/web\/wp-content\/uploads\/2019\/12\/M\u00fclltonnen.jpg\",\"datePublished\":\"2020-02-12T09:57:41+00:00\",\"dateModified\":\"2020-02-12T10:00:05+00:00\",\"breadcrumb\":{\"@id\":\"https:\/\/www.mettmann.de\/web\/abfallberatungsseiten\/verteilung-und-austausch-der-restmuellbehaelter\/#breadcrumb\"},\"inLanguage\":\"de\",\"potentialAction\":[{\"@type\":\"ReadAction\",\"target\":[\"https:\/\/www.mettmann.de\/web\/abfallberatungsseiten\/verteilung-und-austausch-der-restmuellbehaelter\/\"]}]},{\"@type\":\"ImageObject\",\"inLanguage\":\"de\",\"@id\":\"https:\/\/www.mettmann.de\/web\/abfallberatungsseiten\/verteilung-und-austausch-der-restmuellbehaelter\/#primaryimage\",\"url\":\"https:\/\/www.mettmann.de\/web\/wp-content\/uploads\/2019\/12\/M\u00fclltonnen.jpg\",\"contentUrl\":\"https:\/\/www.mettmann.de\/web\/wp-content\/uploads\/2019\/12\/M\u00fclltonnen.jpg\",\"width\":5312,\"height\":2988,\"caption\":\"Archivfoto: Kreisstadt Mettmann\"},{\"@type\":\"BreadcrumbList\",\"@id\":\"https:\/\/www.mettmann.de\/web\/abfallberatungsseiten\/verteilung-und-austausch-der-restmuellbehaelter\/#breadcrumb\",\"itemListElement\":[{\"@type\":\"ListItem\",\"position\":1,\"name\":\"Startseite\",\"item\":\"https:\/\/www.mettmann.de\/web\/\"},{\"@type\":\"ListItem\",\"position\":2,\"name\":\"Abfallberatung online\",\"item\":\"https:\/\/www.mettmann.de\/web\/abfallberatungsseiten\/\"},{\"@type\":\"ListItem\",\"position\":3,\"name\":\"Verteilung und Austausch der Restm\u00fcllbeh\u00e4lter\"}]},{\"@type\":\"WebSite\",\"@id\":\"https:\/\/www.mettmann.de\/web\/#website\",\"url\":\"https:\/\/www.mettmann.de\/web\/\",\"name\":\"Stadtverwaltung Mettmann\",\"description\":\"Internetseite der Kreisstadt Mettmann\",\"publisher\":{\"@id\":\"https:\/\/www.mettmann.de\/web\/#organization\"},\"potentialAction\":[{\"@type\":\"SearchAction\",\"target\":{\"@type\":\"EntryPoint\",\"urlTemplate\":\"https:\/\/www.mettmann.de\/web\/?s={search_term_string}\"},\"query-input\":{\"@type\":\"PropertyValueSpecification\",\"valueRequired\":true,\"valueName\":\"search_term_string\"}}],\"inLanguage\":\"de\"},{\"@type\":\"Organization\",\"@id\":\"https:\/\/www.mettmann.de\/web\/#organization\",\"name\":\"Kreisstadt Mettmann\",\"url\":\"https:\/\/www.mettmann.de\/web\/\",\"logo\":{\"@type\":\"ImageObject\",\"inLanguage\":\"de\",\"@id\":\"https:\/\/www.mettmann.de\/web\/#\/schema\/logo\/image\/\",\"url\":\"https:\/\/www.mettmann.de\/web\/wp-content\/uploads\/2019\/08\/Kreisstadt_Mettmann_Logo_RGB_150dpi.png\",\"contentUrl\":\"https:\/\/www.mettmann.de\/web\/wp-content\/uploads\/2019\/08\/Kreisstadt_Mettmann_Logo_RGB_150dpi.png\",\"width\":1302,\"height\":191,\"caption\":\"Kreisstadt Mettmann\"},\"image\":{\"@id\":\"https:\/\/www.mettmann.de\/web\/#\/schema\/logo\/image\/\"},\"sameAs\":[\"https:\/\/www.facebook.com\/kreisstadt.mettmann\",\"https:\/\/de.wikipedia.org\/wiki\/Mettmann\"]}]}<\/script>\n<!-- \/ Yoast SEO plugin. -->","yoast_head_json":{"title":"Verteilung und Austausch der Restm\u00fcllbeh\u00e4lter | Stadtverwaltung Mettmann","robots":{"index":"index","follow":"follow","max-snippet":"max-snippet:-1","max-image-preview":"max-image-preview:large","max-video-preview":"max-video-preview:-1"},"canonical":"https:\/\/www.mettmann.de\/web\/abfallberatungsseiten\/verteilung-und-austausch-der-restmuellbehaelter\/","og_locale":"de_DE","og_type":"article","og_title":"Verteilung und Austausch der Restm\u00fcllbeh\u00e4lter | Stadtverwaltung Mettmann","og_description":"Neubestellungen von Restm\u00fcllbeh\u00e4ltern sind jederzeit m\u00f6glich. \u00c4nderungen des bisher in Anspruch genommenen Beh\u00e4ltervolumens sind dagegen nur jeweils zu Beginn des n\u00e4chsten Quartals m\u00f6glich. \u00c4nderungen zum 1. Januar eines Jahres sind bis zum 30. September des...","og_url":"https:\/\/www.mettmann.de\/web\/abfallberatungsseiten\/verteilung-und-austausch-der-restmuellbehaelter\/","og_site_name":"Stadtverwaltung Mettmann","article_publisher":"https:\/\/www.facebook.com\/kreisstadt.mettmann","article_modified_time":"2020-02-12T10:00:05+00:00","og_image":[{"width":5312,"height":2988,"url":"https:\/\/www.mettmann.de\/web\/wp-content\/uploads\/2019\/12\/M\u00fclltonnen.jpg","type":"image\/jpeg"}],"twitter_card":"summary_large_image","twitter_misc":{"Gesch\u00e4tzte Lesezeit":"2\u00a0Minuten"},"schema":{"@context":"https:\/\/schema.org","@graph":[{"@type":"WebPage","@id":"https:\/\/www.mettmann.de\/web\/abfallberatungsseiten\/verteilung-und-austausch-der-restmuellbehaelter\/","url":"https:\/\/www.mettmann.de\/web\/abfallberatungsseiten\/verteilung-und-austausch-der-restmuellbehaelter\/","name":"Verteilung und Austausch der Restm\u00fcllbeh\u00e4lter | Stadtverwaltung Mettmann","isPartOf":{"@id":"https:\/\/www.mettmann.de\/web\/#website"},"primaryImageOfPage":{"@id":"https:\/\/www.mettmann.de\/web\/abfallberatungsseiten\/verteilung-und-austausch-der-restmuellbehaelter\/#primaryimage"},"image":{"@id":"https:\/\/www.mettmann.de\/web\/abfallberatungsseiten\/verteilung-und-austausch-der-restmuellbehaelter\/#primaryimage"},"thumbnailUrl":"https:\/\/www.mettmann.de\/web\/wp-content\/uploads\/2019\/12\/M\u00fclltonnen.jpg","datePublished":"2020-02-12T09:57:41+00:00","dateModified":"2020-02-12T10:00:05+00:00","breadcrumb":{"@id":"https:\/\/www.mettmann.de\/web\/abfallberatungsseiten\/verteilung-und-austausch-der-restmuellbehaelter\/#breadcrumb"},"inLanguage":"de","potentialAction":[{"@type":"ReadAction","target":["https:\/\/www.mettmann.de\/web\/abfallberatungsseiten\/verteilung-und-austausch-der-restmuellbehaelter\/"]}]},{"@type":"ImageObject","inLanguage":"de","@id":"https:\/\/www.mettmann.de\/web\/abfallberatungsseiten\/verteilung-und-austausch-der-restmuellbehaelter\/#primaryimage","url":"https:\/\/www.mettmann.de\/web\/wp-content\/uploads\/2019\/12\/M\u00fclltonnen.jpg","contentUrl":"https:\/\/www.mettmann.de\/web\/wp-content\/uploads\/2019\/12\/M\u00fclltonnen.jpg","width":5312,"height":2988,"caption":"Archivfoto: Kreisstadt Mettmann"},{"@type":"BreadcrumbList","@id":"https:\/\/www.mettmann.de\/web\/abfallberatungsseiten\/verteilung-und-austausch-der-restmuellbehaelter\/#breadcrumb","itemListElement":[{"@type":"ListItem","position":1,"name":"Startseite","item":"https:\/\/www.mettmann.de\/web\/"},{"@type":"ListItem","position":2,"name":"Abfallberatung online","item":"https:\/\/www.mettmann.de\/web\/abfallberatungsseiten\/"},{"@type":"ListItem","position":3,"name":"Verteilung und Austausch der Restm\u00fcllbeh\u00e4lter"}]},{"@type":"WebSite","@id":"https:\/\/www.mettmann.de\/web\/#website","url":"https:\/\/www.mettmann.de\/web\/","name":"Stadtverwaltung Mettmann","description":"Internetseite der Kreisstadt Mettmann","publisher":{"@id":"https:\/\/www.mettmann.de\/web\/#organization"},"potentialAction":[{"@type":"SearchAction","target":{"@type":"EntryPoint","urlTemplate":"https:\/\/www.mettmann.de\/web\/?s={search_term_string}"},"query-input":{"@type":"PropertyValueSpecification","valueRequired":true,"valueName":"search_term_string"}}],"inLanguage":"de"},{"@type":"Organization","@id":"https:\/\/www.mettmann.de\/web\/#organization","name":"Kreisstadt Mettmann","url":"https:\/\/www.mettmann.de\/web\/","logo":{"@type":"ImageObject","inLanguage":"de","@id":"https:\/\/www.mettmann.de\/web\/#\/schema\/logo\/image\/","url":"https:\/\/www.mettmann.de\/web\/wp-content\/uploads\/2019\/08\/Kreisstadt_Mettmann_Logo_RGB_150dpi.png","contentUrl":"https:\/\/www.mettmann.de\/web\/wp-content\/uploads\/2019\/08\/Kreisstadt_Mettmann_Logo_RGB_150dpi.png","width":1302,"height":191,"caption":"Kreisstadt Mettmann"},"image":{"@id":"https:\/\/www.mettmann.de\/web\/#\/schema\/logo\/image\/"},"sameAs":["https:\/\/www.facebook.com\/kreisstadt.mettmann","https:\/\/de.wikipedia.org\/wiki\/Mettmann"]}]}},"_links":{"self":[{"href":"https:\/\/www.mettmann.de\/web\/wp-json\/wp\/v2\/pages\/3800","targetHints":{"allow":["GET"]}}],"collection":[{"href":"https:\/\/www.mettmann.de\/web\/wp-json\/wp\/v2\/pages"}],"about":[{"href":"https:\/\/www.mettmann.de\/web\/wp-json\/wp\/v2\/types\/page"}],"author":[{"embeddable":true,"href":"https:\/\/www.mettmann.de\/web\/wp-json\/wp\/v2\/users\/1"}],"replies":[{"embeddable":true,"href":"https:\/\/www.mettmann.de\/web\/wp-json\/wp\/v2\/comments?post=3800"}],"version-history":[{"count":3,"href":"https:\/\/www.mettmann.de\/web\/wp-json\/wp\/v2\/pages\/3800\/revisions"}],"predecessor-version":[{"id":3804,"href":"https:\/\/www.mettmann.de\/web\/wp-json\/wp\/v2\/pages\/3800\/revisions\/3804"}],"up":[{"embeddable":true,"href":"https:\/\/www.mettmann.de\/web\/wp-json\/wp\/v2\/pages\/1214"}],"wp:featuredmedia":[{"embeddable":true,"href":"https:\/\/www.mettmann.de\/web\/wp-json\/wp\/v2\/media\/3087"}],"wp:attachment":[{"href":"https:\/\/www.mettmann.de\/web\/wp-json\/wp\/v2\/media?parent=3800"}],"curies":[{"name":"wp","href":"https:\/\/api.w.org\/{rel}","templated":true}]}}