{"id":3842,"date":"2020-02-12T13:37:28","date_gmt":"2020-02-12T12:37:28","guid":{"rendered":"https:\/\/www.mettmann.de\/web\/?page_id=3842"},"modified":"2021-01-22T10:06:17","modified_gmt":"2021-01-22T09:06:17","slug":"restmuellabfuhr","status":"publish","type":"page","link":"https:\/\/www.mettmann.de\/web\/abfallberatungsseiten\/restmuellabfuhr\/","title":{"rendered":"Restm\u00fcllabfuhr"},"content":{"rendered":"<div id=\"attachment_3087\" style=\"width: 5322px\" class=\"wp-caption alignnone\"><img loading=\"lazy\" decoding=\"async\" aria-describedby=\"caption-attachment-3087\" class=\"size-full wp-image-3087\" src=\"https:\/\/www.mettmann.de\/web\/wp-content\/uploads\/2019\/12\/M\u00fclltonnen.jpg\" alt=\"Restm\u00fcll\" width=\"5312\" height=\"2988\" srcset=\"https:\/\/www.mettmann.de\/web\/wp-content\/uploads\/2019\/12\/M\u00fclltonnen.jpg 5312w, https:\/\/www.mettmann.de\/web\/wp-content\/uploads\/2019\/12\/M\u00fclltonnen-300x169.jpg 300w, https:\/\/www.mettmann.de\/web\/wp-content\/uploads\/2019\/12\/M\u00fclltonnen-768x432.jpg 768w, https:\/\/www.mettmann.de\/web\/wp-content\/uploads\/2019\/12\/M\u00fclltonnen-1024x576.jpg 1024w, https:\/\/www.mettmann.de\/web\/wp-content\/uploads\/2019\/12\/M\u00fclltonnen-777x437.jpg 777w, https:\/\/www.mettmann.de\/web\/wp-content\/uploads\/2019\/12\/M\u00fclltonnen-260x146.jpg 260w, https:\/\/www.mettmann.de\/web\/wp-content\/uploads\/2019\/12\/M\u00fclltonnen-120x67.jpg 120w\" sizes=\"auto, (max-width: 5312px) 100vw, 5312px\" \/><p id=\"caption-attachment-3087\" class=\"wp-caption-text\">Archivfoto: Kreisstadt Mettmann<\/p><\/div>\n<p><strong>Zum Restm\u00fcll geh\u00f6rt ausschlie\u00dflich brennbarer Hausm\u00fcll, der nicht verwertet werden kann und f\u00fcr die Entsorgung in einer M\u00fcllverbrennungsanlage geeignet ist!<\/strong><\/p>\n<p class=\"eingerueckt40\">Zum Beispiel gekochte und zubereitete Speisereste, verdorbene und nicht mehr verzehrbare Lebensmittel, Staubsaugerbeutel, nicht verwertbare Haushaltsutensilien, Windeln und Hygienepapiere, Staubsaugerbeutel, Kehricht, Katzen- und Kleintierstreu, Asche und sonstiger brennbarer, nicht verwertbarer Hausm\u00fcll.<\/p>\n<p><b><span style=\"color: red;\">In die Restm\u00fcllbeh\u00e4lter d\u00fcrfen grunds\u00e4tzlich keine Abf\u00e4lle eingef\u00fcllt werden, die nicht f\u00fcr die M\u00fcllverbrennung geeignet sind!<\/span><\/b><\/p>\n<h3>8 verschiedene Beh\u00e4ltergr\u00f6\u00dfen<\/h3>\n<p class=\"eingerueckt40\">Sie haben die Wahl zwischen f\u00fcnf verschiedenen Restm\u00fclltonnengr\u00f6\u00dfen: 40, 60, 80, 120 oder 240 Liter. Die Au\u00dfenma\u00dfe der angebotenen Restm\u00fclltonnen bis zu 120 Liter Nutzinhalt sind \u00fcbrigens nahezu identisch. Die Volumenreduzierung erfolgt n\u00e4mlich durch entsprechende Eins\u00e4tze oder einen erh\u00f6hten Boden in dem Beh\u00e4lter.<\/p>\n<p>Dar\u00fcber hinaus bieten wir f\u00fcr gr\u00f6\u00dfere Wohnobjekte Restm\u00fcllcontainer in den Gr\u00f6\u00dfen 660 Liter, 770 Liter und wie bisher 1.100 Liter an. Die jeweils f\u00e4lligen Jahreskosten finden Sie unter <a class=\"infohomepage\" title=\"Aktuelle Abfallgeb\u00fchren\" href=\"\/web\/?page_id=3831\">Abfallgeb\u00fchren<\/a>.<\/p>\n<h3>Leerung alle 14 Tage in den geraden Kalenderwochen<\/h3>\n<p class=\"eingerueckt40\">Die Restm\u00fcllabfuhr erfolgt grunds\u00e4tzlich alle 14 Tage und immer in den geraden Kalenderwochen, also in der zweiten, vierten, sechsten Kalenderwoche usw. Lediglich bei den Restm\u00fcllcontainern mit 1.100 Liter Fassungsvolumen bieten wir davon abweichende Leerungsh\u00e4ufigkeiten an.<\/p>\n<h3>Welche Beh\u00e4ltergr\u00f6\u00dfe brauchen Sie?<\/h3>\n<p class=\"eingerueckt40\">Ma\u00dfgeblich sind zun\u00e4chst die Regelungen in der Abfallentsorgungssatzung sowie in der Abfallgeb\u00fchrensatzung der Stadt Mettmann in ihren jeweils g\u00fcltigen Fassungen. Grunds\u00e4tzlich ist f\u00fcr die Restm\u00fcllentsorgung ein Mindestvolumen von 30 Litern pro Person in 14 Tagen festgelegt. Bei Nutzung s\u00e4mtlicher Verwertungsangebote wie Altpapier- und Bioabfallsammlung ist die Reduzierung des Mindestvolumens f\u00fcr die Restm\u00fcllentsorgung auf 20 Liter pro Person in 14 Tagen und in Ausnahmef\u00e4llen und auf schriftlichen Antrag in H\u00f6he von sogar blo\u00df 15 Litern pro Person in 14 Tagen m\u00f6glich. Sollte jedoch festgestellt werden, dass das die bereitgestellte Beh\u00e4ltergr\u00f6\u00dfe nicht ausreichen sollte und zum Beispiel der Beh\u00e4lterdeckel regelm\u00e4\u00dfig wegen \u00dcberf\u00fcllung offen steht, werden wir ohne weitere Aufforderung die n\u00e4chst gr\u00f6\u00dfere Restm\u00fclltonne zur Verf\u00fcgung stellen und berechnen.<\/p>\n<p>Eine Unterschreitung von 40 Liter Beh\u00e4ltervolumen ist \u00fcbrigens aus technischen Gr\u00fcnden nicht m\u00f6glich. Es besteht jedoch die M\u00f6glichkeit, eine Entsorgungsgemeinschaft f\u00fcr zwei benachbarte Grundst\u00fccke zu beantragen. Sofern dies nicht m\u00f6glich ist, kann in besonders begr\u00fcndeten Ausnahmef\u00e4llen f\u00fcr Einpersonenhaushalte auch eine 4-w\u00f6chentliche Leerungsh\u00e4ufigkeit der 40-l-Restm\u00fclltonne zugelassen werden.<\/p>\n<p>Bei Mehrfamilienh\u00e4usern empfiehlt sich grunds\u00e4tzlich eine gemeinsame Nutzung eines oder mehrerer Abfallbeh\u00e4lter(s) von einzelnen Hausbewohnern, Wohnparteien oder idealerweise durch die gesamte Hausgemeinschaft. Alternativ m\u00fcsste schlie\u00dflich jedem Haushalt ein eigens genutzter Abfallbeh\u00e4lter zur Verf\u00fcgung gestellt werden. Dies kann schnell zu Standplatz- oder Raumproblemen f\u00fcr die Unterbringung der Abfallbeh\u00e4lter auf dem Grundst\u00fcck oder in dem Geb\u00e4ude f\u00fchren.<\/p>\n<h3>\u00c4nderung der Beh\u00e4ltergr\u00f6\u00dfe<\/h3>\n<p class=\"eingerueckt40\">Eine \u00c4nderung der gew\u00e4hlten Beh\u00e4ltergr\u00f6\u00dfe ist \u00fcbrigens auch innerhalb eines Kalenderjahres jeweils zum Quartalsbeginn m\u00f6glich, wenn diese sp\u00e4testens 4 Wochen vor Beginn des neuen Quartals vom Grundst\u00fcckseigent\u00fcmer beantragt wurde. F\u00fcr vor\u00fcbergehenden Mehrbedarf bzw. ausnahmsweise oder einmalig mehr anfallenden Restm\u00fcll bieten wir Ihnen so genannte Zukaufs\u00e4cke an, die Sie dann bei Bedarf an dem Leerungstag Ihrer Restm\u00fclltonne zus\u00e4tzlich zur Abholung bereitstellen k\u00f6nnen.<\/p>\n<h3>Zukaufs\u00e4cke f\u00fcr vor\u00fcbergehenden Mehrbedarf<\/h3>\n<p class=\"eingerueckt40\">Reicht Ihre Restm\u00fclltonne einmal nicht aus \u2013 zum Beispiel bei Renovierung, Entr\u00fcmpelung oder beim Ausmisten? Kein Problem! F\u00fcr vor\u00fcbergehenden Mehrbedarf f\u00fcr Ihren Restm\u00fcll bzw. ausnahmsweise oder einmalig mehr anfallende Abf\u00e4lle, die sich zum Einsammeln in Abfalls\u00e4cken eignen, bieten wir Ihnen so genannte Zukaufs\u00e4cke an, die Sie dann bei Bedarf an dem Leerungstag Ihrer Restm\u00fclltonne zus\u00e4tzlich zur Abholung bereitstellen k\u00f6nnen. Die Abfalls\u00e4cke d\u00fcrfen jedoch nach deren Bef\u00fcllung nicht mehr als 15 kg wiegen und sind zum St\u00fcckpreis von 6,00 Euro im B\u00fcrgerservice und auf dem Recyclinghof zu den \u00fcblichen \u00d6ffnungszeiten erh\u00e4ltlich.<\/p>\n<h3>Unterbringung der Restm\u00fcllbeh\u00e4lter<\/h3>\n<p class=\"eingerueckt40\">Die Abfallbeh\u00e4lter sollten frei zug\u00e4nglich f\u00fcr alle Hausbewohner idealerweise auf dem Au\u00dfengel\u00e4nde des Grundst\u00fccks aufgestellt werden. Findet sich jedoch keine M\u00f6glichkeit, die Abfallbeh\u00e4lter f\u00fcr den Restm\u00fcll drau\u00dfen auf dem Grundst\u00fcck, im Hinterhof, in der Garagenzufahrt oder an anderen geeigneten Stellen im Au\u00dfenbereich aufzustellen, m\u00fcssen die Restm\u00fclltonnen im Geb\u00e4ude untergebracht werden. Zum Beispiel in R\u00e4umen, in denen \u00fcblicherweise auch Fahrr\u00e4der und Kinderwagen untergebracht sind.<\/p>\n<p>Die Restm\u00fclltonnen lassen sich schlie\u00dflich rollen und m\u00fcssen nicht getragen werden. Die Beh\u00e4lter k\u00f6nnen somit ohne gro\u00dfe M\u00fche auch \u00fcber Treppenstufen und ebenso \u00fcber l\u00e4ngere Strecken sowie auch gleicherma\u00dfen von \u00e4lteren Menschen bewegt werden.<\/p>\n<p>F\u00fcr die Leerung sind die Restm\u00fclltonnen und Restm\u00fcllcontainer unabh\u00e4ngig vom gew\u00e4hlten dauerhaften Standplatz am Gehweg der Erschlie\u00dfungsstra\u00dfe bzw. an dem von der Stadt Mettmann festgelegten Abhol-\/Leerungsort bereitzustellen.<\/p>\n<h3>Abfallentsorgung gestalten &#8211; statt nur einfach alles weg!<\/h3>\n<p class=\"eingerueckt40\">Mit M\u00fclltonnenschr\u00e4nken, so genannten M\u00fclltonnenstr\u00fcmpfen mit dekorativen Motiven, die einfach \u00fcber die Abfallbeh\u00e4lter gestreift werden oder mit fest installierten Beh\u00e4ltereinhausungen, die auch noch h\u00fcbsch mit Rankpflanzen dauerhaft begr\u00fcnt werden k\u00f6nnen, l\u00e4sst sich der Standplatz der Abfallbeh\u00e4lter im \u00dcbrigen auch noch h\u00fcbsch gestalten!<\/p>\n<p>F\u00fcr die Aufstellung der Abfallbeh\u00e4lter im Au\u00dfenbereich des Grundst\u00fccks werden im Fach- und Versandhandel sowie im Internet vielf\u00e4ltige Gestaltungsm\u00f6glichkeiten angeboten. Die Verwendung von Aufklebern aller Art ist allerdings grunds\u00e4tzlich nicht zul\u00e4ssig, da sie die Weiterverwendung bei Tausch oder R\u00fcckgabe der Abfallbeh\u00e4lter einschr\u00e4nken w\u00fcrde!<\/p>\n<h3>Weitere Informationen im Info-Shop<\/h3>\n<p>Zahlreiche Tipps und weitere Informationen zur Nutzung der Restm\u00fclltonnen finden Sie in unserer nach wie vor aktuellen Brosch\u00fcre <a href=\"\/web\/download\/abfallberatung_broschuere_rmt_2015.pdf\" target=\"_blank\" rel=\"noopener\">Restm\u00fcllabfuhr 2015 plus!<\/a><\/p>\n","protected":false},"excerpt":{"rendered":"<p>Zum Restm\u00fcll geh\u00f6rt ausschlie\u00dflich brennbarer Hausm\u00fcll, der nicht verwertet werden kann und f\u00fcr die Entsorgung in einer M\u00fcllverbrennungsanlage geeignet ist! Zum Beispiel gekochte und zubereitete Speisereste, verdorbene und nicht mehr verzehrbare Lebensmittel, Staubsaugerbeutel, nicht verwertbare&#8230;<\/p>\n","protected":false},"author":1,"featured_media":3087,"parent":1214,"menu_order":5,"comment_status":"closed","ping_status":"closed","template":"","meta":{"ngg_post_thumbnail":0,"footnotes":""},"class_list":["post-3842","page","type-page","status-publish","has-post-thumbnail","hentry"],"yoast_head":"<!-- This site is optimized with the Yoast SEO plugin v27.2 - https:\/\/yoast.com\/product\/yoast-seo-wordpress\/ -->\n<title>Restm\u00fcllabfuhr | Stadtverwaltung Mettmann<\/title>\n<meta name=\"robots\" content=\"index, follow, max-snippet:-1, max-image-preview:large, max-video-preview:-1\" \/>\n<link rel=\"canonical\" href=\"https:\/\/www.mettmann.de\/web\/abfallberatungsseiten\/restmuellabfuhr\/\" \/>\n<meta property=\"og:locale\" content=\"de_DE\" \/>\n<meta property=\"og:type\" content=\"article\" \/>\n<meta property=\"og:title\" content=\"Restm\u00fcllabfuhr | Stadtverwaltung Mettmann\" \/>\n<meta property=\"og:description\" content=\"Zum Restm\u00fcll geh\u00f6rt ausschlie\u00dflich brennbarer Hausm\u00fcll, der nicht verwertet werden kann und f\u00fcr die Entsorgung in einer M\u00fcllverbrennungsanlage geeignet ist! Zum Beispiel gekochte und zubereitete Speisereste, verdorbene und nicht mehr verzehrbare Lebensmittel, Staubsaugerbeutel, nicht verwertbare...\" \/>\n<meta property=\"og:url\" content=\"https:\/\/www.mettmann.de\/web\/abfallberatungsseiten\/restmuellabfuhr\/\" \/>\n<meta property=\"og:site_name\" content=\"Stadtverwaltung Mettmann\" \/>\n<meta property=\"article:publisher\" content=\"https:\/\/www.facebook.com\/kreisstadt.mettmann\" \/>\n<meta property=\"article:modified_time\" content=\"2021-01-22T09:06:17+00:00\" \/>\n<meta property=\"og:image\" content=\"https:\/\/www.mettmann.de\/web\/wp-content\/uploads\/2019\/12\/M\u00fclltonnen.jpg\" \/>\n\t<meta property=\"og:image:width\" content=\"5312\" \/>\n\t<meta property=\"og:image:height\" content=\"2988\" \/>\n\t<meta property=\"og:image:type\" content=\"image\/jpeg\" \/>\n<meta name=\"twitter:card\" content=\"summary_large_image\" \/>\n<meta name=\"twitter:label1\" content=\"Gesch\u00e4tzte Lesezeit\" \/>\n\t<meta name=\"twitter:data1\" content=\"5\u00a0Minuten\" \/>\n<script type=\"application\/ld+json\" class=\"yoast-schema-graph\">{\"@context\":\"https:\/\/schema.org\",\"@graph\":[{\"@type\":\"WebPage\",\"@id\":\"https:\/\/www.mettmann.de\/web\/abfallberatungsseiten\/restmuellabfuhr\/\",\"url\":\"https:\/\/www.mettmann.de\/web\/abfallberatungsseiten\/restmuellabfuhr\/\",\"name\":\"Restm\u00fcllabfuhr | Stadtverwaltung Mettmann\",\"isPartOf\":{\"@id\":\"https:\/\/www.mettmann.de\/web\/#website\"},\"primaryImageOfPage\":{\"@id\":\"https:\/\/www.mettmann.de\/web\/abfallberatungsseiten\/restmuellabfuhr\/#primaryimage\"},\"image\":{\"@id\":\"https:\/\/www.mettmann.de\/web\/abfallberatungsseiten\/restmuellabfuhr\/#primaryimage\"},\"thumbnailUrl\":\"https:\/\/www.mettmann.de\/web\/wp-content\/uploads\/2019\/12\/M\u00fclltonnen.jpg\",\"datePublished\":\"2020-02-12T12:37:28+00:00\",\"dateModified\":\"2021-01-22T09:06:17+00:00\",\"breadcrumb\":{\"@id\":\"https:\/\/www.mettmann.de\/web\/abfallberatungsseiten\/restmuellabfuhr\/#breadcrumb\"},\"inLanguage\":\"de\",\"potentialAction\":[{\"@type\":\"ReadAction\",\"target\":[\"https:\/\/www.mettmann.de\/web\/abfallberatungsseiten\/restmuellabfuhr\/\"]}]},{\"@type\":\"ImageObject\",\"inLanguage\":\"de\",\"@id\":\"https:\/\/www.mettmann.de\/web\/abfallberatungsseiten\/restmuellabfuhr\/#primaryimage\",\"url\":\"https:\/\/www.mettmann.de\/web\/wp-content\/uploads\/2019\/12\/M\u00fclltonnen.jpg\",\"contentUrl\":\"https:\/\/www.mettmann.de\/web\/wp-content\/uploads\/2019\/12\/M\u00fclltonnen.jpg\",\"width\":5312,\"height\":2988,\"caption\":\"Archivfoto: Kreisstadt Mettmann\"},{\"@type\":\"BreadcrumbList\",\"@id\":\"https:\/\/www.mettmann.de\/web\/abfallberatungsseiten\/restmuellabfuhr\/#breadcrumb\",\"itemListElement\":[{\"@type\":\"ListItem\",\"position\":1,\"name\":\"Startseite\",\"item\":\"https:\/\/www.mettmann.de\/web\/\"},{\"@type\":\"ListItem\",\"position\":2,\"name\":\"Abfallberatung online\",\"item\":\"https:\/\/www.mettmann.de\/web\/abfallberatungsseiten\/\"},{\"@type\":\"ListItem\",\"position\":3,\"name\":\"Restm\u00fcllabfuhr\"}]},{\"@type\":\"WebSite\",\"@id\":\"https:\/\/www.mettmann.de\/web\/#website\",\"url\":\"https:\/\/www.mettmann.de\/web\/\",\"name\":\"Stadtverwaltung Mettmann\",\"description\":\"Internetseite der Kreisstadt Mettmann\",\"publisher\":{\"@id\":\"https:\/\/www.mettmann.de\/web\/#organization\"},\"potentialAction\":[{\"@type\":\"SearchAction\",\"target\":{\"@type\":\"EntryPoint\",\"urlTemplate\":\"https:\/\/www.mettmann.de\/web\/?s={search_term_string}\"},\"query-input\":{\"@type\":\"PropertyValueSpecification\",\"valueRequired\":true,\"valueName\":\"search_term_string\"}}],\"inLanguage\":\"de\"},{\"@type\":\"Organization\",\"@id\":\"https:\/\/www.mettmann.de\/web\/#organization\",\"name\":\"Kreisstadt Mettmann\",\"url\":\"https:\/\/www.mettmann.de\/web\/\",\"logo\":{\"@type\":\"ImageObject\",\"inLanguage\":\"de\",\"@id\":\"https:\/\/www.mettmann.de\/web\/#\/schema\/logo\/image\/\",\"url\":\"https:\/\/www.mettmann.de\/web\/wp-content\/uploads\/2019\/08\/Kreisstadt_Mettmann_Logo_RGB_150dpi.png\",\"contentUrl\":\"https:\/\/www.mettmann.de\/web\/wp-content\/uploads\/2019\/08\/Kreisstadt_Mettmann_Logo_RGB_150dpi.png\",\"width\":1302,\"height\":191,\"caption\":\"Kreisstadt Mettmann\"},\"image\":{\"@id\":\"https:\/\/www.mettmann.de\/web\/#\/schema\/logo\/image\/\"},\"sameAs\":[\"https:\/\/www.facebook.com\/kreisstadt.mettmann\",\"https:\/\/de.wikipedia.org\/wiki\/Mettmann\"]}]}<\/script>\n<!-- \/ Yoast SEO plugin. -->","yoast_head_json":{"title":"Restm\u00fcllabfuhr | Stadtverwaltung Mettmann","robots":{"index":"index","follow":"follow","max-snippet":"max-snippet:-1","max-image-preview":"max-image-preview:large","max-video-preview":"max-video-preview:-1"},"canonical":"https:\/\/www.mettmann.de\/web\/abfallberatungsseiten\/restmuellabfuhr\/","og_locale":"de_DE","og_type":"article","og_title":"Restm\u00fcllabfuhr | Stadtverwaltung Mettmann","og_description":"Zum Restm\u00fcll geh\u00f6rt ausschlie\u00dflich brennbarer Hausm\u00fcll, der nicht verwertet werden kann und f\u00fcr die Entsorgung in einer M\u00fcllverbrennungsanlage geeignet ist! Zum Beispiel gekochte und zubereitete Speisereste, verdorbene und nicht mehr verzehrbare Lebensmittel, Staubsaugerbeutel, nicht verwertbare...","og_url":"https:\/\/www.mettmann.de\/web\/abfallberatungsseiten\/restmuellabfuhr\/","og_site_name":"Stadtverwaltung Mettmann","article_publisher":"https:\/\/www.facebook.com\/kreisstadt.mettmann","article_modified_time":"2021-01-22T09:06:17+00:00","og_image":[{"width":5312,"height":2988,"url":"https:\/\/www.mettmann.de\/web\/wp-content\/uploads\/2019\/12\/M\u00fclltonnen.jpg","type":"image\/jpeg"}],"twitter_card":"summary_large_image","twitter_misc":{"Gesch\u00e4tzte Lesezeit":"5\u00a0Minuten"},"schema":{"@context":"https:\/\/schema.org","@graph":[{"@type":"WebPage","@id":"https:\/\/www.mettmann.de\/web\/abfallberatungsseiten\/restmuellabfuhr\/","url":"https:\/\/www.mettmann.de\/web\/abfallberatungsseiten\/restmuellabfuhr\/","name":"Restm\u00fcllabfuhr | Stadtverwaltung Mettmann","isPartOf":{"@id":"https:\/\/www.mettmann.de\/web\/#website"},"primaryImageOfPage":{"@id":"https:\/\/www.mettmann.de\/web\/abfallberatungsseiten\/restmuellabfuhr\/#primaryimage"},"image":{"@id":"https:\/\/www.mettmann.de\/web\/abfallberatungsseiten\/restmuellabfuhr\/#primaryimage"},"thumbnailUrl":"https:\/\/www.mettmann.de\/web\/wp-content\/uploads\/2019\/12\/M\u00fclltonnen.jpg","datePublished":"2020-02-12T12:37:28+00:00","dateModified":"2021-01-22T09:06:17+00:00","breadcrumb":{"@id":"https:\/\/www.mettmann.de\/web\/abfallberatungsseiten\/restmuellabfuhr\/#breadcrumb"},"inLanguage":"de","potentialAction":[{"@type":"ReadAction","target":["https:\/\/www.mettmann.de\/web\/abfallberatungsseiten\/restmuellabfuhr\/"]}]},{"@type":"ImageObject","inLanguage":"de","@id":"https:\/\/www.mettmann.de\/web\/abfallberatungsseiten\/restmuellabfuhr\/#primaryimage","url":"https:\/\/www.mettmann.de\/web\/wp-content\/uploads\/2019\/12\/M\u00fclltonnen.jpg","contentUrl":"https:\/\/www.mettmann.de\/web\/wp-content\/uploads\/2019\/12\/M\u00fclltonnen.jpg","width":5312,"height":2988,"caption":"Archivfoto: Kreisstadt Mettmann"},{"@type":"BreadcrumbList","@id":"https:\/\/www.mettmann.de\/web\/abfallberatungsseiten\/restmuellabfuhr\/#breadcrumb","itemListElement":[{"@type":"ListItem","position":1,"name":"Startseite","item":"https:\/\/www.mettmann.de\/web\/"},{"@type":"ListItem","position":2,"name":"Abfallberatung online","item":"https:\/\/www.mettmann.de\/web\/abfallberatungsseiten\/"},{"@type":"ListItem","position":3,"name":"Restm\u00fcllabfuhr"}]},{"@type":"WebSite","@id":"https:\/\/www.mettmann.de\/web\/#website","url":"https:\/\/www.mettmann.de\/web\/","name":"Stadtverwaltung Mettmann","description":"Internetseite der Kreisstadt Mettmann","publisher":{"@id":"https:\/\/www.mettmann.de\/web\/#organization"},"potentialAction":[{"@type":"SearchAction","target":{"@type":"EntryPoint","urlTemplate":"https:\/\/www.mettmann.de\/web\/?s={search_term_string}"},"query-input":{"@type":"PropertyValueSpecification","valueRequired":true,"valueName":"search_term_string"}}],"inLanguage":"de"},{"@type":"Organization","@id":"https:\/\/www.mettmann.de\/web\/#organization","name":"Kreisstadt Mettmann","url":"https:\/\/www.mettmann.de\/web\/","logo":{"@type":"ImageObject","inLanguage":"de","@id":"https:\/\/www.mettmann.de\/web\/#\/schema\/logo\/image\/","url":"https:\/\/www.mettmann.de\/web\/wp-content\/uploads\/2019\/08\/Kreisstadt_Mettmann_Logo_RGB_150dpi.png","contentUrl":"https:\/\/www.mettmann.de\/web\/wp-content\/uploads\/2019\/08\/Kreisstadt_Mettmann_Logo_RGB_150dpi.png","width":1302,"height":191,"caption":"Kreisstadt Mettmann"},"image":{"@id":"https:\/\/www.mettmann.de\/web\/#\/schema\/logo\/image\/"},"sameAs":["https:\/\/www.facebook.com\/kreisstadt.mettmann","https:\/\/de.wikipedia.org\/wiki\/Mettmann"]}]}},"_links":{"self":[{"href":"https:\/\/www.mettmann.de\/web\/wp-json\/wp\/v2\/pages\/3842","targetHints":{"allow":["GET"]}}],"collection":[{"href":"https:\/\/www.mettmann.de\/web\/wp-json\/wp\/v2\/pages"}],"about":[{"href":"https:\/\/www.mettmann.de\/web\/wp-json\/wp\/v2\/types\/page"}],"author":[{"embeddable":true,"href":"https:\/\/www.mettmann.de\/web\/wp-json\/wp\/v2\/users\/1"}],"replies":[{"embeddable":true,"href":"https:\/\/www.mettmann.de\/web\/wp-json\/wp\/v2\/comments?post=3842"}],"version-history":[{"count":5,"href":"https:\/\/www.mettmann.de\/web\/wp-json\/wp\/v2\/pages\/3842\/revisions"}],"predecessor-version":[{"id":9952,"href":"https:\/\/www.mettmann.de\/web\/wp-json\/wp\/v2\/pages\/3842\/revisions\/9952"}],"up":[{"embeddable":true,"href":"https:\/\/www.mettmann.de\/web\/wp-json\/wp\/v2\/pages\/1214"}],"wp:featuredmedia":[{"embeddable":true,"href":"https:\/\/www.mettmann.de\/web\/wp-json\/wp\/v2\/media\/3087"}],"wp:attachment":[{"href":"https:\/\/www.mettmann.de\/web\/wp-json\/wp\/v2\/media?parent=3842"}],"curies":[{"name":"wp","href":"https:\/\/api.w.org\/{rel}","templated":true}]}}