{"id":3856,"date":"2020-02-12T14:09:28","date_gmt":"2020-02-12T13:09:28","guid":{"rendered":"https:\/\/www.mettmann.de\/web\/?page_id=3856"},"modified":"2024-03-11T11:14:44","modified_gmt":"2024-03-11T10:14:44","slug":"abfall-wegweiser-sortieranleitung","status":"publish","type":"page","link":"https:\/\/www.mettmann.de\/web\/abfallberatungsseiten\/abfall-wegweiser-sortieranleitung\/","title":{"rendered":"Abfall-Wegweiser: Sortieranleitung"},"content":{"rendered":"<p>Die Sortieranleitung der Stadt Mettmann gibt es im DIN A4 Format zum Download neben der deutschen Fassung auch in den Sprachen Englisch, Arabisch, Franz\u00f6sisch, Polnisch, Russisch, T\u00fcrkisch, Albanisch und Persisch.<\/p>\n<p>In den jeweiligen \u00dcbersetzungen ist aufgef\u00fchrt, wie man Abf\u00e4lle von Wertstoffen trennt und was genau in die Restm\u00fcllbeh\u00e4lter, in die Gelben S\u00e4cke, in die Blaue Tonne und in die Biotonne sowie in die Altglascontainer geh\u00f6rt. Damit auch unsere ausl\u00e4ndischen Mitb\u00fcrgerinnen und Mitb\u00fcrger sich jeweils in ihrer Landessprache genau informieren k\u00f6nnen, wie man den Abfall in Mettmann richtig sortiert.<\/p>\n<h3>Download<\/h3>\n<ul>\n<li><a href=\"\/web\/download\/abfallberatung_wegweiser_2021_info.pdf\" target=\"_blank\" rel=\"noopener noreferrer\"><strong>Sortieranleitung der Kreisstadt Mettmann<\/strong><\/a><\/li>\n<li><a href=\"\/web\/download\/abfallberatung_sortieranleitung-englisch.pdf\" target=\"_blank\" rel=\"noopener noreferrer\">Sortieranleitung in <strong>Englisch<\/strong><\/a><\/li>\n<li><a href=\"\/web\/download\/abfallberatung_sortieranleitung-arabisch.pdf\" target=\"_blank\" rel=\"noopener noreferrer\">Sortieranleitung in <strong>Arabisch<\/strong><\/a><\/li>\n<li><a href=\"\/web\/download\/abfallberatung_sortieranleitung-franzoesisch.pdf\" target=\"_blank\" rel=\"noopener noreferrer\">Sortieranleitung in <strong>Franz\u00f6sisch<\/strong><\/a><\/li>\n<li><a href=\"\/web\/download\/abfallberatung_sortieranleitung-polnisch.pdf\" target=\"_blank\" rel=\"noopener noreferrer\">Sortieranleitung in <strong>Polnisch<\/strong><\/a><\/li>\n<li><a href=\"\/web\/download\/abfallberatung_sortieranleitung-russisch.pdf\" target=\"_blank\" rel=\"noopener noreferrer\">Sortieranleitung in <strong>Russisch<\/strong><\/a><\/li>\n<li><a href=\"\/web\/download\/abfallberatung_sortieranleitung-tuerkisch.pdf\" target=\"_blank\" rel=\"noopener noreferrer\">Sortieranleitung in <strong>T\u00fcrkisch<\/strong><\/a><\/li>\n<li><a href=\"\/web\/download\/abfallberatung_sortieranleitung-albanisch.pdf\" target=\"_blank\" rel=\"noopener noreferrer\">Sortieranleitung in <strong>Albanisch<\/strong><\/a><\/li>\n<li><a href=\"\/web\/download\/abfallberatung_sortieranleitung-persisch.pdf\" target=\"_blank\" rel=\"noopener noreferrer\">Sortieranleitung in <strong>Persisch<\/strong><\/a><\/li>\n<\/ul>\n<h3>Sortierhinweise auf einen Blick<\/h3>\n<p>In unserem Abfall-Wegweiser f\u00fcr Mettmann finden Sie wie gewohnt neben Sortierhinweisen in kompakter Form alle wichtigen Informationen zur Restm\u00fcllabfuhr, Wertstoffsammlung und Schadstofferfassung wie zum Beispiel angebotene Beh\u00e4ltergr\u00f6\u00dfen, Leerungsh\u00e4ufigkeiten, Hinweise zur Bestellung von Abfallbeh\u00e4ltern sowie die jeweiligen Zust\u00e4ndigkeiten.<\/p>\n<p>Dar\u00fcber hinaus sind zus\u00e4tzlich hilfreiche Tipps und die Annahmekriterien zu den wichtigsten Angeboten auf dem Recyclinghof in der Hammerstra\u00dfe 31 angegeben. Zum Beispiel wie Elektroger\u00e4te gesondert erfasst werden m\u00fcssen, was in die Gr\u00fcnabfallsammlung geh\u00f6rt und welche Bau- und Renovierungsabf\u00e4lle getrennt nach Bauholz, Bauschutt und Baumischabfall kostenpflichtig angenommen werden.<\/p>\n<p><a href=\"\/web\/download\/abfallberatung_wegweiser_2021_info.pdf\" target=\"_blank\" rel=\"noopener noreferrer\"><img loading=\"lazy\" decoding=\"async\" class=\"alignnone size-full wp-image-9531\" src=\"https:\/\/www.mettmann.de\/web\/wp-content\/uploads\/2021\/01\/abfallberatung_wegweiser_2021.jpg\" alt=\"Abfall-Wegweiser\" width=\"1226\" height=\"840\" srcset=\"https:\/\/www.mettmann.de\/web\/wp-content\/uploads\/2021\/01\/abfallberatung_wegweiser_2021.jpg 1226w, https:\/\/www.mettmann.de\/web\/wp-content\/uploads\/2021\/01\/abfallberatung_wegweiser_2021-300x206.jpg 300w, https:\/\/www.mettmann.de\/web\/wp-content\/uploads\/2021\/01\/abfallberatung_wegweiser_2021-1024x702.jpg 1024w, https:\/\/www.mettmann.de\/web\/wp-content\/uploads\/2021\/01\/abfallberatung_wegweiser_2021-768x526.jpg 768w\" sizes=\"auto, (max-width: 1226px) 100vw, 1226px\" \/><\/a><\/p>\n","protected":false},"excerpt":{"rendered":"<p>Die Sortieranleitung der Stadt Mettmann gibt es im DIN A4 Format zum Download neben der deutschen Fassung auch in den Sprachen Englisch, Arabisch, Franz\u00f6sisch, Polnisch, Russisch, T\u00fcrkisch, Albanisch und Persisch. In den jeweiligen \u00dcbersetzungen ist&#8230;<\/p>\n","protected":false},"author":1,"featured_media":3858,"parent":1214,"menu_order":7,"comment_status":"closed","ping_status":"closed","template":"","meta":{"ngg_post_thumbnail":0,"footnotes":""},"class_list":["post-3856","page","type-page","status-publish","has-post-thumbnail","hentry"],"yoast_head":"<!-- This site is optimized with the Yoast SEO plugin v27.2 - https:\/\/yoast.com\/product\/yoast-seo-wordpress\/ -->\n<title>Abfall-Wegweiser: Sortieranleitung | Stadtverwaltung Mettmann<\/title>\n<meta name=\"robots\" content=\"index, follow, max-snippet:-1, max-image-preview:large, max-video-preview:-1\" \/>\n<link rel=\"canonical\" href=\"https:\/\/www.mettmann.de\/web\/abfallberatungsseiten\/abfall-wegweiser-sortieranleitung\/\" \/>\n<meta property=\"og:locale\" content=\"de_DE\" \/>\n<meta property=\"og:type\" content=\"article\" \/>\n<meta property=\"og:title\" content=\"Abfall-Wegweiser: Sortieranleitung | Stadtverwaltung Mettmann\" \/>\n<meta property=\"og:description\" content=\"Die Sortieranleitung der Stadt Mettmann gibt es im DIN A4 Format zum Download neben der deutschen Fassung auch in den Sprachen Englisch, Arabisch, Franz\u00f6sisch, Polnisch, Russisch, T\u00fcrkisch, Albanisch und Persisch. In den jeweiligen \u00dcbersetzungen ist...\" \/>\n<meta property=\"og:url\" content=\"https:\/\/www.mettmann.de\/web\/abfallberatungsseiten\/abfall-wegweiser-sortieranleitung\/\" \/>\n<meta property=\"og:site_name\" content=\"Stadtverwaltung Mettmann\" \/>\n<meta property=\"article:publisher\" content=\"https:\/\/www.facebook.com\/kreisstadt.mettmann\" \/>\n<meta property=\"article:modified_time\" content=\"2024-03-11T10:14:44+00:00\" \/>\n<meta property=\"og:image\" content=\"https:\/\/www.mettmann.de\/web\/wp-content\/uploads\/2020\/02\/abfallberatung_wegweiser_2020.jpg\" \/>\n\t<meta property=\"og:image:width\" content=\"800\" \/>\n\t<meta property=\"og:image:height\" content=\"559\" \/>\n\t<meta property=\"og:image:type\" content=\"image\/jpeg\" \/>\n<meta name=\"twitter:card\" content=\"summary_large_image\" \/>\n<meta name=\"twitter:label1\" content=\"Gesch\u00e4tzte Lesezeit\" \/>\n\t<meta name=\"twitter:data1\" content=\"1\u00a0Minute\" \/>\n<script type=\"application\/ld+json\" class=\"yoast-schema-graph\">{\"@context\":\"https:\/\/schema.org\",\"@graph\":[{\"@type\":\"WebPage\",\"@id\":\"https:\/\/www.mettmann.de\/web\/abfallberatungsseiten\/abfall-wegweiser-sortieranleitung\/\",\"url\":\"https:\/\/www.mettmann.de\/web\/abfallberatungsseiten\/abfall-wegweiser-sortieranleitung\/\",\"name\":\"Abfall-Wegweiser: Sortieranleitung | Stadtverwaltung Mettmann\",\"isPartOf\":{\"@id\":\"https:\/\/www.mettmann.de\/web\/#website\"},\"primaryImageOfPage\":{\"@id\":\"https:\/\/www.mettmann.de\/web\/abfallberatungsseiten\/abfall-wegweiser-sortieranleitung\/#primaryimage\"},\"image\":{\"@id\":\"https:\/\/www.mettmann.de\/web\/abfallberatungsseiten\/abfall-wegweiser-sortieranleitung\/#primaryimage\"},\"thumbnailUrl\":\"https:\/\/www.mettmann.de\/web\/wp-content\/uploads\/2020\/02\/abfallberatung_wegweiser_2020.jpg\",\"datePublished\":\"2020-02-12T13:09:28+00:00\",\"dateModified\":\"2024-03-11T10:14:44+00:00\",\"breadcrumb\":{\"@id\":\"https:\/\/www.mettmann.de\/web\/abfallberatungsseiten\/abfall-wegweiser-sortieranleitung\/#breadcrumb\"},\"inLanguage\":\"de\",\"potentialAction\":[{\"@type\":\"ReadAction\",\"target\":[\"https:\/\/www.mettmann.de\/web\/abfallberatungsseiten\/abfall-wegweiser-sortieranleitung\/\"]}]},{\"@type\":\"ImageObject\",\"inLanguage\":\"de\",\"@id\":\"https:\/\/www.mettmann.de\/web\/abfallberatungsseiten\/abfall-wegweiser-sortieranleitung\/#primaryimage\",\"url\":\"https:\/\/www.mettmann.de\/web\/wp-content\/uploads\/2020\/02\/abfallberatung_wegweiser_2020.jpg\",\"contentUrl\":\"https:\/\/www.mettmann.de\/web\/wp-content\/uploads\/2020\/02\/abfallberatung_wegweiser_2020.jpg\",\"width\":800,\"height\":559,\"caption\":\"Abfall-Wegweiser f\u00fcr Mettmann\"},{\"@type\":\"BreadcrumbList\",\"@id\":\"https:\/\/www.mettmann.de\/web\/abfallberatungsseiten\/abfall-wegweiser-sortieranleitung\/#breadcrumb\",\"itemListElement\":[{\"@type\":\"ListItem\",\"position\":1,\"name\":\"Startseite\",\"item\":\"https:\/\/www.mettmann.de\/web\/\"},{\"@type\":\"ListItem\",\"position\":2,\"name\":\"Abfallberatung online\",\"item\":\"https:\/\/www.mettmann.de\/web\/abfallberatungsseiten\/\"},{\"@type\":\"ListItem\",\"position\":3,\"name\":\"Abfall-Wegweiser: Sortieranleitung\"}]},{\"@type\":\"WebSite\",\"@id\":\"https:\/\/www.mettmann.de\/web\/#website\",\"url\":\"https:\/\/www.mettmann.de\/web\/\",\"name\":\"Stadtverwaltung Mettmann\",\"description\":\"Internetseite der Kreisstadt Mettmann\",\"publisher\":{\"@id\":\"https:\/\/www.mettmann.de\/web\/#organization\"},\"potentialAction\":[{\"@type\":\"SearchAction\",\"target\":{\"@type\":\"EntryPoint\",\"urlTemplate\":\"https:\/\/www.mettmann.de\/web\/?s={search_term_string}\"},\"query-input\":{\"@type\":\"PropertyValueSpecification\",\"valueRequired\":true,\"valueName\":\"search_term_string\"}}],\"inLanguage\":\"de\"},{\"@type\":\"Organization\",\"@id\":\"https:\/\/www.mettmann.de\/web\/#organization\",\"name\":\"Kreisstadt Mettmann\",\"url\":\"https:\/\/www.mettmann.de\/web\/\",\"logo\":{\"@type\":\"ImageObject\",\"inLanguage\":\"de\",\"@id\":\"https:\/\/www.mettmann.de\/web\/#\/schema\/logo\/image\/\",\"url\":\"https:\/\/www.mettmann.de\/web\/wp-content\/uploads\/2019\/08\/Kreisstadt_Mettmann_Logo_RGB_150dpi.png\",\"contentUrl\":\"https:\/\/www.mettmann.de\/web\/wp-content\/uploads\/2019\/08\/Kreisstadt_Mettmann_Logo_RGB_150dpi.png\",\"width\":1302,\"height\":191,\"caption\":\"Kreisstadt Mettmann\"},\"image\":{\"@id\":\"https:\/\/www.mettmann.de\/web\/#\/schema\/logo\/image\/\"},\"sameAs\":[\"https:\/\/www.facebook.com\/kreisstadt.mettmann\",\"https:\/\/de.wikipedia.org\/wiki\/Mettmann\"]}]}<\/script>\n<!-- \/ Yoast SEO plugin. -->","yoast_head_json":{"title":"Abfall-Wegweiser: Sortieranleitung | Stadtverwaltung Mettmann","robots":{"index":"index","follow":"follow","max-snippet":"max-snippet:-1","max-image-preview":"max-image-preview:large","max-video-preview":"max-video-preview:-1"},"canonical":"https:\/\/www.mettmann.de\/web\/abfallberatungsseiten\/abfall-wegweiser-sortieranleitung\/","og_locale":"de_DE","og_type":"article","og_title":"Abfall-Wegweiser: Sortieranleitung | Stadtverwaltung Mettmann","og_description":"Die Sortieranleitung der Stadt Mettmann gibt es im DIN A4 Format zum Download neben der deutschen Fassung auch in den Sprachen Englisch, Arabisch, Franz\u00f6sisch, Polnisch, Russisch, T\u00fcrkisch, Albanisch und Persisch. In den jeweiligen \u00dcbersetzungen ist...","og_url":"https:\/\/www.mettmann.de\/web\/abfallberatungsseiten\/abfall-wegweiser-sortieranleitung\/","og_site_name":"Stadtverwaltung Mettmann","article_publisher":"https:\/\/www.facebook.com\/kreisstadt.mettmann","article_modified_time":"2024-03-11T10:14:44+00:00","og_image":[{"width":800,"height":559,"url":"https:\/\/www.mettmann.de\/web\/wp-content\/uploads\/2020\/02\/abfallberatung_wegweiser_2020.jpg","type":"image\/jpeg"}],"twitter_card":"summary_large_image","twitter_misc":{"Gesch\u00e4tzte Lesezeit":"1\u00a0Minute"},"schema":{"@context":"https:\/\/schema.org","@graph":[{"@type":"WebPage","@id":"https:\/\/www.mettmann.de\/web\/abfallberatungsseiten\/abfall-wegweiser-sortieranleitung\/","url":"https:\/\/www.mettmann.de\/web\/abfallberatungsseiten\/abfall-wegweiser-sortieranleitung\/","name":"Abfall-Wegweiser: Sortieranleitung | Stadtverwaltung Mettmann","isPartOf":{"@id":"https:\/\/www.mettmann.de\/web\/#website"},"primaryImageOfPage":{"@id":"https:\/\/www.mettmann.de\/web\/abfallberatungsseiten\/abfall-wegweiser-sortieranleitung\/#primaryimage"},"image":{"@id":"https:\/\/www.mettmann.de\/web\/abfallberatungsseiten\/abfall-wegweiser-sortieranleitung\/#primaryimage"},"thumbnailUrl":"https:\/\/www.mettmann.de\/web\/wp-content\/uploads\/2020\/02\/abfallberatung_wegweiser_2020.jpg","datePublished":"2020-02-12T13:09:28+00:00","dateModified":"2024-03-11T10:14:44+00:00","breadcrumb":{"@id":"https:\/\/www.mettmann.de\/web\/abfallberatungsseiten\/abfall-wegweiser-sortieranleitung\/#breadcrumb"},"inLanguage":"de","potentialAction":[{"@type":"ReadAction","target":["https:\/\/www.mettmann.de\/web\/abfallberatungsseiten\/abfall-wegweiser-sortieranleitung\/"]}]},{"@type":"ImageObject","inLanguage":"de","@id":"https:\/\/www.mettmann.de\/web\/abfallberatungsseiten\/abfall-wegweiser-sortieranleitung\/#primaryimage","url":"https:\/\/www.mettmann.de\/web\/wp-content\/uploads\/2020\/02\/abfallberatung_wegweiser_2020.jpg","contentUrl":"https:\/\/www.mettmann.de\/web\/wp-content\/uploads\/2020\/02\/abfallberatung_wegweiser_2020.jpg","width":800,"height":559,"caption":"Abfall-Wegweiser f\u00fcr Mettmann"},{"@type":"BreadcrumbList","@id":"https:\/\/www.mettmann.de\/web\/abfallberatungsseiten\/abfall-wegweiser-sortieranleitung\/#breadcrumb","itemListElement":[{"@type":"ListItem","position":1,"name":"Startseite","item":"https:\/\/www.mettmann.de\/web\/"},{"@type":"ListItem","position":2,"name":"Abfallberatung online","item":"https:\/\/www.mettmann.de\/web\/abfallberatungsseiten\/"},{"@type":"ListItem","position":3,"name":"Abfall-Wegweiser: Sortieranleitung"}]},{"@type":"WebSite","@id":"https:\/\/www.mettmann.de\/web\/#website","url":"https:\/\/www.mettmann.de\/web\/","name":"Stadtverwaltung Mettmann","description":"Internetseite der Kreisstadt Mettmann","publisher":{"@id":"https:\/\/www.mettmann.de\/web\/#organization"},"potentialAction":[{"@type":"SearchAction","target":{"@type":"EntryPoint","urlTemplate":"https:\/\/www.mettmann.de\/web\/?s={search_term_string}"},"query-input":{"@type":"PropertyValueSpecification","valueRequired":true,"valueName":"search_term_string"}}],"inLanguage":"de"},{"@type":"Organization","@id":"https:\/\/www.mettmann.de\/web\/#organization","name":"Kreisstadt Mettmann","url":"https:\/\/www.mettmann.de\/web\/","logo":{"@type":"ImageObject","inLanguage":"de","@id":"https:\/\/www.mettmann.de\/web\/#\/schema\/logo\/image\/","url":"https:\/\/www.mettmann.de\/web\/wp-content\/uploads\/2019\/08\/Kreisstadt_Mettmann_Logo_RGB_150dpi.png","contentUrl":"https:\/\/www.mettmann.de\/web\/wp-content\/uploads\/2019\/08\/Kreisstadt_Mettmann_Logo_RGB_150dpi.png","width":1302,"height":191,"caption":"Kreisstadt Mettmann"},"image":{"@id":"https:\/\/www.mettmann.de\/web\/#\/schema\/logo\/image\/"},"sameAs":["https:\/\/www.facebook.com\/kreisstadt.mettmann","https:\/\/de.wikipedia.org\/wiki\/Mettmann"]}]}},"_links":{"self":[{"href":"https:\/\/www.mettmann.de\/web\/wp-json\/wp\/v2\/pages\/3856","targetHints":{"allow":["GET"]}}],"collection":[{"href":"https:\/\/www.mettmann.de\/web\/wp-json\/wp\/v2\/pages"}],"about":[{"href":"https:\/\/www.mettmann.de\/web\/wp-json\/wp\/v2\/types\/page"}],"author":[{"embeddable":true,"href":"https:\/\/www.mettmann.de\/web\/wp-json\/wp\/v2\/users\/1"}],"replies":[{"embeddable":true,"href":"https:\/\/www.mettmann.de\/web\/wp-json\/wp\/v2\/comments?post=3856"}],"version-history":[{"count":4,"href":"https:\/\/www.mettmann.de\/web\/wp-json\/wp\/v2\/pages\/3856\/revisions"}],"predecessor-version":[{"id":38203,"href":"https:\/\/www.mettmann.de\/web\/wp-json\/wp\/v2\/pages\/3856\/revisions\/38203"}],"up":[{"embeddable":true,"href":"https:\/\/www.mettmann.de\/web\/wp-json\/wp\/v2\/pages\/1214"}],"wp:featuredmedia":[{"embeddable":true,"href":"https:\/\/www.mettmann.de\/web\/wp-json\/wp\/v2\/media\/3858"}],"wp:attachment":[{"href":"https:\/\/www.mettmann.de\/web\/wp-json\/wp\/v2\/media?parent=3856"}],"curies":[{"name":"wp","href":"https:\/\/api.w.org\/{rel}","templated":true}]}}