{"id":3900,"date":"2020-02-12T16:10:14","date_gmt":"2020-02-12T15:10:14","guid":{"rendered":"https:\/\/www.mettmann.de\/web\/?page_id=3900"},"modified":"2020-03-05T15:11:59","modified_gmt":"2020-03-05T14:11:59","slug":"sperrmuellentsorgung","status":"publish","type":"page","link":"https:\/\/www.mettmann.de\/web\/abfallberatungsseiten\/sperrmuellentsorgung\/","title":{"rendered":"Sperrm\u00fcllentsorgung"},"content":{"rendered":"<h3>Allgemeine Informationen<\/h3>\n<p class=\"eingerueckt40\">Eigentlich ist die Sperrm\u00fcllabfuhr in Mettmann ganz einfach und klar geregelt. Dennoch kommt es immer wieder vor, dass auch Sachen, die nicht in den Sperrm\u00fcll geh\u00f6ren, an die Stra\u00dfe gestellt werden. Diese Gegenst\u00e4nde k\u00f6nnen nicht mitgenommen werden und sorgen unn\u00f6tigerweise f\u00fcr \u00c4rger und Unmut, wenn sie liegen bleiben. Doch das muss nicht sein, wenn einige wichtige Regeln beachtet werden.<\/p>\n<p>Zum Sperrm\u00fcll geh\u00f6ren ausschlie\u00dflich bewegliche Einrichtungsgegenst\u00e4nde, M\u00f6bel sowie sperrige, bewegliche Sperrm\u00fcllgegenst\u00e4nde aus dem Wohnungsbereich, die zu gro\u00df und zu sperrig f\u00fcr die Restm\u00fcllbeh\u00e4lter sind und auch nach zumutbarer Zerkleinerung nicht in den Restm\u00fcllbeh\u00e4ltern entsorgt werden k\u00f6nnen. Also M\u00f6bel und Einrichtungsgegenst\u00e4nde wie z. B. Couchgarnituren, Tische und St\u00fchle, Bettgestelle und Matratzen, Teppiche und andere sperrige, gro\u00dfe Einrichtungsutensilien. Au\u00dferdem m\u00fcssen solche sperrigen Abf\u00e4lle auch f\u00fcr die Entsorgung in einer M\u00fcllverbrennungsanlage geeignet sein. Die Sperrm\u00fcllabfuhr erfolgt ausschlie\u00dflich nach vorheriger Anforderung und Terminvereinbarung.<\/p>\n<p><b>Die Wartezeit zwischen Anmeldung und Abholung Ihres Sperrm\u00fclls betr\u00e4gt in der Regel vier Wochen. In besonders eiligen F\u00e4llen oder bei Wunschterminen abweichend von der \u201enormalen\u201c Sperrm\u00fcllabholung k\u00f6nnen Sie auch unseren kostenpflichtigen \u201eSperrm\u00fcll-Blitz\u201c beauftragen. Dann wird Ihr Sperrm\u00fcll garantiert innerhalb von wenigen Werktagen oder an Ihrem speziellen Wunschtermin abgeholt, sofern dies m\u00f6glich ist! <\/b><\/p>\n<p>Beachten Sie bitte ebenfalls, dass Sperrm\u00fcll nur in haushalts\u00fcblicher Art und Menge, maximal jedoch in einer Menge bis zu 3 Kubikmeter abgeholt wird. Bei auseinandergebauten Einrichtungsgegenst\u00e4nden und M\u00f6beln entspricht das einer gestapelten Menge von beispielsweise 1 Meter H\u00f6he, 1 Meter Tiefe und 3 Meter Breite. <span style=\"color: #ff0000;\">Die Abholung von Sperrm\u00fcll in einer Menge von mehr als 3 Kubikmeter ist kostenpflichtig und wird dem Auftraggeber in Rechnung gestellt!<\/span><\/p>\n<p>F\u00fcr die Abholung von Waschmaschinen, W\u00e4schetrocknern, Sp\u00fclmaschinen, Elektroherden sowie K\u00fchl- und Gefrierger\u00e4ten erhalten Sie einen gesonderten Termin. Andere elektrische Ger\u00e4te werden nicht abgeholt und m\u00fcssen auf dem Recyclinghof in der Hammerstra\u00dfe 31 oder bei anderen zugelassenen Annahmestellen f\u00fcr Elektroaltger\u00e4te abgegeben werden!<\/p>\n<p><span style=\"color: #ff0000;\"> Die angemeldeten Sperrm\u00fcllgegenst\u00e4nde m\u00fcssen am Abfuhrtag bis sp\u00e4testens 07:00 Uhr zur Abholung bereitgestellt werden.<\/span><\/p>\n<h3>Abfalltrennung beim Sperrm\u00fcll<\/h3>\n<p class=\"eingerueckt40\">Einrichtungsgegenst\u00e4nde und M\u00f6bel aus Holz werden getrennt gesammelt! F\u00fcr die Abholung Ihres angemeldeten Sperrm\u00fclls kommen wir deshalb am vereinbarten Abfuhrtermin gleich zweimal zu Ihnen. Einmal f\u00fcr den verwertbaren Holzanteil Ihres Sperrm\u00fclls. Und ein weiteres Mal im Laufe des gleichen Tages f\u00fcr die sperrigen Gegenst\u00e4nde, die nicht verwertet werden k\u00f6nnen.<\/p>\n<p><span style=\"color: #ff0000;\"> Die angemeldeten Sperrm\u00fcllgegenst\u00e4nde aus Holz m\u00fcssen am Abfuhrtag getrennt vom restlichen Sperrm\u00fcll bereitgestellt werden. H\u00e4ufig werden die unterschiedlichen Materialien unsortiert herausgestellt. Die M\u00fcllwerker m\u00fcssten dann das wilde Durcheinander durchw\u00fchlen, um an die verwertbaren Teile zu gelangen. Das w\u00e4re nicht nur sehr zeitaufwendig, sondern ist aus Gr\u00fcnden des Arbeitsschutzes unzul\u00e4ssig. Nicht vorsortierter Sperrm\u00fcll kann aus diesen Gr\u00fcnden grunds\u00e4tzlich nicht abgeholt werden. <\/span><\/p>\n<h3>Nicht zum Sperrm\u00fcll d\u00fcrfen:<\/h3>\n<ul>\n<li>Renovierungsabf\u00e4lle, Bauschutt, Baumischabf\u00e4lle und Bauholz wie z. B. WC- und Waschbecken, T\u00fcren, Fenster, Latten, Bretter, Balken, feste Fu\u00dfbodenbel\u00e4ge, Decken- und Wandverkleidung, Heizk\u00f6rper, Badewannen, Duschkabinen<\/li>\n<li>Elektro- und Elektronikger\u00e4te au\u00dfer Waschmaschinen, W\u00e4schetrockner, Geschirrsp\u00fclmaschinen, Elektroherde sowie gro\u00dfe K\u00fchl- und Gefrierger\u00e4te<\/li>\n<li>schadstoffhaltige Abf\u00e4lle wie Farbeimer, Benzinkanister, Leuchtstoffr\u00f6hren und behandelte Au\u00dfenh\u00f6lzer wie z. B. Z\u00e4une, Sichtschutzverkleidung, Bestandteile von Sandk\u00e4sten und Gartenh\u00e4usern<\/li>\n<li>Reifen, Auto- und Motorradteile<\/li>\n<li>Kartons und Abfalls\u00e4cke<\/li>\n<li>sonstiger Hausm\u00fcll, der nach vorheriger Zerkleinerung in den Restm\u00fcllbeh\u00e4ltern untergebracht werden kann<\/li>\n<\/ul>\n<h3>Sperrm\u00fcllanmeldung<\/h3>\n<p class=\"eingerueckt40\">F\u00fcr Ihre Sperrm\u00fcllanmeldung gen\u00fcgt ein Anruf bei unserem Sperrm\u00fcll-Service, <b>Telefon 02104 \/ 980-600. <\/b><\/p>\n<p>Terminannahme:<\/p>\n<p>Montag, Mittwoch, Donnerstag: 8:00 \u2013 13:00 Uhr<br \/>\nDienstag: 10:00 \u2013 12:00 Uhr<br \/>\nFreitag: 8:00 \u2013 13:00 Uhr<\/p>\n<p><strong>Alternativ k\u00f6nnen Sie Ihren pers\u00f6nlichen Abholtermin aber auch online unter <a class=\"infohomepage\" title=\"Bestellformulare aufrufen\" href=\"\/web\/?page_id=3885\">Bestellformulare<\/a> anfordern.<\/strong><\/p>\n<h3>Sperrm\u00fcllblitz<\/h3>\n<p class=\"eingerueckt40\">In besonders eiligen F\u00e4llen oder f\u00fcr individuelle Wunschtermine k\u00f6nnen Sie unseren kostenpflichtigen Sperrm\u00fcll-Schnellservice (Sperrm\u00fcllblitz) in Anspruch nehmen. Die Abholung Ihres Sperrm\u00fclls erfolgt dann innerhalb von wenigen Werktagen oder an Ihrem speziellen Wunschtermin, sofern dies m\u00f6glich ist.<\/p>\n<p>F\u00fcr den Sperrm\u00fcll-Schnellservice wird pro Abholung eine Sondergeb\u00fchr von lediglich 30,00 \u20ac erhoben. Es werden ausschlie\u00dflich sperrige Einrichtungsgegenst\u00e4nde und sperriger Hausrat in einer Menge von maximal drei Kubikmeter abgeholt, die auch im Rahmen der normalen Sperrm\u00fcllabfuhr entsorgt werden. Und bei Mehrmengen erh\u00f6ht sich die f\u00e4llige Sondergeb\u00fchr um jeweils 30,00 \u20ac je angefangene drei Kubikmeter Mehrmenge. <b>Die Geb\u00fchr ist in Vorkasse beim Baubetriebshof in der Hammerstra\u00dfe 31 zu entrichten.<\/b> Auch beim Sperrm\u00fcllblitz m\u00fcssen die angemeldeten Sperrm\u00fcllgegenst\u00e4nde unbedingt getrennt nach Holzanteil und nicht verwertbarem Sperrm\u00fcll zur Abholung bereitgestellt werden. Nicht vorsortierter Sperrm\u00fcll wird grunds\u00e4tzlich nicht abgeholt.<\/p>\n<h3>Sperrm\u00fcllannahme auf dem Recyclinghof<\/h3>\n<p class=\"eingerueckt40\">Sie haben aber auch die M\u00f6glichkeit, Sperrm\u00fcll in geringen Mengen ohne Terminabstimmung zu den \u00fcblichen \u00d6ffnungszeiten auf dem Recyclinghof in der Hammerstra\u00dfe 31 abzugeben. M\u00f6bel und Einrichtungsgegenst\u00e4nde aus Metall oder Holz (ohne St\u00f6rstoffe), sperrigen Metall- und Elektronikschrott sowie K\u00fchl- und Gefrierger\u00e4te k\u00f6nnen Sie dort kostenlos abgeben. F\u00fcr Sperrm\u00fcll zur Beseitigung, also f\u00fcr sperrige Abf\u00e4llen, die nicht verwertet werden k\u00f6nnen, wird dagegen eine geringe Sondergeb\u00fchr f\u00e4llig. Dazu z\u00e4hlen z. B. Polsterm\u00f6bel, Matratzen und andere sperrige Gegenst\u00e4nde, die aus verschiedenen, nicht trennbaren Materialien bestehen.<\/p>\n<h3>Hier k\u00f6nnen Sie die Bestellformulare direkt aufrufen:<\/h3>\n<p class=\"eingerueckt40\"><strong><a href=\"\/web\/?page_id=1858\">normaler Sperrm\u00fcllservice<\/a><\/strong> (Abholung nach 4 Wochen)<br \/>\n<strong><a href=\"\/web\/?page_id=3883\">Sperrm\u00fcll-Schnellservice<\/a><\/strong> (Abholung innerhalb von wenigen Werktagen oder mit Wunschtermin)<\/p>\n","protected":false},"excerpt":{"rendered":"<p>Allgemeine Informationen Eigentlich ist die Sperrm\u00fcllabfuhr in Mettmann ganz einfach und klar geregelt. Dennoch kommt es immer wieder vor, dass auch Sachen, die nicht in den Sperrm\u00fcll geh\u00f6ren, an die Stra\u00dfe gestellt werden. Diese Gegenst\u00e4nde&#8230;<\/p>\n","protected":false},"author":1,"featured_media":1212,"parent":1214,"menu_order":13,"comment_status":"closed","ping_status":"closed","template":"","meta":{"ngg_post_thumbnail":0,"footnotes":""},"class_list":["post-3900","page","type-page","status-publish","has-post-thumbnail","hentry"],"yoast_head":"<!-- This site is optimized with the Yoast SEO plugin v27.2 - https:\/\/yoast.com\/product\/yoast-seo-wordpress\/ -->\n<title>Sperrm\u00fcllentsorgung | Stadtverwaltung Mettmann<\/title>\n<meta name=\"robots\" content=\"index, follow, max-snippet:-1, max-image-preview:large, max-video-preview:-1\" \/>\n<link rel=\"canonical\" href=\"https:\/\/www.mettmann.de\/web\/abfallberatungsseiten\/sperrmuellentsorgung\/\" \/>\n<meta property=\"og:locale\" content=\"de_DE\" \/>\n<meta property=\"og:type\" content=\"article\" \/>\n<meta property=\"og:title\" content=\"Sperrm\u00fcllentsorgung | Stadtverwaltung Mettmann\" \/>\n<meta property=\"og:description\" content=\"Allgemeine Informationen Eigentlich ist die Sperrm\u00fcllabfuhr in Mettmann ganz einfach und klar geregelt. Dennoch kommt es immer wieder vor, dass auch Sachen, die nicht in den Sperrm\u00fcll geh\u00f6ren, an die Stra\u00dfe gestellt werden. Diese Gegenst\u00e4nde...\" \/>\n<meta property=\"og:url\" content=\"https:\/\/www.mettmann.de\/web\/abfallberatungsseiten\/sperrmuellentsorgung\/\" \/>\n<meta property=\"og:site_name\" content=\"Stadtverwaltung Mettmann\" \/>\n<meta property=\"article:publisher\" content=\"https:\/\/www.facebook.com\/kreisstadt.mettmann\" \/>\n<meta property=\"article:modified_time\" content=\"2020-03-05T14:11:59+00:00\" \/>\n<meta property=\"og:image\" content=\"https:\/\/www.mettmann.de\/web\/wp-content\/uploads\/2019\/09\/baubetriebshof.jpg\" \/>\n\t<meta property=\"og:image:width\" content=\"400\" \/>\n\t<meta property=\"og:image:height\" content=\"259\" \/>\n\t<meta property=\"og:image:type\" content=\"image\/jpeg\" \/>\n<meta name=\"twitter:card\" content=\"summary_large_image\" \/>\n<meta name=\"twitter:label1\" content=\"Gesch\u00e4tzte Lesezeit\" \/>\n\t<meta name=\"twitter:data1\" content=\"5\u00a0Minuten\" \/>\n<script type=\"application\/ld+json\" class=\"yoast-schema-graph\">{\"@context\":\"https:\/\/schema.org\",\"@graph\":[{\"@type\":\"WebPage\",\"@id\":\"https:\/\/www.mettmann.de\/web\/abfallberatungsseiten\/sperrmuellentsorgung\/\",\"url\":\"https:\/\/www.mettmann.de\/web\/abfallberatungsseiten\/sperrmuellentsorgung\/\",\"name\":\"Sperrm\u00fcllentsorgung | Stadtverwaltung Mettmann\",\"isPartOf\":{\"@id\":\"https:\/\/www.mettmann.de\/web\/#website\"},\"primaryImageOfPage\":{\"@id\":\"https:\/\/www.mettmann.de\/web\/abfallberatungsseiten\/sperrmuellentsorgung\/#primaryimage\"},\"image\":{\"@id\":\"https:\/\/www.mettmann.de\/web\/abfallberatungsseiten\/sperrmuellentsorgung\/#primaryimage\"},\"thumbnailUrl\":\"https:\/\/www.mettmann.de\/web\/wp-content\/uploads\/2019\/09\/baubetriebshof.jpg\",\"datePublished\":\"2020-02-12T15:10:14+00:00\",\"dateModified\":\"2020-03-05T14:11:59+00:00\",\"breadcrumb\":{\"@id\":\"https:\/\/www.mettmann.de\/web\/abfallberatungsseiten\/sperrmuellentsorgung\/#breadcrumb\"},\"inLanguage\":\"de\",\"potentialAction\":[{\"@type\":\"ReadAction\",\"target\":[\"https:\/\/www.mettmann.de\/web\/abfallberatungsseiten\/sperrmuellentsorgung\/\"]}]},{\"@type\":\"ImageObject\",\"inLanguage\":\"de\",\"@id\":\"https:\/\/www.mettmann.de\/web\/abfallberatungsseiten\/sperrmuellentsorgung\/#primaryimage\",\"url\":\"https:\/\/www.mettmann.de\/web\/wp-content\/uploads\/2019\/09\/baubetriebshof.jpg\",\"contentUrl\":\"https:\/\/www.mettmann.de\/web\/wp-content\/uploads\/2019\/09\/baubetriebshof.jpg\",\"width\":400,\"height\":259,\"caption\":\"Archivfoto: Kreisstadt Mettmann\"},{\"@type\":\"BreadcrumbList\",\"@id\":\"https:\/\/www.mettmann.de\/web\/abfallberatungsseiten\/sperrmuellentsorgung\/#breadcrumb\",\"itemListElement\":[{\"@type\":\"ListItem\",\"position\":1,\"name\":\"Startseite\",\"item\":\"https:\/\/www.mettmann.de\/web\/\"},{\"@type\":\"ListItem\",\"position\":2,\"name\":\"Abfallberatung online\",\"item\":\"https:\/\/www.mettmann.de\/web\/abfallberatungsseiten\/\"},{\"@type\":\"ListItem\",\"position\":3,\"name\":\"Sperrm\u00fcllentsorgung\"}]},{\"@type\":\"WebSite\",\"@id\":\"https:\/\/www.mettmann.de\/web\/#website\",\"url\":\"https:\/\/www.mettmann.de\/web\/\",\"name\":\"Stadtverwaltung Mettmann\",\"description\":\"Internetseite der Kreisstadt Mettmann\",\"publisher\":{\"@id\":\"https:\/\/www.mettmann.de\/web\/#organization\"},\"potentialAction\":[{\"@type\":\"SearchAction\",\"target\":{\"@type\":\"EntryPoint\",\"urlTemplate\":\"https:\/\/www.mettmann.de\/web\/?s={search_term_string}\"},\"query-input\":{\"@type\":\"PropertyValueSpecification\",\"valueRequired\":true,\"valueName\":\"search_term_string\"}}],\"inLanguage\":\"de\"},{\"@type\":\"Organization\",\"@id\":\"https:\/\/www.mettmann.de\/web\/#organization\",\"name\":\"Kreisstadt Mettmann\",\"url\":\"https:\/\/www.mettmann.de\/web\/\",\"logo\":{\"@type\":\"ImageObject\",\"inLanguage\":\"de\",\"@id\":\"https:\/\/www.mettmann.de\/web\/#\/schema\/logo\/image\/\",\"url\":\"https:\/\/www.mettmann.de\/web\/wp-content\/uploads\/2019\/08\/Kreisstadt_Mettmann_Logo_RGB_150dpi.png\",\"contentUrl\":\"https:\/\/www.mettmann.de\/web\/wp-content\/uploads\/2019\/08\/Kreisstadt_Mettmann_Logo_RGB_150dpi.png\",\"width\":1302,\"height\":191,\"caption\":\"Kreisstadt Mettmann\"},\"image\":{\"@id\":\"https:\/\/www.mettmann.de\/web\/#\/schema\/logo\/image\/\"},\"sameAs\":[\"https:\/\/www.facebook.com\/kreisstadt.mettmann\",\"https:\/\/de.wikipedia.org\/wiki\/Mettmann\"]}]}<\/script>\n<!-- \/ Yoast SEO plugin. -->","yoast_head_json":{"title":"Sperrm\u00fcllentsorgung | Stadtverwaltung Mettmann","robots":{"index":"index","follow":"follow","max-snippet":"max-snippet:-1","max-image-preview":"max-image-preview:large","max-video-preview":"max-video-preview:-1"},"canonical":"https:\/\/www.mettmann.de\/web\/abfallberatungsseiten\/sperrmuellentsorgung\/","og_locale":"de_DE","og_type":"article","og_title":"Sperrm\u00fcllentsorgung | Stadtverwaltung Mettmann","og_description":"Allgemeine Informationen Eigentlich ist die Sperrm\u00fcllabfuhr in Mettmann ganz einfach und klar geregelt. Dennoch kommt es immer wieder vor, dass auch Sachen, die nicht in den Sperrm\u00fcll geh\u00f6ren, an die Stra\u00dfe gestellt werden. Diese Gegenst\u00e4nde...","og_url":"https:\/\/www.mettmann.de\/web\/abfallberatungsseiten\/sperrmuellentsorgung\/","og_site_name":"Stadtverwaltung Mettmann","article_publisher":"https:\/\/www.facebook.com\/kreisstadt.mettmann","article_modified_time":"2020-03-05T14:11:59+00:00","og_image":[{"width":400,"height":259,"url":"https:\/\/www.mettmann.de\/web\/wp-content\/uploads\/2019\/09\/baubetriebshof.jpg","type":"image\/jpeg"}],"twitter_card":"summary_large_image","twitter_misc":{"Gesch\u00e4tzte Lesezeit":"5\u00a0Minuten"},"schema":{"@context":"https:\/\/schema.org","@graph":[{"@type":"WebPage","@id":"https:\/\/www.mettmann.de\/web\/abfallberatungsseiten\/sperrmuellentsorgung\/","url":"https:\/\/www.mettmann.de\/web\/abfallberatungsseiten\/sperrmuellentsorgung\/","name":"Sperrm\u00fcllentsorgung | Stadtverwaltung Mettmann","isPartOf":{"@id":"https:\/\/www.mettmann.de\/web\/#website"},"primaryImageOfPage":{"@id":"https:\/\/www.mettmann.de\/web\/abfallberatungsseiten\/sperrmuellentsorgung\/#primaryimage"},"image":{"@id":"https:\/\/www.mettmann.de\/web\/abfallberatungsseiten\/sperrmuellentsorgung\/#primaryimage"},"thumbnailUrl":"https:\/\/www.mettmann.de\/web\/wp-content\/uploads\/2019\/09\/baubetriebshof.jpg","datePublished":"2020-02-12T15:10:14+00:00","dateModified":"2020-03-05T14:11:59+00:00","breadcrumb":{"@id":"https:\/\/www.mettmann.de\/web\/abfallberatungsseiten\/sperrmuellentsorgung\/#breadcrumb"},"inLanguage":"de","potentialAction":[{"@type":"ReadAction","target":["https:\/\/www.mettmann.de\/web\/abfallberatungsseiten\/sperrmuellentsorgung\/"]}]},{"@type":"ImageObject","inLanguage":"de","@id":"https:\/\/www.mettmann.de\/web\/abfallberatungsseiten\/sperrmuellentsorgung\/#primaryimage","url":"https:\/\/www.mettmann.de\/web\/wp-content\/uploads\/2019\/09\/baubetriebshof.jpg","contentUrl":"https:\/\/www.mettmann.de\/web\/wp-content\/uploads\/2019\/09\/baubetriebshof.jpg","width":400,"height":259,"caption":"Archivfoto: Kreisstadt Mettmann"},{"@type":"BreadcrumbList","@id":"https:\/\/www.mettmann.de\/web\/abfallberatungsseiten\/sperrmuellentsorgung\/#breadcrumb","itemListElement":[{"@type":"ListItem","position":1,"name":"Startseite","item":"https:\/\/www.mettmann.de\/web\/"},{"@type":"ListItem","position":2,"name":"Abfallberatung online","item":"https:\/\/www.mettmann.de\/web\/abfallberatungsseiten\/"},{"@type":"ListItem","position":3,"name":"Sperrm\u00fcllentsorgung"}]},{"@type":"WebSite","@id":"https:\/\/www.mettmann.de\/web\/#website","url":"https:\/\/www.mettmann.de\/web\/","name":"Stadtverwaltung Mettmann","description":"Internetseite der Kreisstadt Mettmann","publisher":{"@id":"https:\/\/www.mettmann.de\/web\/#organization"},"potentialAction":[{"@type":"SearchAction","target":{"@type":"EntryPoint","urlTemplate":"https:\/\/www.mettmann.de\/web\/?s={search_term_string}"},"query-input":{"@type":"PropertyValueSpecification","valueRequired":true,"valueName":"search_term_string"}}],"inLanguage":"de"},{"@type":"Organization","@id":"https:\/\/www.mettmann.de\/web\/#organization","name":"Kreisstadt Mettmann","url":"https:\/\/www.mettmann.de\/web\/","logo":{"@type":"ImageObject","inLanguage":"de","@id":"https:\/\/www.mettmann.de\/web\/#\/schema\/logo\/image\/","url":"https:\/\/www.mettmann.de\/web\/wp-content\/uploads\/2019\/08\/Kreisstadt_Mettmann_Logo_RGB_150dpi.png","contentUrl":"https:\/\/www.mettmann.de\/web\/wp-content\/uploads\/2019\/08\/Kreisstadt_Mettmann_Logo_RGB_150dpi.png","width":1302,"height":191,"caption":"Kreisstadt Mettmann"},"image":{"@id":"https:\/\/www.mettmann.de\/web\/#\/schema\/logo\/image\/"},"sameAs":["https:\/\/www.facebook.com\/kreisstadt.mettmann","https:\/\/de.wikipedia.org\/wiki\/Mettmann"]}]}},"_links":{"self":[{"href":"https:\/\/www.mettmann.de\/web\/wp-json\/wp\/v2\/pages\/3900","targetHints":{"allow":["GET"]}}],"collection":[{"href":"https:\/\/www.mettmann.de\/web\/wp-json\/wp\/v2\/pages"}],"about":[{"href":"https:\/\/www.mettmann.de\/web\/wp-json\/wp\/v2\/types\/page"}],"author":[{"embeddable":true,"href":"https:\/\/www.mettmann.de\/web\/wp-json\/wp\/v2\/users\/1"}],"replies":[{"embeddable":true,"href":"https:\/\/www.mettmann.de\/web\/wp-json\/wp\/v2\/comments?post=3900"}],"version-history":[{"count":4,"href":"https:\/\/www.mettmann.de\/web\/wp-json\/wp\/v2\/pages\/3900\/revisions"}],"predecessor-version":[{"id":4282,"href":"https:\/\/www.mettmann.de\/web\/wp-json\/wp\/v2\/pages\/3900\/revisions\/4282"}],"up":[{"embeddable":true,"href":"https:\/\/www.mettmann.de\/web\/wp-json\/wp\/v2\/pages\/1214"}],"wp:featuredmedia":[{"embeddable":true,"href":"https:\/\/www.mettmann.de\/web\/wp-json\/wp\/v2\/media\/1212"}],"wp:attachment":[{"href":"https:\/\/www.mettmann.de\/web\/wp-json\/wp\/v2\/media?parent=3900"}],"curies":[{"name":"wp","href":"https:\/\/api.w.org\/{rel}","templated":true}]}}