{"id":42538,"date":"2024-08-06T13:35:17","date_gmt":"2024-08-06T11:35:17","guid":{"rendered":"https:\/\/www.mettmann.de\/web\/?page_id=42538"},"modified":"2025-11-23T09:18:31","modified_gmt":"2025-11-23T08:18:31","slug":"600-jahre-freiheit-mettmann","status":"publish","type":"page","link":"https:\/\/www.mettmann.de\/web\/600-jahre-freiheit-mettmann\/","title":{"rendered":"600 Jahre Freiheit Mettmann"},"content":{"rendered":"<p><img loading=\"lazy\" decoding=\"async\" class=\"alignright size-medium wp-image-42539\" src=\"https:\/\/www.mettmann.de\/web\/wp-content\/uploads\/2024\/08\/Logo_600_Jahre_GB-226x300.jpg\" alt=\"Freiheit Mettmann 600 Jahre\" width=\"226\" height=\"300\" srcset=\"https:\/\/www.mettmann.de\/web\/wp-content\/uploads\/2024\/08\/Logo_600_Jahre_GB-226x300.jpg 226w, https:\/\/www.mettmann.de\/web\/wp-content\/uploads\/2024\/08\/Logo_600_Jahre_GB-771x1024.jpg 771w, https:\/\/www.mettmann.de\/web\/wp-content\/uploads\/2024\/08\/Logo_600_Jahre_GB-768x1020.jpg 768w, https:\/\/www.mettmann.de\/web\/wp-content\/uploads\/2024\/08\/Logo_600_Jahre_GB.jpg 795w\" sizes=\"auto, (max-width: 226px) 100vw, 226px\" \/>Von August 2025 bis August 2025 hat die Stadt Mettmann das Jubil\u00e4um &#8222;600 Jahre Freiheit Mettmann&#8220; gefeiert.<\/p>\n<p>Am 10.08.1424 wurde das Dorf <em>Medemen<\/em> zur Freiheit erhoben \u2013 ein wichtiger Schritt zur Entwicklung der Stadt Mettmann, wie wir sie heute kennen.<\/p>\n<p>Schnell fiel die Entscheidung, nicht den einen gro\u00dfen Festakt durchzuf\u00fchren, sondern ein Jahr lang das Jubil\u00e4um mit unterschiedlichen Aktionen und Veranstaltungen zum Jubil\u00e4um zu begehen. So ergab sich die M\u00f6glichkeit, diverse Orte zu bespielen, diverse Zielgruppen anzusprechen sowie diverse Akteure aus dem Mettmanner Stadtleben miteinzubeziehen.<\/p>\n<p>Wir bedanken uns bei allen Akteuren, die mit ihrem Engagement dazu beigetragen haben, dass so viele Veranstaltungen rund um das Jubil\u00e4um umgesetzt werden konnten!<\/p>\n<p>&nbsp;<\/p>\n<h3>Weitere Informationen<\/h3>\n<p>Kreisstadt Mettmann<br \/>\nStabsstelle Wirtschaftsf\u00f6rderung,<br \/>\nKultur und Gesellschaft, VHS<\/p>\n<p>Neanderstra\u00dfe 85<br \/>\n40822 Mettmann<\/p>\n<p>Anna Wagner<br \/>\nTelefon: 02104 \/ 980-128<\/p>\n<p>E-Mail:&nbsp;<a href=\"mailto:kultur@mettmann.de\">kultur@mettmann.de<\/a>&nbsp;<\/p>\n","protected":false},"excerpt":{"rendered":"<p>Von August 2025 bis August 2025 hat die Stadt Mettmann das Jubil\u00e4um &#8222;600 Jahre Freiheit Mettmann&#8220; gefeiert. Am 10.08.1424 wurde das Dorf Medemen zur Freiheit erhoben \u2013 ein wichtiger Schritt zur Entwicklung der Stadt Mettmann,&#8230;<\/p>\n","protected":false},"author":1,"featured_media":42541,"parent":0,"menu_order":7,"comment_status":"closed","ping_status":"closed","template":"","meta":{"ngg_post_thumbnail":0,"footnotes":""},"class_list":["post-42538","page","type-page","status-publish","has-post-thumbnail","hentry"],"yoast_head":"<!-- This site is optimized with the Yoast SEO plugin v27.2 - https:\/\/yoast.com\/product\/yoast-seo-wordpress\/ -->\n<title>600 Jahre Freiheit Mettmann | Stadtverwaltung Mettmann<\/title>\n<meta name=\"description\" content=\"Mettmann feiert 600 Jahre Freiheit! Am 10.08.1424 wurde das Dorf Medemen zur Freiheit erhoben \u2013 ein wichtiger Schritt zur Entwicklung der Stadt Mettmann.\" \/>\n<meta name=\"robots\" content=\"index, follow, max-snippet:-1, max-image-preview:large, max-video-preview:-1\" \/>\n<link rel=\"canonical\" href=\"https:\/\/www.mettmann.de\/web\/600-jahre-freiheit-mettmann\/\" \/>\n<meta property=\"og:locale\" content=\"de_DE\" \/>\n<meta property=\"og:type\" content=\"article\" \/>\n<meta property=\"og:title\" content=\"600 Jahre Freiheit Mettmann | Stadtverwaltung Mettmann\" \/>\n<meta property=\"og:description\" content=\"Mettmann feiert 600 Jahre Freiheit! Am 10.08.1424 wurde das Dorf Medemen zur Freiheit erhoben \u2013 ein wichtiger Schritt zur Entwicklung der Stadt Mettmann.\" \/>\n<meta property=\"og:url\" content=\"https:\/\/www.mettmann.de\/web\/600-jahre-freiheit-mettmann\/\" \/>\n<meta property=\"og:site_name\" content=\"Stadtverwaltung Mettmann\" \/>\n<meta property=\"article:publisher\" content=\"https:\/\/www.facebook.com\/kreisstadt.mettmann\" \/>\n<meta property=\"article:modified_time\" content=\"2025-11-23T08:18:31+00:00\" \/>\n<meta property=\"og:image\" content=\"https:\/\/www.mettmann.de\/web\/wp-content\/uploads\/2024\/08\/1-scaled.jpg\" \/>\n\t<meta property=\"og:image:width\" content=\"2560\" \/>\n\t<meta property=\"og:image:height\" content=\"1642\" \/>\n\t<meta property=\"og:image:type\" content=\"image\/jpeg\" \/>\n<meta name=\"twitter:card\" content=\"summary_large_image\" \/>\n<meta name=\"twitter:label1\" content=\"Gesch\u00e4tzte Lesezeit\" \/>\n\t<meta name=\"twitter:data1\" content=\"2\u00a0Minuten\" \/>\n<script type=\"application\/ld+json\" class=\"yoast-schema-graph\">{\"@context\":\"https:\/\/schema.org\",\"@graph\":[{\"@type\":\"WebPage\",\"@id\":\"https:\/\/www.mettmann.de\/web\/600-jahre-freiheit-mettmann\/\",\"url\":\"https:\/\/www.mettmann.de\/web\/600-jahre-freiheit-mettmann\/\",\"name\":\"600 Jahre Freiheit Mettmann | Stadtverwaltung Mettmann\",\"isPartOf\":{\"@id\":\"https:\/\/www.mettmann.de\/web\/#website\"},\"primaryImageOfPage\":{\"@id\":\"https:\/\/www.mettmann.de\/web\/600-jahre-freiheit-mettmann\/#primaryimage\"},\"image\":{\"@id\":\"https:\/\/www.mettmann.de\/web\/600-jahre-freiheit-mettmann\/#primaryimage\"},\"thumbnailUrl\":\"https:\/\/www.mettmann.de\/web\/wp-content\/uploads\/2024\/08\/1-scaled.jpg\",\"datePublished\":\"2024-08-06T11:35:17+00:00\",\"dateModified\":\"2025-11-23T08:18:31+00:00\",\"description\":\"Mettmann feiert 600 Jahre Freiheit! Am 10.08.1424 wurde das Dorf Medemen zur Freiheit erhoben \u2013 ein wichtiger Schritt zur Entwicklung der Stadt Mettmann.\",\"breadcrumb\":{\"@id\":\"https:\/\/www.mettmann.de\/web\/600-jahre-freiheit-mettmann\/#breadcrumb\"},\"inLanguage\":\"de\",\"potentialAction\":[{\"@type\":\"ReadAction\",\"target\":[\"https:\/\/www.mettmann.de\/web\/600-jahre-freiheit-mettmann\/\"]}]},{\"@type\":\"ImageObject\",\"inLanguage\":\"de\",\"@id\":\"https:\/\/www.mettmann.de\/web\/600-jahre-freiheit-mettmann\/#primaryimage\",\"url\":\"https:\/\/www.mettmann.de\/web\/wp-content\/uploads\/2024\/08\/1-scaled.jpg\",\"contentUrl\":\"https:\/\/www.mettmann.de\/web\/wp-content\/uploads\/2024\/08\/1-scaled.jpg\",\"width\":2560,\"height\":1642,\"caption\":\"Darstellung der Freiheit Mettmann, interpretiert vom Mettmanner Heimatforscher Horst-G. H\u00fctten\"},{\"@type\":\"BreadcrumbList\",\"@id\":\"https:\/\/www.mettmann.de\/web\/600-jahre-freiheit-mettmann\/#breadcrumb\",\"itemListElement\":[{\"@type\":\"ListItem\",\"position\":1,\"name\":\"Startseite\",\"item\":\"https:\/\/www.mettmann.de\/web\/\"},{\"@type\":\"ListItem\",\"position\":2,\"name\":\"600 Jahre Freiheit Mettmann\"}]},{\"@type\":\"WebSite\",\"@id\":\"https:\/\/www.mettmann.de\/web\/#website\",\"url\":\"https:\/\/www.mettmann.de\/web\/\",\"name\":\"Stadtverwaltung Mettmann\",\"description\":\"Internetseite der Kreisstadt Mettmann\",\"publisher\":{\"@id\":\"https:\/\/www.mettmann.de\/web\/#organization\"},\"potentialAction\":[{\"@type\":\"SearchAction\",\"target\":{\"@type\":\"EntryPoint\",\"urlTemplate\":\"https:\/\/www.mettmann.de\/web\/?s={search_term_string}\"},\"query-input\":{\"@type\":\"PropertyValueSpecification\",\"valueRequired\":true,\"valueName\":\"search_term_string\"}}],\"inLanguage\":\"de\"},{\"@type\":\"Organization\",\"@id\":\"https:\/\/www.mettmann.de\/web\/#organization\",\"name\":\"Kreisstadt Mettmann\",\"url\":\"https:\/\/www.mettmann.de\/web\/\",\"logo\":{\"@type\":\"ImageObject\",\"inLanguage\":\"de\",\"@id\":\"https:\/\/www.mettmann.de\/web\/#\/schema\/logo\/image\/\",\"url\":\"https:\/\/www.mettmann.de\/web\/wp-content\/uploads\/2019\/08\/Kreisstadt_Mettmann_Logo_RGB_150dpi.png\",\"contentUrl\":\"https:\/\/www.mettmann.de\/web\/wp-content\/uploads\/2019\/08\/Kreisstadt_Mettmann_Logo_RGB_150dpi.png\",\"width\":1302,\"height\":191,\"caption\":\"Kreisstadt Mettmann\"},\"image\":{\"@id\":\"https:\/\/www.mettmann.de\/web\/#\/schema\/logo\/image\/\"},\"sameAs\":[\"https:\/\/www.facebook.com\/kreisstadt.mettmann\",\"https:\/\/de.wikipedia.org\/wiki\/Mettmann\"]}]}<\/script>\n<!-- \/ Yoast SEO plugin. -->","yoast_head_json":{"title":"600 Jahre Freiheit Mettmann | Stadtverwaltung Mettmann","description":"Mettmann feiert 600 Jahre Freiheit! Am 10.08.1424 wurde das Dorf Medemen zur Freiheit erhoben \u2013 ein wichtiger Schritt zur Entwicklung der Stadt Mettmann.","robots":{"index":"index","follow":"follow","max-snippet":"max-snippet:-1","max-image-preview":"max-image-preview:large","max-video-preview":"max-video-preview:-1"},"canonical":"https:\/\/www.mettmann.de\/web\/600-jahre-freiheit-mettmann\/","og_locale":"de_DE","og_type":"article","og_title":"600 Jahre Freiheit Mettmann | Stadtverwaltung Mettmann","og_description":"Mettmann feiert 600 Jahre Freiheit! Am 10.08.1424 wurde das Dorf Medemen zur Freiheit erhoben \u2013 ein wichtiger Schritt zur Entwicklung der Stadt Mettmann.","og_url":"https:\/\/www.mettmann.de\/web\/600-jahre-freiheit-mettmann\/","og_site_name":"Stadtverwaltung Mettmann","article_publisher":"https:\/\/www.facebook.com\/kreisstadt.mettmann","article_modified_time":"2025-11-23T08:18:31+00:00","og_image":[{"width":2560,"height":1642,"url":"https:\/\/www.mettmann.de\/web\/wp-content\/uploads\/2024\/08\/1-scaled.jpg","type":"image\/jpeg"}],"twitter_card":"summary_large_image","twitter_misc":{"Gesch\u00e4tzte Lesezeit":"2\u00a0Minuten"},"schema":{"@context":"https:\/\/schema.org","@graph":[{"@type":"WebPage","@id":"https:\/\/www.mettmann.de\/web\/600-jahre-freiheit-mettmann\/","url":"https:\/\/www.mettmann.de\/web\/600-jahre-freiheit-mettmann\/","name":"600 Jahre Freiheit Mettmann | Stadtverwaltung Mettmann","isPartOf":{"@id":"https:\/\/www.mettmann.de\/web\/#website"},"primaryImageOfPage":{"@id":"https:\/\/www.mettmann.de\/web\/600-jahre-freiheit-mettmann\/#primaryimage"},"image":{"@id":"https:\/\/www.mettmann.de\/web\/600-jahre-freiheit-mettmann\/#primaryimage"},"thumbnailUrl":"https:\/\/www.mettmann.de\/web\/wp-content\/uploads\/2024\/08\/1-scaled.jpg","datePublished":"2024-08-06T11:35:17+00:00","dateModified":"2025-11-23T08:18:31+00:00","description":"Mettmann feiert 600 Jahre Freiheit! Am 10.08.1424 wurde das Dorf Medemen zur Freiheit erhoben \u2013 ein wichtiger Schritt zur Entwicklung der Stadt Mettmann.","breadcrumb":{"@id":"https:\/\/www.mettmann.de\/web\/600-jahre-freiheit-mettmann\/#breadcrumb"},"inLanguage":"de","potentialAction":[{"@type":"ReadAction","target":["https:\/\/www.mettmann.de\/web\/600-jahre-freiheit-mettmann\/"]}]},{"@type":"ImageObject","inLanguage":"de","@id":"https:\/\/www.mettmann.de\/web\/600-jahre-freiheit-mettmann\/#primaryimage","url":"https:\/\/www.mettmann.de\/web\/wp-content\/uploads\/2024\/08\/1-scaled.jpg","contentUrl":"https:\/\/www.mettmann.de\/web\/wp-content\/uploads\/2024\/08\/1-scaled.jpg","width":2560,"height":1642,"caption":"Darstellung der Freiheit Mettmann, interpretiert vom Mettmanner Heimatforscher Horst-G. H\u00fctten"},{"@type":"BreadcrumbList","@id":"https:\/\/www.mettmann.de\/web\/600-jahre-freiheit-mettmann\/#breadcrumb","itemListElement":[{"@type":"ListItem","position":1,"name":"Startseite","item":"https:\/\/www.mettmann.de\/web\/"},{"@type":"ListItem","position":2,"name":"600 Jahre Freiheit Mettmann"}]},{"@type":"WebSite","@id":"https:\/\/www.mettmann.de\/web\/#website","url":"https:\/\/www.mettmann.de\/web\/","name":"Stadtverwaltung Mettmann","description":"Internetseite der Kreisstadt Mettmann","publisher":{"@id":"https:\/\/www.mettmann.de\/web\/#organization"},"potentialAction":[{"@type":"SearchAction","target":{"@type":"EntryPoint","urlTemplate":"https:\/\/www.mettmann.de\/web\/?s={search_term_string}"},"query-input":{"@type":"PropertyValueSpecification","valueRequired":true,"valueName":"search_term_string"}}],"inLanguage":"de"},{"@type":"Organization","@id":"https:\/\/www.mettmann.de\/web\/#organization","name":"Kreisstadt Mettmann","url":"https:\/\/www.mettmann.de\/web\/","logo":{"@type":"ImageObject","inLanguage":"de","@id":"https:\/\/www.mettmann.de\/web\/#\/schema\/logo\/image\/","url":"https:\/\/www.mettmann.de\/web\/wp-content\/uploads\/2019\/08\/Kreisstadt_Mettmann_Logo_RGB_150dpi.png","contentUrl":"https:\/\/www.mettmann.de\/web\/wp-content\/uploads\/2019\/08\/Kreisstadt_Mettmann_Logo_RGB_150dpi.png","width":1302,"height":191,"caption":"Kreisstadt Mettmann"},"image":{"@id":"https:\/\/www.mettmann.de\/web\/#\/schema\/logo\/image\/"},"sameAs":["https:\/\/www.facebook.com\/kreisstadt.mettmann","https:\/\/de.wikipedia.org\/wiki\/Mettmann"]}]}},"_links":{"self":[{"href":"https:\/\/www.mettmann.de\/web\/wp-json\/wp\/v2\/pages\/42538","targetHints":{"allow":["GET"]}}],"collection":[{"href":"https:\/\/www.mettmann.de\/web\/wp-json\/wp\/v2\/pages"}],"about":[{"href":"https:\/\/www.mettmann.de\/web\/wp-json\/wp\/v2\/types\/page"}],"author":[{"embeddable":true,"href":"https:\/\/www.mettmann.de\/web\/wp-json\/wp\/v2\/users\/1"}],"replies":[{"embeddable":true,"href":"https:\/\/www.mettmann.de\/web\/wp-json\/wp\/v2\/comments?post=42538"}],"version-history":[{"count":12,"href":"https:\/\/www.mettmann.de\/web\/wp-json\/wp\/v2\/pages\/42538\/revisions"}],"predecessor-version":[{"id":56163,"href":"https:\/\/www.mettmann.de\/web\/wp-json\/wp\/v2\/pages\/42538\/revisions\/56163"}],"wp:featuredmedia":[{"embeddable":true,"href":"https:\/\/www.mettmann.de\/web\/wp-json\/wp\/v2\/media\/42541"}],"wp:attachment":[{"href":"https:\/\/www.mettmann.de\/web\/wp-json\/wp\/v2\/media?parent=42538"}],"curies":[{"name":"wp","href":"https:\/\/api.w.org\/{rel}","templated":true}]}}