{"id":5733,"date":"2020-05-29T13:06:26","date_gmt":"2020-05-29T11:06:26","guid":{"rendered":"https:\/\/www.mettmann.de\/web\/?page_id=5733"},"modified":"2021-07-22T12:07:53","modified_gmt":"2021-07-22T10:07:53","slug":"spielmobil","status":"publish","type":"page","link":"https:\/\/www.mettmann.de\/web\/bildung-soziales\/mehrgenerationenhaus-jugendhaus\/spielmobil\/","title":{"rendered":"Spielmobil"},"content":{"rendered":"<div id=\"attachment_2043\" style=\"width: 3274px\" class=\"wp-caption alignright\"><img loading=\"lazy\" decoding=\"async\" aria-describedby=\"caption-attachment-2043\" class=\"size-full wp-image-2043\" src=\"https:\/\/www.mettmann.de\/web\/wp-content\/uploads\/2019\/10\/spielmobil-metzkausen.jpg\" alt=\"Spielmobil Metzkausen\" width=\"3264\" height=\"1836\" srcset=\"https:\/\/www.mettmann.de\/web\/wp-content\/uploads\/2019\/10\/spielmobil-metzkausen.jpg 3264w, https:\/\/www.mettmann.de\/web\/wp-content\/uploads\/2019\/10\/spielmobil-metzkausen-300x169.jpg 300w, https:\/\/www.mettmann.de\/web\/wp-content\/uploads\/2019\/10\/spielmobil-metzkausen-768x432.jpg 768w, https:\/\/www.mettmann.de\/web\/wp-content\/uploads\/2019\/10\/spielmobil-metzkausen-1024x576.jpg 1024w, https:\/\/www.mettmann.de\/web\/wp-content\/uploads\/2019\/10\/spielmobil-metzkausen-777x437.jpg 777w, https:\/\/www.mettmann.de\/web\/wp-content\/uploads\/2019\/10\/spielmobil-metzkausen-260x146.jpg 260w, https:\/\/www.mettmann.de\/web\/wp-content\/uploads\/2019\/10\/spielmobil-metzkausen-120x67.jpg 120w\" sizes=\"auto, (max-width: 3264px) 100vw, 3264px\" \/><p id=\"caption-attachment-2043\" class=\"wp-caption-text\">Foto: Kreisstadt Mettmann<\/p><\/div>\n<p class=\"eingerueckt40\">Das Jugendamt der Stadt Mettmann f\u00fchrt zu unterschiedlichen Zeiten und an unterschiedlichen Orten Spielaktionen f\u00fcr Kinder im Stadtgebiet durch.<\/p>\n<p class=\"eingerueckt40\">Hierbei handelt es sich meist um offene Angebote f\u00fcr Kinder ab 6 Jahren, auch f\u00fcr j\u00fcngere Kinder in Begleitung eines Erwachsenen.<\/p>\n<p class=\"eingerueckt40\">Offenes Angebot hei\u00dft: Die Kinder k\u00f6nnen kommen und gehen, wann sie wollen. Aus diesem Grund ist es notwendig, dass die Eltern mit den Kindern im Einzelnen Vereinbarungen treffen, wann sie abgeholt werden, bzw. wann sie zu Hause sein sollen.<\/p>\n<h3>Standort Spielplatz Champagne<\/h3>\n<p class=\"eingerueckt40\">Im Herbst 2007 setzten sich Eltern f\u00fcr eine Attraktivierung des Spielplatzes Champagne\/Laubacher Feld ein. In Abstimmung mit den Kindern konnte ein Spinnennetz aufgebaut werden. Zudem wird seit dieser Zeit einmal pro Woche das Spielmobil des Jugendamtes ge\u00f6ffnet. Hierbei handelt es sich um einen umgebauten Bauwagen, der mit Sitzb\u00e4nken, Tischen, sowie Spielmaterial und Fahrger\u00e4ten ausgestattet ist.<\/p>\n<p class=\"eingerueckt40\">Da der Spielplatz Champagne in einem Wohngebiet mit vielen jungen Familien liegt, ist der Andrang gro\u00df &#8211; bei sch\u00f6nem Wetter tummeln sich rund 50 Kinder auf der Wiese rund um das Spielmobil. Die Kinder haben die M\u00f6glichkeit, sich bei Sport und Spiel auszutoben, den &#8222;Fuhrpark&#8220; an Fahrger\u00e4ten zu nutzen oder an einem Kreativangebot teilzunehmen.<\/p>\n<p>Es entstehen keine Kosten, eine Anmeldung ist nicht notwendig.<\/p>\n<h3 class=\"eingerueckt40\">Weitere Informationen<\/h3>\n<p>Mehrgenerationenhaus Am K\u00f6<br \/>\nAm K\u00f6nigshof 17-19, 40822 Mettmann<br \/>\nTelefon: 02104 \/ 980-421<\/p>\n<p>&nbsp;<\/p>\n<p class=\"eingerueckt40\"><i>* Hinweis: In den Sommerferien kommt das Spielmobil nicht zum Einsatz.<br \/>\nEs kann vorkommen, dass die Spielmobilaktion ausf\u00e4llt, z.B. durch hohe Ozonwerte, starken Regen, etc.<\/i><\/p>\n","protected":false},"excerpt":{"rendered":"<p>Das Jugendamt der Stadt Mettmann f\u00fchrt zu unterschiedlichen Zeiten und an unterschiedlichen Orten Spielaktionen f\u00fcr Kinder im Stadtgebiet durch. Hierbei handelt es sich meist um offene Angebote f\u00fcr Kinder ab 6 Jahren, auch f\u00fcr j\u00fcngere&#8230;<\/p>\n","protected":false},"author":1,"featured_media":2043,"parent":1398,"menu_order":7,"comment_status":"closed","ping_status":"closed","template":"","meta":{"ngg_post_thumbnail":0,"footnotes":""},"class_list":["post-5733","page","type-page","status-publish","has-post-thumbnail","hentry"],"yoast_head":"<!-- This site is optimized with the Yoast SEO plugin v27.2 - https:\/\/yoast.com\/product\/yoast-seo-wordpress\/ -->\n<title>Spielmobil | Stadtverwaltung Mettmann<\/title>\n<meta name=\"robots\" content=\"index, follow, max-snippet:-1, max-image-preview:large, max-video-preview:-1\" \/>\n<link rel=\"canonical\" href=\"https:\/\/www.mettmann.de\/web\/bildung-soziales\/mehrgenerationenhaus-jugendhaus\/spielmobil\/\" \/>\n<meta property=\"og:locale\" content=\"de_DE\" \/>\n<meta property=\"og:type\" content=\"article\" \/>\n<meta property=\"og:title\" content=\"Spielmobil | Stadtverwaltung Mettmann\" \/>\n<meta property=\"og:description\" content=\"Das Jugendamt der Stadt Mettmann f\u00fchrt zu unterschiedlichen Zeiten und an unterschiedlichen Orten Spielaktionen f\u00fcr Kinder im Stadtgebiet durch. Hierbei handelt es sich meist um offene Angebote f\u00fcr Kinder ab 6 Jahren, auch f\u00fcr j\u00fcngere...\" \/>\n<meta property=\"og:url\" content=\"https:\/\/www.mettmann.de\/web\/bildung-soziales\/mehrgenerationenhaus-jugendhaus\/spielmobil\/\" \/>\n<meta property=\"og:site_name\" content=\"Stadtverwaltung Mettmann\" \/>\n<meta property=\"article:publisher\" content=\"https:\/\/www.facebook.com\/kreisstadt.mettmann\" \/>\n<meta property=\"article:modified_time\" content=\"2021-07-22T10:07:53+00:00\" \/>\n<meta property=\"og:image\" content=\"https:\/\/www.mettmann.de\/web\/wp-content\/uploads\/2019\/10\/spielmobil-metzkausen.jpg\" \/>\n\t<meta property=\"og:image:width\" content=\"3264\" \/>\n\t<meta property=\"og:image:height\" content=\"1836\" \/>\n\t<meta property=\"og:image:type\" content=\"image\/jpeg\" \/>\n<meta name=\"twitter:card\" content=\"summary_large_image\" \/>\n<meta name=\"twitter:label1\" content=\"Gesch\u00e4tzte Lesezeit\" \/>\n\t<meta name=\"twitter:data1\" content=\"2\u00a0Minuten\" \/>\n<script type=\"application\/ld+json\" class=\"yoast-schema-graph\">{\"@context\":\"https:\/\/schema.org\",\"@graph\":[{\"@type\":\"WebPage\",\"@id\":\"https:\/\/www.mettmann.de\/web\/bildung-soziales\/mehrgenerationenhaus-jugendhaus\/spielmobil\/\",\"url\":\"https:\/\/www.mettmann.de\/web\/bildung-soziales\/mehrgenerationenhaus-jugendhaus\/spielmobil\/\",\"name\":\"Spielmobil | Stadtverwaltung Mettmann\",\"isPartOf\":{\"@id\":\"https:\/\/www.mettmann.de\/web\/#website\"},\"primaryImageOfPage\":{\"@id\":\"https:\/\/www.mettmann.de\/web\/bildung-soziales\/mehrgenerationenhaus-jugendhaus\/spielmobil\/#primaryimage\"},\"image\":{\"@id\":\"https:\/\/www.mettmann.de\/web\/bildung-soziales\/mehrgenerationenhaus-jugendhaus\/spielmobil\/#primaryimage\"},\"thumbnailUrl\":\"https:\/\/www.mettmann.de\/web\/wp-content\/uploads\/2019\/10\/spielmobil-metzkausen.jpg\",\"datePublished\":\"2020-05-29T11:06:26+00:00\",\"dateModified\":\"2021-07-22T10:07:53+00:00\",\"breadcrumb\":{\"@id\":\"https:\/\/www.mettmann.de\/web\/bildung-soziales\/mehrgenerationenhaus-jugendhaus\/spielmobil\/#breadcrumb\"},\"inLanguage\":\"de\",\"potentialAction\":[{\"@type\":\"ReadAction\",\"target\":[\"https:\/\/www.mettmann.de\/web\/bildung-soziales\/mehrgenerationenhaus-jugendhaus\/spielmobil\/\"]}]},{\"@type\":\"ImageObject\",\"inLanguage\":\"de\",\"@id\":\"https:\/\/www.mettmann.de\/web\/bildung-soziales\/mehrgenerationenhaus-jugendhaus\/spielmobil\/#primaryimage\",\"url\":\"https:\/\/www.mettmann.de\/web\/wp-content\/uploads\/2019\/10\/spielmobil-metzkausen.jpg\",\"contentUrl\":\"https:\/\/www.mettmann.de\/web\/wp-content\/uploads\/2019\/10\/spielmobil-metzkausen.jpg\",\"width\":3264,\"height\":1836,\"caption\":\"Archivfoto: Kreisstadt Mettmann\"},{\"@type\":\"BreadcrumbList\",\"@id\":\"https:\/\/www.mettmann.de\/web\/bildung-soziales\/mehrgenerationenhaus-jugendhaus\/spielmobil\/#breadcrumb\",\"itemListElement\":[{\"@type\":\"ListItem\",\"position\":1,\"name\":\"Startseite\",\"item\":\"https:\/\/www.mettmann.de\/web\/\"},{\"@type\":\"ListItem\",\"position\":2,\"name\":\"Bildung &#038; Soziales\",\"item\":\"https:\/\/www.mettmann.de\/web\/bildung-soziales\/\"},{\"@type\":\"ListItem\",\"position\":3,\"name\":\"Mehrgenerationenhaus \/ Jugendhaus\",\"item\":\"https:\/\/www.mettmann.de\/web\/bildung-soziales\/mehrgenerationenhaus-jugendhaus\/\"},{\"@type\":\"ListItem\",\"position\":4,\"name\":\"Spielmobil\"}]},{\"@type\":\"WebSite\",\"@id\":\"https:\/\/www.mettmann.de\/web\/#website\",\"url\":\"https:\/\/www.mettmann.de\/web\/\",\"name\":\"Stadtverwaltung Mettmann\",\"description\":\"Internetseite der Kreisstadt Mettmann\",\"publisher\":{\"@id\":\"https:\/\/www.mettmann.de\/web\/#organization\"},\"potentialAction\":[{\"@type\":\"SearchAction\",\"target\":{\"@type\":\"EntryPoint\",\"urlTemplate\":\"https:\/\/www.mettmann.de\/web\/?s={search_term_string}\"},\"query-input\":{\"@type\":\"PropertyValueSpecification\",\"valueRequired\":true,\"valueName\":\"search_term_string\"}}],\"inLanguage\":\"de\"},{\"@type\":\"Organization\",\"@id\":\"https:\/\/www.mettmann.de\/web\/#organization\",\"name\":\"Kreisstadt Mettmann\",\"url\":\"https:\/\/www.mettmann.de\/web\/\",\"logo\":{\"@type\":\"ImageObject\",\"inLanguage\":\"de\",\"@id\":\"https:\/\/www.mettmann.de\/web\/#\/schema\/logo\/image\/\",\"url\":\"https:\/\/www.mettmann.de\/web\/wp-content\/uploads\/2019\/08\/Kreisstadt_Mettmann_Logo_RGB_150dpi.png\",\"contentUrl\":\"https:\/\/www.mettmann.de\/web\/wp-content\/uploads\/2019\/08\/Kreisstadt_Mettmann_Logo_RGB_150dpi.png\",\"width\":1302,\"height\":191,\"caption\":\"Kreisstadt Mettmann\"},\"image\":{\"@id\":\"https:\/\/www.mettmann.de\/web\/#\/schema\/logo\/image\/\"},\"sameAs\":[\"https:\/\/www.facebook.com\/kreisstadt.mettmann\",\"https:\/\/de.wikipedia.org\/wiki\/Mettmann\"]}]}<\/script>\n<!-- \/ Yoast SEO plugin. -->","yoast_head_json":{"title":"Spielmobil | Stadtverwaltung Mettmann","robots":{"index":"index","follow":"follow","max-snippet":"max-snippet:-1","max-image-preview":"max-image-preview:large","max-video-preview":"max-video-preview:-1"},"canonical":"https:\/\/www.mettmann.de\/web\/bildung-soziales\/mehrgenerationenhaus-jugendhaus\/spielmobil\/","og_locale":"de_DE","og_type":"article","og_title":"Spielmobil | Stadtverwaltung Mettmann","og_description":"Das Jugendamt der Stadt Mettmann f\u00fchrt zu unterschiedlichen Zeiten und an unterschiedlichen Orten Spielaktionen f\u00fcr Kinder im Stadtgebiet durch. Hierbei handelt es sich meist um offene Angebote f\u00fcr Kinder ab 6 Jahren, auch f\u00fcr j\u00fcngere...","og_url":"https:\/\/www.mettmann.de\/web\/bildung-soziales\/mehrgenerationenhaus-jugendhaus\/spielmobil\/","og_site_name":"Stadtverwaltung Mettmann","article_publisher":"https:\/\/www.facebook.com\/kreisstadt.mettmann","article_modified_time":"2021-07-22T10:07:53+00:00","og_image":[{"width":3264,"height":1836,"url":"https:\/\/www.mettmann.de\/web\/wp-content\/uploads\/2019\/10\/spielmobil-metzkausen.jpg","type":"image\/jpeg"}],"twitter_card":"summary_large_image","twitter_misc":{"Gesch\u00e4tzte Lesezeit":"2\u00a0Minuten"},"schema":{"@context":"https:\/\/schema.org","@graph":[{"@type":"WebPage","@id":"https:\/\/www.mettmann.de\/web\/bildung-soziales\/mehrgenerationenhaus-jugendhaus\/spielmobil\/","url":"https:\/\/www.mettmann.de\/web\/bildung-soziales\/mehrgenerationenhaus-jugendhaus\/spielmobil\/","name":"Spielmobil | Stadtverwaltung Mettmann","isPartOf":{"@id":"https:\/\/www.mettmann.de\/web\/#website"},"primaryImageOfPage":{"@id":"https:\/\/www.mettmann.de\/web\/bildung-soziales\/mehrgenerationenhaus-jugendhaus\/spielmobil\/#primaryimage"},"image":{"@id":"https:\/\/www.mettmann.de\/web\/bildung-soziales\/mehrgenerationenhaus-jugendhaus\/spielmobil\/#primaryimage"},"thumbnailUrl":"https:\/\/www.mettmann.de\/web\/wp-content\/uploads\/2019\/10\/spielmobil-metzkausen.jpg","datePublished":"2020-05-29T11:06:26+00:00","dateModified":"2021-07-22T10:07:53+00:00","breadcrumb":{"@id":"https:\/\/www.mettmann.de\/web\/bildung-soziales\/mehrgenerationenhaus-jugendhaus\/spielmobil\/#breadcrumb"},"inLanguage":"de","potentialAction":[{"@type":"ReadAction","target":["https:\/\/www.mettmann.de\/web\/bildung-soziales\/mehrgenerationenhaus-jugendhaus\/spielmobil\/"]}]},{"@type":"ImageObject","inLanguage":"de","@id":"https:\/\/www.mettmann.de\/web\/bildung-soziales\/mehrgenerationenhaus-jugendhaus\/spielmobil\/#primaryimage","url":"https:\/\/www.mettmann.de\/web\/wp-content\/uploads\/2019\/10\/spielmobil-metzkausen.jpg","contentUrl":"https:\/\/www.mettmann.de\/web\/wp-content\/uploads\/2019\/10\/spielmobil-metzkausen.jpg","width":3264,"height":1836,"caption":"Archivfoto: Kreisstadt Mettmann"},{"@type":"BreadcrumbList","@id":"https:\/\/www.mettmann.de\/web\/bildung-soziales\/mehrgenerationenhaus-jugendhaus\/spielmobil\/#breadcrumb","itemListElement":[{"@type":"ListItem","position":1,"name":"Startseite","item":"https:\/\/www.mettmann.de\/web\/"},{"@type":"ListItem","position":2,"name":"Bildung &#038; Soziales","item":"https:\/\/www.mettmann.de\/web\/bildung-soziales\/"},{"@type":"ListItem","position":3,"name":"Mehrgenerationenhaus \/ Jugendhaus","item":"https:\/\/www.mettmann.de\/web\/bildung-soziales\/mehrgenerationenhaus-jugendhaus\/"},{"@type":"ListItem","position":4,"name":"Spielmobil"}]},{"@type":"WebSite","@id":"https:\/\/www.mettmann.de\/web\/#website","url":"https:\/\/www.mettmann.de\/web\/","name":"Stadtverwaltung Mettmann","description":"Internetseite der Kreisstadt Mettmann","publisher":{"@id":"https:\/\/www.mettmann.de\/web\/#organization"},"potentialAction":[{"@type":"SearchAction","target":{"@type":"EntryPoint","urlTemplate":"https:\/\/www.mettmann.de\/web\/?s={search_term_string}"},"query-input":{"@type":"PropertyValueSpecification","valueRequired":true,"valueName":"search_term_string"}}],"inLanguage":"de"},{"@type":"Organization","@id":"https:\/\/www.mettmann.de\/web\/#organization","name":"Kreisstadt Mettmann","url":"https:\/\/www.mettmann.de\/web\/","logo":{"@type":"ImageObject","inLanguage":"de","@id":"https:\/\/www.mettmann.de\/web\/#\/schema\/logo\/image\/","url":"https:\/\/www.mettmann.de\/web\/wp-content\/uploads\/2019\/08\/Kreisstadt_Mettmann_Logo_RGB_150dpi.png","contentUrl":"https:\/\/www.mettmann.de\/web\/wp-content\/uploads\/2019\/08\/Kreisstadt_Mettmann_Logo_RGB_150dpi.png","width":1302,"height":191,"caption":"Kreisstadt Mettmann"},"image":{"@id":"https:\/\/www.mettmann.de\/web\/#\/schema\/logo\/image\/"},"sameAs":["https:\/\/www.facebook.com\/kreisstadt.mettmann","https:\/\/de.wikipedia.org\/wiki\/Mettmann"]}]}},"_links":{"self":[{"href":"https:\/\/www.mettmann.de\/web\/wp-json\/wp\/v2\/pages\/5733","targetHints":{"allow":["GET"]}}],"collection":[{"href":"https:\/\/www.mettmann.de\/web\/wp-json\/wp\/v2\/pages"}],"about":[{"href":"https:\/\/www.mettmann.de\/web\/wp-json\/wp\/v2\/types\/page"}],"author":[{"embeddable":true,"href":"https:\/\/www.mettmann.de\/web\/wp-json\/wp\/v2\/users\/1"}],"replies":[{"embeddable":true,"href":"https:\/\/www.mettmann.de\/web\/wp-json\/wp\/v2\/comments?post=5733"}],"version-history":[{"count":4,"href":"https:\/\/www.mettmann.de\/web\/wp-json\/wp\/v2\/pages\/5733\/revisions"}],"predecessor-version":[{"id":14110,"href":"https:\/\/www.mettmann.de\/web\/wp-json\/wp\/v2\/pages\/5733\/revisions\/14110"}],"up":[{"embeddable":true,"href":"https:\/\/www.mettmann.de\/web\/wp-json\/wp\/v2\/pages\/1398"}],"wp:featuredmedia":[{"embeddable":true,"href":"https:\/\/www.mettmann.de\/web\/wp-json\/wp\/v2\/media\/2043"}],"wp:attachment":[{"href":"https:\/\/www.mettmann.de\/web\/wp-json\/wp\/v2\/media?parent=5733"}],"curies":[{"name":"wp","href":"https:\/\/api.w.org\/{rel}","templated":true}]}}