{"id":5853,"date":"2020-06-08T08:29:43","date_gmt":"2020-06-08T06:29:43","guid":{"rendered":"https:\/\/www.mettmann.de\/web\/?page_id=5853"},"modified":"2020-06-08T08:29:43","modified_gmt":"2020-06-08T06:29:43","slug":"cd-sammlung","status":"publish","type":"page","link":"https:\/\/www.mettmann.de\/web\/abfallberatungsseiten\/sammelsysteme\/cd-sammlung\/","title":{"rendered":"CD-Sammlung"},"content":{"rendered":"<div id=\"attachment_5854\" style=\"width: 1290px\" class=\"wp-caption alignright\"><img loading=\"lazy\" decoding=\"async\" aria-describedby=\"caption-attachment-5854\" class=\"size-full wp-image-5854\" src=\"https:\/\/www.mettmann.de\/web\/wp-content\/uploads\/2020\/06\/cd-sammlung.jpg\" alt=\"CD-Sammlung Recyclinghof\" width=\"1280\" height=\"720\" srcset=\"https:\/\/www.mettmann.de\/web\/wp-content\/uploads\/2020\/06\/cd-sammlung.jpg 1280w, https:\/\/www.mettmann.de\/web\/wp-content\/uploads\/2020\/06\/cd-sammlung-300x169.jpg 300w, https:\/\/www.mettmann.de\/web\/wp-content\/uploads\/2020\/06\/cd-sammlung-1024x576.jpg 1024w, https:\/\/www.mettmann.de\/web\/wp-content\/uploads\/2020\/06\/cd-sammlung-768x432.jpg 768w, https:\/\/www.mettmann.de\/web\/wp-content\/uploads\/2020\/06\/cd-sammlung-777x437.jpg 777w, https:\/\/www.mettmann.de\/web\/wp-content\/uploads\/2020\/06\/cd-sammlung-260x146.jpg 260w, https:\/\/www.mettmann.de\/web\/wp-content\/uploads\/2020\/06\/cd-sammlung-120x67.jpg 120w\" sizes=\"auto, (max-width: 1280px) 100vw, 1280px\" \/><p id=\"caption-attachment-5854\" class=\"wp-caption-text\">Symbolfoto: DS-Foto \/ pixabay<\/p><\/div>\n<p class=\"eingerueckt40\">Ob als CDs, CD-Roms oder DVDs &#8211; nahezu in jedem Haushalt finden sich mittlerweile gro\u00dfe Mengen von den kleinen Silberscheiben, h\u00e4ufig und auch unfreiwillig als Werbesendung von Internet- und Telekommunikationsdiensten in unseren Briefk\u00e4sten. Jedes Jahr werden weltweit mehr als 40 Milliarden CDs hergestellt werden. Da kann die sintflutartige Verbreitung der Silberlinge schnell zur Plage werden. Denn viele der Datentr\u00e4ger veralten sehr schnell und werden dadurch \u00fcberfl\u00fcssig.<\/p>\n<p>Die Stadt Mettmann hat daher bereits seit einigen Jahren ein Entsorgungsangebot auf dem Recyclinghof in der Hammerstra\u00dfe 31 eingerichtet. Dort k\u00f6nnen Sie Ihre nicht mehr ben\u00f6tigten CDs, CD-Roms und DVDs kostenlos abgeben. Solche Datentr\u00e4ger bestehen n\u00e4mlich \u00fcberwiegend aus dem hochwertigem Kunststoff Polycarbonat, der f\u00fcr die Herstellung von Produkten f\u00fcr die Medizintechnik, Automobil- und Computerindustrie wieder verwendet werden kann. F\u00fcr den Restm\u00fcll sind die runden Datentr\u00e4ger deshalb viel zu schade!<\/p>\n<p>Die nicht mehr gebrauchten CDs, CD-Roms und DVDs werden an den st\u00e4dtischen Sammelstellen jedoch nur aus privaten Haushalten und ohne Umverpackung, also ohne Plastikh\u00fclle, Cover und sonstige Verpackung angenommen. Datentr\u00e4ger mit pers\u00f6nlichen Daten sollten durch mehrere tiefe und breite Kratzer auf der Oberseite (Labelseite) weitgehend unlesbar gemacht werden. Bei besonders brisanten Daten empfiehlt sich das direkte Schreddern oder Zerschneiden der Datentr\u00e4ger.<\/p>\n","protected":false},"excerpt":{"rendered":"<p>Ob als CDs, CD-Roms oder DVDs &#8211; nahezu in jedem Haushalt finden sich mittlerweile gro\u00dfe Mengen von den kleinen Silberscheiben, h\u00e4ufig und auch unfreiwillig als Werbesendung von Internet- und Telekommunikationsdiensten in unseren Briefk\u00e4sten. Jedes Jahr&#8230;<\/p>\n","protected":false},"author":1,"featured_media":5854,"parent":5820,"menu_order":8,"comment_status":"closed","ping_status":"closed","template":"","meta":{"ngg_post_thumbnail":0,"footnotes":""},"class_list":["post-5853","page","type-page","status-publish","has-post-thumbnail","hentry"],"yoast_head":"<!-- This site is optimized with the Yoast SEO plugin v27.2 - https:\/\/yoast.com\/product\/yoast-seo-wordpress\/ -->\n<title>CD-Sammlung | Stadtverwaltung Mettmann<\/title>\n<meta name=\"robots\" content=\"index, follow, max-snippet:-1, max-image-preview:large, max-video-preview:-1\" \/>\n<link rel=\"canonical\" href=\"https:\/\/www.mettmann.de\/web\/abfallberatungsseiten\/sammelsysteme\/cd-sammlung\/\" \/>\n<meta property=\"og:locale\" content=\"de_DE\" \/>\n<meta property=\"og:type\" content=\"article\" \/>\n<meta property=\"og:title\" content=\"CD-Sammlung | Stadtverwaltung Mettmann\" \/>\n<meta property=\"og:description\" content=\"Ob als CDs, CD-Roms oder DVDs &#8211; nahezu in jedem Haushalt finden sich mittlerweile gro\u00dfe Mengen von den kleinen Silberscheiben, h\u00e4ufig und auch unfreiwillig als Werbesendung von Internet- und Telekommunikationsdiensten in unseren Briefk\u00e4sten. Jedes Jahr...\" \/>\n<meta property=\"og:url\" content=\"https:\/\/www.mettmann.de\/web\/abfallberatungsseiten\/sammelsysteme\/cd-sammlung\/\" \/>\n<meta property=\"og:site_name\" content=\"Stadtverwaltung Mettmann\" \/>\n<meta property=\"article:publisher\" content=\"https:\/\/www.facebook.com\/kreisstadt.mettmann\" \/>\n<meta property=\"og:image\" content=\"https:\/\/www.mettmann.de\/web\/wp-content\/uploads\/2020\/06\/cd-sammlung.jpg\" \/>\n\t<meta property=\"og:image:width\" content=\"1280\" \/>\n\t<meta property=\"og:image:height\" content=\"720\" \/>\n\t<meta property=\"og:image:type\" content=\"image\/jpeg\" \/>\n<meta name=\"twitter:card\" content=\"summary_large_image\" \/>\n<meta name=\"twitter:label1\" content=\"Gesch\u00e4tzte Lesezeit\" \/>\n\t<meta name=\"twitter:data1\" content=\"1\u00a0Minute\" \/>\n<script type=\"application\/ld+json\" class=\"yoast-schema-graph\">{\"@context\":\"https:\/\/schema.org\",\"@graph\":[{\"@type\":\"WebPage\",\"@id\":\"https:\/\/www.mettmann.de\/web\/abfallberatungsseiten\/sammelsysteme\/cd-sammlung\/\",\"url\":\"https:\/\/www.mettmann.de\/web\/abfallberatungsseiten\/sammelsysteme\/cd-sammlung\/\",\"name\":\"CD-Sammlung | Stadtverwaltung Mettmann\",\"isPartOf\":{\"@id\":\"https:\/\/www.mettmann.de\/web\/#website\"},\"primaryImageOfPage\":{\"@id\":\"https:\/\/www.mettmann.de\/web\/abfallberatungsseiten\/sammelsysteme\/cd-sammlung\/#primaryimage\"},\"image\":{\"@id\":\"https:\/\/www.mettmann.de\/web\/abfallberatungsseiten\/sammelsysteme\/cd-sammlung\/#primaryimage\"},\"thumbnailUrl\":\"https:\/\/www.mettmann.de\/web\/wp-content\/uploads\/2020\/06\/cd-sammlung.jpg\",\"datePublished\":\"2020-06-08T06:29:43+00:00\",\"breadcrumb\":{\"@id\":\"https:\/\/www.mettmann.de\/web\/abfallberatungsseiten\/sammelsysteme\/cd-sammlung\/#breadcrumb\"},\"inLanguage\":\"de\",\"potentialAction\":[{\"@type\":\"ReadAction\",\"target\":[\"https:\/\/www.mettmann.de\/web\/abfallberatungsseiten\/sammelsysteme\/cd-sammlung\/\"]}]},{\"@type\":\"ImageObject\",\"inLanguage\":\"de\",\"@id\":\"https:\/\/www.mettmann.de\/web\/abfallberatungsseiten\/sammelsysteme\/cd-sammlung\/#primaryimage\",\"url\":\"https:\/\/www.mettmann.de\/web\/wp-content\/uploads\/2020\/06\/cd-sammlung.jpg\",\"contentUrl\":\"https:\/\/www.mettmann.de\/web\/wp-content\/uploads\/2020\/06\/cd-sammlung.jpg\",\"width\":1280,\"height\":720,\"caption\":\"Symbolfoto: DS-Foto \/ pixabay\"},{\"@type\":\"BreadcrumbList\",\"@id\":\"https:\/\/www.mettmann.de\/web\/abfallberatungsseiten\/sammelsysteme\/cd-sammlung\/#breadcrumb\",\"itemListElement\":[{\"@type\":\"ListItem\",\"position\":1,\"name\":\"Startseite\",\"item\":\"https:\/\/www.mettmann.de\/web\/\"},{\"@type\":\"ListItem\",\"position\":2,\"name\":\"Abfallberatung online\",\"item\":\"https:\/\/www.mettmann.de\/web\/abfallberatungsseiten\/\"},{\"@type\":\"ListItem\",\"position\":3,\"name\":\"Sammelsysteme\",\"item\":\"https:\/\/www.mettmann.de\/web\/abfallberatungsseiten\/sammelsysteme\/\"},{\"@type\":\"ListItem\",\"position\":4,\"name\":\"CD-Sammlung\"}]},{\"@type\":\"WebSite\",\"@id\":\"https:\/\/www.mettmann.de\/web\/#website\",\"url\":\"https:\/\/www.mettmann.de\/web\/\",\"name\":\"Stadtverwaltung Mettmann\",\"description\":\"Internetseite der Kreisstadt Mettmann\",\"publisher\":{\"@id\":\"https:\/\/www.mettmann.de\/web\/#organization\"},\"potentialAction\":[{\"@type\":\"SearchAction\",\"target\":{\"@type\":\"EntryPoint\",\"urlTemplate\":\"https:\/\/www.mettmann.de\/web\/?s={search_term_string}\"},\"query-input\":{\"@type\":\"PropertyValueSpecification\",\"valueRequired\":true,\"valueName\":\"search_term_string\"}}],\"inLanguage\":\"de\"},{\"@type\":\"Organization\",\"@id\":\"https:\/\/www.mettmann.de\/web\/#organization\",\"name\":\"Kreisstadt Mettmann\",\"url\":\"https:\/\/www.mettmann.de\/web\/\",\"logo\":{\"@type\":\"ImageObject\",\"inLanguage\":\"de\",\"@id\":\"https:\/\/www.mettmann.de\/web\/#\/schema\/logo\/image\/\",\"url\":\"https:\/\/www.mettmann.de\/web\/wp-content\/uploads\/2019\/08\/Kreisstadt_Mettmann_Logo_RGB_150dpi.png\",\"contentUrl\":\"https:\/\/www.mettmann.de\/web\/wp-content\/uploads\/2019\/08\/Kreisstadt_Mettmann_Logo_RGB_150dpi.png\",\"width\":1302,\"height\":191,\"caption\":\"Kreisstadt Mettmann\"},\"image\":{\"@id\":\"https:\/\/www.mettmann.de\/web\/#\/schema\/logo\/image\/\"},\"sameAs\":[\"https:\/\/www.facebook.com\/kreisstadt.mettmann\",\"https:\/\/de.wikipedia.org\/wiki\/Mettmann\"]}]}<\/script>\n<!-- \/ Yoast SEO plugin. -->","yoast_head_json":{"title":"CD-Sammlung | Stadtverwaltung Mettmann","robots":{"index":"index","follow":"follow","max-snippet":"max-snippet:-1","max-image-preview":"max-image-preview:large","max-video-preview":"max-video-preview:-1"},"canonical":"https:\/\/www.mettmann.de\/web\/abfallberatungsseiten\/sammelsysteme\/cd-sammlung\/","og_locale":"de_DE","og_type":"article","og_title":"CD-Sammlung | Stadtverwaltung Mettmann","og_description":"Ob als CDs, CD-Roms oder DVDs &#8211; nahezu in jedem Haushalt finden sich mittlerweile gro\u00dfe Mengen von den kleinen Silberscheiben, h\u00e4ufig und auch unfreiwillig als Werbesendung von Internet- und Telekommunikationsdiensten in unseren Briefk\u00e4sten. Jedes Jahr...","og_url":"https:\/\/www.mettmann.de\/web\/abfallberatungsseiten\/sammelsysteme\/cd-sammlung\/","og_site_name":"Stadtverwaltung Mettmann","article_publisher":"https:\/\/www.facebook.com\/kreisstadt.mettmann","og_image":[{"width":1280,"height":720,"url":"https:\/\/www.mettmann.de\/web\/wp-content\/uploads\/2020\/06\/cd-sammlung.jpg","type":"image\/jpeg"}],"twitter_card":"summary_large_image","twitter_misc":{"Gesch\u00e4tzte Lesezeit":"1\u00a0Minute"},"schema":{"@context":"https:\/\/schema.org","@graph":[{"@type":"WebPage","@id":"https:\/\/www.mettmann.de\/web\/abfallberatungsseiten\/sammelsysteme\/cd-sammlung\/","url":"https:\/\/www.mettmann.de\/web\/abfallberatungsseiten\/sammelsysteme\/cd-sammlung\/","name":"CD-Sammlung | Stadtverwaltung Mettmann","isPartOf":{"@id":"https:\/\/www.mettmann.de\/web\/#website"},"primaryImageOfPage":{"@id":"https:\/\/www.mettmann.de\/web\/abfallberatungsseiten\/sammelsysteme\/cd-sammlung\/#primaryimage"},"image":{"@id":"https:\/\/www.mettmann.de\/web\/abfallberatungsseiten\/sammelsysteme\/cd-sammlung\/#primaryimage"},"thumbnailUrl":"https:\/\/www.mettmann.de\/web\/wp-content\/uploads\/2020\/06\/cd-sammlung.jpg","datePublished":"2020-06-08T06:29:43+00:00","breadcrumb":{"@id":"https:\/\/www.mettmann.de\/web\/abfallberatungsseiten\/sammelsysteme\/cd-sammlung\/#breadcrumb"},"inLanguage":"de","potentialAction":[{"@type":"ReadAction","target":["https:\/\/www.mettmann.de\/web\/abfallberatungsseiten\/sammelsysteme\/cd-sammlung\/"]}]},{"@type":"ImageObject","inLanguage":"de","@id":"https:\/\/www.mettmann.de\/web\/abfallberatungsseiten\/sammelsysteme\/cd-sammlung\/#primaryimage","url":"https:\/\/www.mettmann.de\/web\/wp-content\/uploads\/2020\/06\/cd-sammlung.jpg","contentUrl":"https:\/\/www.mettmann.de\/web\/wp-content\/uploads\/2020\/06\/cd-sammlung.jpg","width":1280,"height":720,"caption":"Symbolfoto: DS-Foto \/ pixabay"},{"@type":"BreadcrumbList","@id":"https:\/\/www.mettmann.de\/web\/abfallberatungsseiten\/sammelsysteme\/cd-sammlung\/#breadcrumb","itemListElement":[{"@type":"ListItem","position":1,"name":"Startseite","item":"https:\/\/www.mettmann.de\/web\/"},{"@type":"ListItem","position":2,"name":"Abfallberatung online","item":"https:\/\/www.mettmann.de\/web\/abfallberatungsseiten\/"},{"@type":"ListItem","position":3,"name":"Sammelsysteme","item":"https:\/\/www.mettmann.de\/web\/abfallberatungsseiten\/sammelsysteme\/"},{"@type":"ListItem","position":4,"name":"CD-Sammlung"}]},{"@type":"WebSite","@id":"https:\/\/www.mettmann.de\/web\/#website","url":"https:\/\/www.mettmann.de\/web\/","name":"Stadtverwaltung Mettmann","description":"Internetseite der Kreisstadt Mettmann","publisher":{"@id":"https:\/\/www.mettmann.de\/web\/#organization"},"potentialAction":[{"@type":"SearchAction","target":{"@type":"EntryPoint","urlTemplate":"https:\/\/www.mettmann.de\/web\/?s={search_term_string}"},"query-input":{"@type":"PropertyValueSpecification","valueRequired":true,"valueName":"search_term_string"}}],"inLanguage":"de"},{"@type":"Organization","@id":"https:\/\/www.mettmann.de\/web\/#organization","name":"Kreisstadt Mettmann","url":"https:\/\/www.mettmann.de\/web\/","logo":{"@type":"ImageObject","inLanguage":"de","@id":"https:\/\/www.mettmann.de\/web\/#\/schema\/logo\/image\/","url":"https:\/\/www.mettmann.de\/web\/wp-content\/uploads\/2019\/08\/Kreisstadt_Mettmann_Logo_RGB_150dpi.png","contentUrl":"https:\/\/www.mettmann.de\/web\/wp-content\/uploads\/2019\/08\/Kreisstadt_Mettmann_Logo_RGB_150dpi.png","width":1302,"height":191,"caption":"Kreisstadt Mettmann"},"image":{"@id":"https:\/\/www.mettmann.de\/web\/#\/schema\/logo\/image\/"},"sameAs":["https:\/\/www.facebook.com\/kreisstadt.mettmann","https:\/\/de.wikipedia.org\/wiki\/Mettmann"]}]}},"_links":{"self":[{"href":"https:\/\/www.mettmann.de\/web\/wp-json\/wp\/v2\/pages\/5853","targetHints":{"allow":["GET"]}}],"collection":[{"href":"https:\/\/www.mettmann.de\/web\/wp-json\/wp\/v2\/pages"}],"about":[{"href":"https:\/\/www.mettmann.de\/web\/wp-json\/wp\/v2\/types\/page"}],"author":[{"embeddable":true,"href":"https:\/\/www.mettmann.de\/web\/wp-json\/wp\/v2\/users\/1"}],"replies":[{"embeddable":true,"href":"https:\/\/www.mettmann.de\/web\/wp-json\/wp\/v2\/comments?post=5853"}],"version-history":[{"count":1,"href":"https:\/\/www.mettmann.de\/web\/wp-json\/wp\/v2\/pages\/5853\/revisions"}],"predecessor-version":[{"id":5855,"href":"https:\/\/www.mettmann.de\/web\/wp-json\/wp\/v2\/pages\/5853\/revisions\/5855"}],"up":[{"embeddable":true,"href":"https:\/\/www.mettmann.de\/web\/wp-json\/wp\/v2\/pages\/5820"}],"wp:featuredmedia":[{"embeddable":true,"href":"https:\/\/www.mettmann.de\/web\/wp-json\/wp\/v2\/media\/5854"}],"wp:attachment":[{"href":"https:\/\/www.mettmann.de\/web\/wp-json\/wp\/v2\/media?parent=5853"}],"curies":[{"name":"wp","href":"https:\/\/api.w.org\/{rel}","templated":true}]}}