{"id":5878,"date":"2020-06-08T09:21:17","date_gmt":"2020-06-08T07:21:17","guid":{"rendered":"https:\/\/www.mettmann.de\/web\/?page_id=5878"},"modified":"2020-06-08T09:21:17","modified_gmt":"2020-06-08T07:21:17","slug":"metallschrottsammlung","status":"publish","type":"page","link":"https:\/\/www.mettmann.de\/web\/abfallberatungsseiten\/sammelsysteme\/metallschrottsammlung\/","title":{"rendered":"Metallschrottsammlung"},"content":{"rendered":"<div id=\"attachment_5879\" style=\"width: 1290px\" class=\"wp-caption alignright\"><img loading=\"lazy\" decoding=\"async\" aria-describedby=\"caption-attachment-5879\" class=\"size-full wp-image-5879\" src=\"https:\/\/www.mettmann.de\/web\/wp-content\/uploads\/2020\/06\/metallschrott.jpg\" alt=\"Metall\" width=\"1280\" height=\"720\" srcset=\"https:\/\/www.mettmann.de\/web\/wp-content\/uploads\/2020\/06\/metallschrott.jpg 1280w, https:\/\/www.mettmann.de\/web\/wp-content\/uploads\/2020\/06\/metallschrott-300x169.jpg 300w, https:\/\/www.mettmann.de\/web\/wp-content\/uploads\/2020\/06\/metallschrott-1024x576.jpg 1024w, https:\/\/www.mettmann.de\/web\/wp-content\/uploads\/2020\/06\/metallschrott-768x432.jpg 768w, https:\/\/www.mettmann.de\/web\/wp-content\/uploads\/2020\/06\/metallschrott-777x437.jpg 777w, https:\/\/www.mettmann.de\/web\/wp-content\/uploads\/2020\/06\/metallschrott-260x146.jpg 260w, https:\/\/www.mettmann.de\/web\/wp-content\/uploads\/2020\/06\/metallschrott-120x67.jpg 120w\" sizes=\"auto, (max-width: 1280px) 100vw, 1280px\" \/><p id=\"caption-attachment-5879\" class=\"wp-caption-text\">Symbolfoto: MichaelGaida \/ pixabay<\/p><\/div>\n<p class=\"eingerueckt40\">Metallschrott kann t\u00e4glich von montags bis samstags (au\u00dfer dienstags) auf dem st\u00e4dt. Recyclinghof in der Hammerstra\u00dfe 31 kostenlos abgegeben werden.<\/p>\n<p><strong>Zum Metallschrott geh\u00f6ren z.B.:<\/strong><\/p>\n<ul class=\"eingerueckt40\">\n<li>M\u00f6bel und Einrichtungsgegenst\u00e4nde aus Metall und ohne St\u00f6rstoffe<\/li>\n<li>Backformen und Backbleche<\/li>\n<li>Badewannen<\/li>\n<li>CD-St\u00e4nder aus Metall<\/li>\n<li>Drahtzaun<\/li>\n<li>Fahrr\u00e4der<\/li>\n<li>Duschwannen<\/li>\n<li>Eisenschrott<\/li>\n<li>Grillger\u00e4te<\/li>\n<li>Heizk\u00f6rper aus Metall<\/li>\n<li>Kinderroller<\/li>\n<li>Kleintierk\u00e4fige<\/li>\n<li>Maschendraht<\/li>\n<li>Metallsp\u00fclen<\/li>\n<li>Kocht\u00f6pfe und Pfannen<\/li>\n<li>Rasenm\u00e4her (nicht elektrisch betrieben sowie ohne Kraft- und Schmierstoffe)<\/li>\n<li>Schubkarren<\/li>\n<li>W\u00e4schespinnen aus Metall<\/li>\n<\/ul>\n<p class=\"eingerueckt40\">Sperrige Haushaltsgro\u00dfger\u00e4te aus Metall k\u00f6nnen auch im Rahmen der Sperrm\u00fcllabfuhr bei Ihnen zu Hause abgeholt werden. Hierzu z\u00e4hlen z.B. Elektroherde, Waschmaschinen, W\u00e4schetrockner und Geschirrsp\u00fcler.<\/p>\n<p class=\"eingerueckt40\">Rufen Sie bitte zur Vereinbarung eines Abholtermins den st\u00e4dt. Baubetriebshof an: Telefon 02104 \/ 980-600.<\/p>\n","protected":false},"excerpt":{"rendered":"<p>Metallschrott kann t\u00e4glich von montags bis samstags (au\u00dfer dienstags) auf dem st\u00e4dt. Recyclinghof in der Hammerstra\u00dfe 31 kostenlos abgegeben werden. Zum Metallschrott geh\u00f6ren z.B.: M\u00f6bel und Einrichtungsgegenst\u00e4nde aus Metall und ohne St\u00f6rstoffe Backformen und Backbleche&#8230;<\/p>\n","protected":false},"author":1,"featured_media":5879,"parent":5820,"menu_order":13,"comment_status":"closed","ping_status":"closed","template":"","meta":{"ngg_post_thumbnail":0,"footnotes":""},"class_list":["post-5878","page","type-page","status-publish","has-post-thumbnail","hentry"],"yoast_head":"<!-- This site is optimized with the Yoast SEO plugin v27.2 - https:\/\/yoast.com\/product\/yoast-seo-wordpress\/ -->\n<title>Metallschrottsammlung | Stadtverwaltung Mettmann<\/title>\n<meta name=\"robots\" content=\"index, follow, max-snippet:-1, max-image-preview:large, max-video-preview:-1\" \/>\n<link rel=\"canonical\" href=\"https:\/\/www.mettmann.de\/web\/abfallberatungsseiten\/sammelsysteme\/metallschrottsammlung\/\" \/>\n<meta property=\"og:locale\" content=\"de_DE\" \/>\n<meta property=\"og:type\" content=\"article\" \/>\n<meta property=\"og:title\" content=\"Metallschrottsammlung | Stadtverwaltung Mettmann\" \/>\n<meta property=\"og:description\" content=\"Metallschrott kann t\u00e4glich von montags bis samstags (au\u00dfer dienstags) auf dem st\u00e4dt. Recyclinghof in der Hammerstra\u00dfe 31 kostenlos abgegeben werden. Zum Metallschrott geh\u00f6ren z.B.: M\u00f6bel und Einrichtungsgegenst\u00e4nde aus Metall und ohne St\u00f6rstoffe Backformen und Backbleche...\" \/>\n<meta property=\"og:url\" content=\"https:\/\/www.mettmann.de\/web\/abfallberatungsseiten\/sammelsysteme\/metallschrottsammlung\/\" \/>\n<meta property=\"og:site_name\" content=\"Stadtverwaltung Mettmann\" \/>\n<meta property=\"article:publisher\" content=\"https:\/\/www.facebook.com\/kreisstadt.mettmann\" \/>\n<meta property=\"og:image\" content=\"https:\/\/www.mettmann.de\/web\/wp-content\/uploads\/2020\/06\/metallschrott.jpg\" \/>\n\t<meta property=\"og:image:width\" content=\"1280\" \/>\n\t<meta property=\"og:image:height\" content=\"720\" \/>\n\t<meta property=\"og:image:type\" content=\"image\/jpeg\" \/>\n<meta name=\"twitter:card\" content=\"summary_large_image\" \/>\n<meta name=\"twitter:label1\" content=\"Gesch\u00e4tzte Lesezeit\" \/>\n\t<meta name=\"twitter:data1\" content=\"1\u00a0Minute\" \/>\n<script type=\"application\/ld+json\" class=\"yoast-schema-graph\">{\"@context\":\"https:\/\/schema.org\",\"@graph\":[{\"@type\":\"WebPage\",\"@id\":\"https:\/\/www.mettmann.de\/web\/abfallberatungsseiten\/sammelsysteme\/metallschrottsammlung\/\",\"url\":\"https:\/\/www.mettmann.de\/web\/abfallberatungsseiten\/sammelsysteme\/metallschrottsammlung\/\",\"name\":\"Metallschrottsammlung | Stadtverwaltung Mettmann\",\"isPartOf\":{\"@id\":\"https:\/\/www.mettmann.de\/web\/#website\"},\"primaryImageOfPage\":{\"@id\":\"https:\/\/www.mettmann.de\/web\/abfallberatungsseiten\/sammelsysteme\/metallschrottsammlung\/#primaryimage\"},\"image\":{\"@id\":\"https:\/\/www.mettmann.de\/web\/abfallberatungsseiten\/sammelsysteme\/metallschrottsammlung\/#primaryimage\"},\"thumbnailUrl\":\"https:\/\/www.mettmann.de\/web\/wp-content\/uploads\/2020\/06\/metallschrott.jpg\",\"datePublished\":\"2020-06-08T07:21:17+00:00\",\"breadcrumb\":{\"@id\":\"https:\/\/www.mettmann.de\/web\/abfallberatungsseiten\/sammelsysteme\/metallschrottsammlung\/#breadcrumb\"},\"inLanguage\":\"de\",\"potentialAction\":[{\"@type\":\"ReadAction\",\"target\":[\"https:\/\/www.mettmann.de\/web\/abfallberatungsseiten\/sammelsysteme\/metallschrottsammlung\/\"]}]},{\"@type\":\"ImageObject\",\"inLanguage\":\"de\",\"@id\":\"https:\/\/www.mettmann.de\/web\/abfallberatungsseiten\/sammelsysteme\/metallschrottsammlung\/#primaryimage\",\"url\":\"https:\/\/www.mettmann.de\/web\/wp-content\/uploads\/2020\/06\/metallschrott.jpg\",\"contentUrl\":\"https:\/\/www.mettmann.de\/web\/wp-content\/uploads\/2020\/06\/metallschrott.jpg\",\"width\":1280,\"height\":720,\"caption\":\"Symbolfoto: MichaelGaida \/ pixabay\"},{\"@type\":\"BreadcrumbList\",\"@id\":\"https:\/\/www.mettmann.de\/web\/abfallberatungsseiten\/sammelsysteme\/metallschrottsammlung\/#breadcrumb\",\"itemListElement\":[{\"@type\":\"ListItem\",\"position\":1,\"name\":\"Startseite\",\"item\":\"https:\/\/www.mettmann.de\/web\/\"},{\"@type\":\"ListItem\",\"position\":2,\"name\":\"Abfallberatung online\",\"item\":\"https:\/\/www.mettmann.de\/web\/abfallberatungsseiten\/\"},{\"@type\":\"ListItem\",\"position\":3,\"name\":\"Sammelsysteme\",\"item\":\"https:\/\/www.mettmann.de\/web\/abfallberatungsseiten\/sammelsysteme\/\"},{\"@type\":\"ListItem\",\"position\":4,\"name\":\"Metallschrottsammlung\"}]},{\"@type\":\"WebSite\",\"@id\":\"https:\/\/www.mettmann.de\/web\/#website\",\"url\":\"https:\/\/www.mettmann.de\/web\/\",\"name\":\"Stadtverwaltung Mettmann\",\"description\":\"Internetseite der Kreisstadt Mettmann\",\"publisher\":{\"@id\":\"https:\/\/www.mettmann.de\/web\/#organization\"},\"potentialAction\":[{\"@type\":\"SearchAction\",\"target\":{\"@type\":\"EntryPoint\",\"urlTemplate\":\"https:\/\/www.mettmann.de\/web\/?s={search_term_string}\"},\"query-input\":{\"@type\":\"PropertyValueSpecification\",\"valueRequired\":true,\"valueName\":\"search_term_string\"}}],\"inLanguage\":\"de\"},{\"@type\":\"Organization\",\"@id\":\"https:\/\/www.mettmann.de\/web\/#organization\",\"name\":\"Kreisstadt Mettmann\",\"url\":\"https:\/\/www.mettmann.de\/web\/\",\"logo\":{\"@type\":\"ImageObject\",\"inLanguage\":\"de\",\"@id\":\"https:\/\/www.mettmann.de\/web\/#\/schema\/logo\/image\/\",\"url\":\"https:\/\/www.mettmann.de\/web\/wp-content\/uploads\/2019\/08\/Kreisstadt_Mettmann_Logo_RGB_150dpi.png\",\"contentUrl\":\"https:\/\/www.mettmann.de\/web\/wp-content\/uploads\/2019\/08\/Kreisstadt_Mettmann_Logo_RGB_150dpi.png\",\"width\":1302,\"height\":191,\"caption\":\"Kreisstadt Mettmann\"},\"image\":{\"@id\":\"https:\/\/www.mettmann.de\/web\/#\/schema\/logo\/image\/\"},\"sameAs\":[\"https:\/\/www.facebook.com\/kreisstadt.mettmann\",\"https:\/\/de.wikipedia.org\/wiki\/Mettmann\"]}]}<\/script>\n<!-- \/ Yoast SEO plugin. -->","yoast_head_json":{"title":"Metallschrottsammlung | Stadtverwaltung Mettmann","robots":{"index":"index","follow":"follow","max-snippet":"max-snippet:-1","max-image-preview":"max-image-preview:large","max-video-preview":"max-video-preview:-1"},"canonical":"https:\/\/www.mettmann.de\/web\/abfallberatungsseiten\/sammelsysteme\/metallschrottsammlung\/","og_locale":"de_DE","og_type":"article","og_title":"Metallschrottsammlung | Stadtverwaltung Mettmann","og_description":"Metallschrott kann t\u00e4glich von montags bis samstags (au\u00dfer dienstags) auf dem st\u00e4dt. Recyclinghof in der Hammerstra\u00dfe 31 kostenlos abgegeben werden. Zum Metallschrott geh\u00f6ren z.B.: M\u00f6bel und Einrichtungsgegenst\u00e4nde aus Metall und ohne St\u00f6rstoffe Backformen und Backbleche...","og_url":"https:\/\/www.mettmann.de\/web\/abfallberatungsseiten\/sammelsysteme\/metallschrottsammlung\/","og_site_name":"Stadtverwaltung Mettmann","article_publisher":"https:\/\/www.facebook.com\/kreisstadt.mettmann","og_image":[{"width":1280,"height":720,"url":"https:\/\/www.mettmann.de\/web\/wp-content\/uploads\/2020\/06\/metallschrott.jpg","type":"image\/jpeg"}],"twitter_card":"summary_large_image","twitter_misc":{"Gesch\u00e4tzte Lesezeit":"1\u00a0Minute"},"schema":{"@context":"https:\/\/schema.org","@graph":[{"@type":"WebPage","@id":"https:\/\/www.mettmann.de\/web\/abfallberatungsseiten\/sammelsysteme\/metallschrottsammlung\/","url":"https:\/\/www.mettmann.de\/web\/abfallberatungsseiten\/sammelsysteme\/metallschrottsammlung\/","name":"Metallschrottsammlung | Stadtverwaltung Mettmann","isPartOf":{"@id":"https:\/\/www.mettmann.de\/web\/#website"},"primaryImageOfPage":{"@id":"https:\/\/www.mettmann.de\/web\/abfallberatungsseiten\/sammelsysteme\/metallschrottsammlung\/#primaryimage"},"image":{"@id":"https:\/\/www.mettmann.de\/web\/abfallberatungsseiten\/sammelsysteme\/metallschrottsammlung\/#primaryimage"},"thumbnailUrl":"https:\/\/www.mettmann.de\/web\/wp-content\/uploads\/2020\/06\/metallschrott.jpg","datePublished":"2020-06-08T07:21:17+00:00","breadcrumb":{"@id":"https:\/\/www.mettmann.de\/web\/abfallberatungsseiten\/sammelsysteme\/metallschrottsammlung\/#breadcrumb"},"inLanguage":"de","potentialAction":[{"@type":"ReadAction","target":["https:\/\/www.mettmann.de\/web\/abfallberatungsseiten\/sammelsysteme\/metallschrottsammlung\/"]}]},{"@type":"ImageObject","inLanguage":"de","@id":"https:\/\/www.mettmann.de\/web\/abfallberatungsseiten\/sammelsysteme\/metallschrottsammlung\/#primaryimage","url":"https:\/\/www.mettmann.de\/web\/wp-content\/uploads\/2020\/06\/metallschrott.jpg","contentUrl":"https:\/\/www.mettmann.de\/web\/wp-content\/uploads\/2020\/06\/metallschrott.jpg","width":1280,"height":720,"caption":"Symbolfoto: MichaelGaida \/ pixabay"},{"@type":"BreadcrumbList","@id":"https:\/\/www.mettmann.de\/web\/abfallberatungsseiten\/sammelsysteme\/metallschrottsammlung\/#breadcrumb","itemListElement":[{"@type":"ListItem","position":1,"name":"Startseite","item":"https:\/\/www.mettmann.de\/web\/"},{"@type":"ListItem","position":2,"name":"Abfallberatung online","item":"https:\/\/www.mettmann.de\/web\/abfallberatungsseiten\/"},{"@type":"ListItem","position":3,"name":"Sammelsysteme","item":"https:\/\/www.mettmann.de\/web\/abfallberatungsseiten\/sammelsysteme\/"},{"@type":"ListItem","position":4,"name":"Metallschrottsammlung"}]},{"@type":"WebSite","@id":"https:\/\/www.mettmann.de\/web\/#website","url":"https:\/\/www.mettmann.de\/web\/","name":"Stadtverwaltung Mettmann","description":"Internetseite der Kreisstadt Mettmann","publisher":{"@id":"https:\/\/www.mettmann.de\/web\/#organization"},"potentialAction":[{"@type":"SearchAction","target":{"@type":"EntryPoint","urlTemplate":"https:\/\/www.mettmann.de\/web\/?s={search_term_string}"},"query-input":{"@type":"PropertyValueSpecification","valueRequired":true,"valueName":"search_term_string"}}],"inLanguage":"de"},{"@type":"Organization","@id":"https:\/\/www.mettmann.de\/web\/#organization","name":"Kreisstadt Mettmann","url":"https:\/\/www.mettmann.de\/web\/","logo":{"@type":"ImageObject","inLanguage":"de","@id":"https:\/\/www.mettmann.de\/web\/#\/schema\/logo\/image\/","url":"https:\/\/www.mettmann.de\/web\/wp-content\/uploads\/2019\/08\/Kreisstadt_Mettmann_Logo_RGB_150dpi.png","contentUrl":"https:\/\/www.mettmann.de\/web\/wp-content\/uploads\/2019\/08\/Kreisstadt_Mettmann_Logo_RGB_150dpi.png","width":1302,"height":191,"caption":"Kreisstadt Mettmann"},"image":{"@id":"https:\/\/www.mettmann.de\/web\/#\/schema\/logo\/image\/"},"sameAs":["https:\/\/www.facebook.com\/kreisstadt.mettmann","https:\/\/de.wikipedia.org\/wiki\/Mettmann"]}]}},"_links":{"self":[{"href":"https:\/\/www.mettmann.de\/web\/wp-json\/wp\/v2\/pages\/5878","targetHints":{"allow":["GET"]}}],"collection":[{"href":"https:\/\/www.mettmann.de\/web\/wp-json\/wp\/v2\/pages"}],"about":[{"href":"https:\/\/www.mettmann.de\/web\/wp-json\/wp\/v2\/types\/page"}],"author":[{"embeddable":true,"href":"https:\/\/www.mettmann.de\/web\/wp-json\/wp\/v2\/users\/1"}],"replies":[{"embeddable":true,"href":"https:\/\/www.mettmann.de\/web\/wp-json\/wp\/v2\/comments?post=5878"}],"version-history":[{"count":1,"href":"https:\/\/www.mettmann.de\/web\/wp-json\/wp\/v2\/pages\/5878\/revisions"}],"predecessor-version":[{"id":5880,"href":"https:\/\/www.mettmann.de\/web\/wp-json\/wp\/v2\/pages\/5878\/revisions\/5880"}],"up":[{"embeddable":true,"href":"https:\/\/www.mettmann.de\/web\/wp-json\/wp\/v2\/pages\/5820"}],"wp:featuredmedia":[{"embeddable":true,"href":"https:\/\/www.mettmann.de\/web\/wp-json\/wp\/v2\/media\/5879"}],"wp:attachment":[{"href":"https:\/\/www.mettmann.de\/web\/wp-json\/wp\/v2\/media?parent=5878"}],"curies":[{"name":"wp","href":"https:\/\/api.w.org\/{rel}","templated":true}]}}