{"id":5899,"date":"2020-06-08T10:10:40","date_gmt":"2020-06-08T08:10:40","guid":{"rendered":"https:\/\/www.mettmann.de\/web\/?page_id=5899"},"modified":"2021-01-05T14:11:46","modified_gmt":"2021-01-05T13:11:46","slug":"abfallnews","status":"publish","type":"page","link":"https:\/\/www.mettmann.de\/web\/abfallberatungsseiten\/abfallnews\/","title":{"rendered":"Abfall-News"},"content":{"rendered":"<div id=\"attachment_5900\" style=\"width: 1290px\" class=\"wp-caption alignright\"><img loading=\"lazy\" decoding=\"async\" aria-describedby=\"caption-attachment-5900\" class=\"size-full wp-image-5900\" src=\"https:\/\/www.mettmann.de\/web\/wp-content\/uploads\/2020\/06\/abfallnews.jpg\" alt=\"M\u00fcllabfuhr\" width=\"1280\" height=\"720\" srcset=\"https:\/\/www.mettmann.de\/web\/wp-content\/uploads\/2020\/06\/abfallnews.jpg 1280w, https:\/\/www.mettmann.de\/web\/wp-content\/uploads\/2020\/06\/abfallnews-300x169.jpg 300w, https:\/\/www.mettmann.de\/web\/wp-content\/uploads\/2020\/06\/abfallnews-1024x576.jpg 1024w, https:\/\/www.mettmann.de\/web\/wp-content\/uploads\/2020\/06\/abfallnews-768x432.jpg 768w, https:\/\/www.mettmann.de\/web\/wp-content\/uploads\/2020\/06\/abfallnews-777x437.jpg 777w, https:\/\/www.mettmann.de\/web\/wp-content\/uploads\/2020\/06\/abfallnews-260x146.jpg 260w, https:\/\/www.mettmann.de\/web\/wp-content\/uploads\/2020\/06\/abfallnews-120x67.jpg 120w\" sizes=\"auto, (max-width: 1280px) 100vw, 1280px\" \/><p id=\"caption-attachment-5900\" class=\"wp-caption-text\">Symbolfoto: Alexas_Fotos \/ pixabay<\/p><\/div>\n<h3>Abfall- und Umweltkalender 2021<\/h3>\n<p>F\u00fcr die Zustellung des Mettmanner Abfall- und Umweltkalenders 2021 an s\u00e4mtliche Haushalte in Mettmann haben wir erneut die Deutsche Post AG beauftragt. Die Verteilung begann bereits Mitte Dezember und wird bis zum Jahresende abgeschlossen. Auf dem Recyclinghof in der Hammerstra\u00dfe ist der neue Abfallkalender erst ab 4. Januar 2021 erh\u00e4ltlich.<\/p>\n<p>Auch im Internet steht der <a href=\"\/web\/?page_id=2920\">Abfall- und Umweltkalender 2021<\/a> zum Download in PDF-Fassung zur Verf\u00fcgung. Dort ist auch ein Kalender im &#8222;Miniformat&#8220; f\u00fcr jede Stra\u00dfe abrufbar. Nach Eingabe des Stra\u00dfennamens hat man dann seine ganz pers\u00f6nlichen Abfuhrtermine im Jahr 2021 in einer handlichen Halbjahres\u00fcbersicht parat.<\/p>\n<p>Dar\u00fcber hinaus bieten wir zus\u00e4tzlich auch eine Daten-Exportfunktion (ical) in unserem Online-Abfallkalender f\u00fcr den Import in Ihren pers\u00f6nlichen Terminkalender an.<\/p>\n<p><strong>Als besonderen Service f\u00fcr Mitb\u00fcrgerinnen und Mitb\u00fcrger ohne PC, Tablet oder Smartphone bieten wir sogar an, eine Termin\u00fcbersicht individuell f\u00fcr jede Stra\u00dfe in Mettmann auf Anfrage kostenlos zuzusenden!<\/strong><\/p>\n<h3><a id=\"a02\" name=\"a02\"><\/a>Verteilung der Gelben S\u00e4cke<\/h3>\n<p>Die Gelben S\u00e4cke f\u00fcr das Jahr 2021 wurden von der Firma AWISTA Logistik GmbH bereits an s\u00e4mtliche Haushalte in Mettmann verteilt. Dar\u00fcber hinaus sind die gelben Wertstoffbeutel auf dem Recyclinghof in der Hammerstra\u00dfe erh\u00e4ltlich.<\/p>\n<p>Bei der Sammlung der leeren Verkaufsverpackungen aus Kunststoff, Metall, Styropor und Verbundmaterialien handelt es sich um ein privatwirtschaftliches Erfassungssystem au\u00dferhalb der kommunalen Abfallentsorgung und liegt daher auch nicht im Zust\u00e4ndigkeitsbereich der Stadt Mettmann. Der st\u00e4dtische Baubetriebshof ist vielmehr gewisserma\u00dfen lediglich Gehilfe der privaten Systembetreiber und hat sich bereit erkl\u00e4rt, die Gelben S\u00e4cke weiterhin als Serviceleistung im B\u00fcrgerb\u00fcro und auf dem Recyclinghof zu bevorraten und ganzj\u00e4hrig bei Bedarf auszugeben.<\/p>\n<p>F\u00fcr Fragen zur Abfuhr der Gelben S\u00e4cke und Container wenden Sie sich bitte direkt an die AWISTA Logistik GmbH, Telefon 0800 \/ 122 32 55 (kostenfrei) oder per E-Mail an <a href=\"mailto:mail@awista-logistik.de\">mail@awista-logistik.de<\/a>.<\/p>\n<h3><a id=\"a03\" name=\"a03\"><\/a>Abfuhrregelungen und Stra\u00dfenverzeichnis 2021<\/h3>\n<p>Beachten Sie bitte, dass ab 1. Januar 2021 f\u00fcr einige wenige Stra\u00dfen neue Abfuhrregelungen gelten. Ansonsten ist alles beim Alten geblieben!<\/p>\n<p>Die Restm\u00fcllabfuhr erfolgt alle 14 Tage in den geraden Kalenderwochen, das hei\u00dft in der zweiten, vierten, sechsten Woche des Jahres usw. Die Wochenzahl ist in der gedruckten Fassung des Abfallkalenders jeweils in der linken Spalte der Monatskalendarien aufgef\u00fchrt. Die Leerungswochen der Restm\u00fcllbeh\u00e4lter mit blo\u00df 4-w\u00f6chentlicher Leerung sind dort orange gekennzeichnet. Die Restm\u00fcllcontainer mit 1.100 Liter Fassungsvolumen k\u00f6nnen auch w\u00f6chentlich jeweils am gleichen Wochentag geleert werden.<\/p>\n<p>Die Bioabfallsammlung wird beginnend ab der dritten Kalenderwoche jeweils in den ungeraden Kalenderwochen durchgef\u00fchrt &#8211; in den Wintermonaten Januar, Februar und Dezember immer 4-w\u00f6chentlich und von M\u00e4rz bis November alle 14 Tage.<\/p>\n<p>Die Weihnachtsb\u00e4ume werden bezirksweise ab dem 7. Januar 2021 eingesammelt. F\u00fcr die Weihnachtsbaumsammlung gilt die Bezirkseinteilung f\u00fcr die Biotonnenleerung.<\/p>\n<p>Die Leerung der Blauen Tonnen und Container f\u00fcr Altpapier erfolgt grunds\u00e4tzlich alle 4 Wochen.<\/p>\n<p>Die Gelben S\u00e4cke und Container werden immer 14-t\u00e4glich in den ungeraden Kalenderwochen abgeholt bzw. geleert.<\/p>\n<p>Die Bezirkseinteilung Ihrer Stra\u00dfe entnehmen Sie bitte dem&nbsp;<a href=\"\/web\/?page_id=3806\">Stra\u00dfenverzeichnis<\/a>.<\/p>\n<h3>Weihnachtsbaumsammlung ab 7. Januar 2021<\/h3>\n<p>Die Stadt Mettmann bietet wieder eine kostenlose Sammlung der ausgedienten Christb\u00e4ume an. Wegen des Tags der Heiligen Drei K\u00f6nige werden die Weihnachtsb\u00e4ume bezirksweise jedoch erst ab 7. Januar 2021 abgeholt. Dabei gilt die Bezirkseinteilung f\u00fcr die Biotonnenleerung.<\/p>\n<p><strong>Bezirk 21: <\/strong>Donnerstag, 07.01.2021<strong><br \/>\n<\/strong><strong>Bezirk 22: <\/strong>Donnerstag, 07.01.2021<strong><br \/>\n<\/strong><strong>Bezirk 23: <\/strong>Freitag, 08.01.2021<strong><br \/>\n<\/strong><strong>Bezirk 25: <\/strong>Samstag, 09.01.2021<\/p>\n<p>Die Weihnachtsb\u00e4ume m\u00fcssen am jeweils g\u00fcltigen Abfuhrtag bis sp\u00e4testens 7:00 Uhr morgens, fr\u00fchestens aber am Vorabend zur Abholung bereitgelegt werden. Zu sp\u00e4t heraus\u00adgestellte Weihnachts\u00adb\u00e4ume k\u00f6nnen nachtr\u00e4glich nicht abgeholt werden. Die abzuholenden Weihnachts\u00adb\u00e4ume d\u00fcrfen h\u00f6chstens zwei Meter L\u00e4nge und grunds\u00e4tzlich keinen Wurzelballen haben. Gr\u00f6\u00dfere B\u00e4ume m\u00fcssen vor der Abholung in entsprechende St\u00fccke zerkleinert werden. Dar\u00fcber hinaus ist zu beachten, dass nur B\u00e4ume ohne Weihnachts\u00adschmuck, also ohne Lametta und sonstige Verzierungen, mitgenommen werden k\u00f6nnen.<\/p>\n<p>F\u00fcr diejenigen, die ihren Weihnachtsbaum nicht an den festgelegten Abholtagen entsorgen m\u00f6chten, besteht die M\u00f6glichkeit, die Christb\u00e4ume auch noch sp\u00e4ter kostenlos auf dem Recyclinghof in der Hammerstra\u00dfe zu den \u00fcblichen \u00d6ffnungszeiten abzugeben.<\/p>\n<p>Sage und schreibe 12.000 Christb\u00e4ume sammelt der st\u00e4dtische Baubetriebshof jedes Jahr ein. Die Weihnachtsb\u00e4ume werden anschlie\u00dfend geschreddert und zu Kompost verarbeitet.<\/p>\n<h3>Bioabfallsammlung im Winter nur alle 4 Wochen<\/h3>\n<p>Die Leerung der Biotonnen wird in den Wintermonaten blo\u00df 4-w\u00f6chentlich durchgef\u00fchrt und startet in der 3. Kalenderwoche ab 18. Januar 2021. Die darauffolgende Bioabfallsammlung erfolgt 4 Wochen sp\u00e4ter ab 16. Februar und ab 1. M\u00e4rz bis Ende Dezember wieder alle 14 Tage geleert.<\/p>\n<h3>Terminverschiebungen im Januar<\/h3>\n<p>Beachten Sie bitte die Terminverschiebungen in der ersten Januarwoche. Die Leerung der Blauen Tonnen f\u00fcr Altpapier erfolgt in den Abfuhrbezirken 36, 36 und 37 jeweils einen Tag fr\u00fcher als \u00fcblich, da die M\u00fcllfahrzeuge anschlie\u00dfend ausschlie\u00dflich f\u00fcr die Weihnachtsbaumsammlung eingesetzt werden m\u00fcssen.<\/p>\n<h3><a id=\"a07\" name=\"a07\"><\/a>Reicht die Restm\u00fclltonne mal nicht aus?<\/h3>\n<p class=\"eingerueckt40\">Reicht Ihre Restm\u00fclltonne einmal nicht aus \u2013 zum Beispiel bei Renovierung, Entr\u00fcmpelung oder beim Ausmisten? Kein Problem! F\u00fcr vor\u00fcbergehenden Mehrbedarf f\u00fcr Ihren Restm\u00fcll bzw. ausnahmsweise oder einmalig mehr anfallende Abf\u00e4lle, die sich zum Einsammeln in Abfalls\u00e4cken und f\u00fcr die Entsorgung in einer M\u00fcllverbrennungsanlage eignen, bieten wir Ihnen sogenannte Zukaufs\u00e4cke an, die Sie dann bei Bedarf an dem Leerungstag Ihrer Restm\u00fclltonne zus\u00e4tzlich zur Abholung bereitstellen k\u00f6nnen. Die Abfalls\u00e4cke d\u00fcrfen jedoch nach deren Bef\u00fcllung nicht mehr als 15 kg wiegen und sind zum St\u00fcckpreis von 6,00 Euro auf dem Recyclinghof in der Hammerstra\u00dfe zu den \u00fcblichen \u00d6ffnungszeiten erh\u00e4ltlich.<\/p>\n<h3><a id=\"a08\" name=\"a08\"><\/a>Containerservice<\/h3>\n<p>Wir versetzen Berge! Und bei Abfallbergen sind wir echte Spezialisten! Denn &#8211; ganz klar &#8211; nicht immer lassen sich die Wertstoffe und Abf\u00e4lle m\u00fchelos selbst zum Recyclinghof in der Hammerstra\u00dfe 31 transportieren. Aber auch f\u00fcr Abf\u00e4lle und Wertstoffe in gr\u00f6\u00dferen Mengen haben wir f\u00fcr Sie die passende L\u00f6sung. Zum Beispiel einen unserer Mietcontainer f\u00fcr besonders gro\u00dfe Abfallberge, die nur au\u00dferhalb der normalen M\u00fcllabfuhr entsorgt werden k\u00f6nnen. Oder wenn es bei Ihnen einfach an geeigneten Transportm\u00f6glichkeiten fehlt.<\/p>\n<p><strong>Nutzen Sie unseren kosteng\u00fcnstigen und flexiblen Containerservice f\u00fcr:<\/strong><\/p>\n<ul>\n<li>Gr\u00fcnabf\u00e4lle<\/li>\n<li>Sperrm\u00fcll in gr\u00f6\u00dferen Mengen<\/li>\n<li>Abf\u00e4lle aus Wohnungsaufl\u00f6sungen<\/li>\n<li>Abf\u00e4lle aus Entr\u00fcmpelungen<\/li>\n<li>hausm\u00fcll\u00e4hnliche Gewerbeabf\u00e4lle<\/li>\n<li>Bauschutt und Baumischabf\u00e4lle<\/li>\n<\/ul>\n<p>Weitere Informationen finden Sie unter <a class=\"infohomepage\" title=\"Containerservice Recyclinghof\" href=\"\/web\/?page_id=3888\">Containerservice<\/a>.<\/p>\n<h3><a id=\"a09\" name=\"a09\"><\/a>Auslieferung und Austausch von Restm\u00fclltonnen<\/h3>\n<p class=\"eingerueckt40\">Neubestellungen von Restm\u00fcllbeh\u00e4ltern sind jederzeit m\u00f6glich. Der Austausch von bereits in Anspruch genommenen Restm\u00fclltonnen in eine andere Beh\u00e4ltergr\u00f6\u00dfe kann dagegen ausschlie\u00dflich zu Beginn eines neuen Quartals beantragt werden und erfolgt \u00fcblicherweise jeweils in der letzten Leerungswoche vor Beginn des neuen Quartals. Entsprechende \u00c4nderungsantr\u00e4ge k\u00f6nnen jedoch nur ber\u00fccksichtigt werden, wenn diese durch den Grundst\u00fcckseigent\u00fcmer, die Eigent\u00fcmergemeinschaft oder die zust\u00e4ndige Hausverwaltung veranlasst wurden.<\/p>\n<h3><a id=\"a10\" name=\"a10\"><\/a>Augen auf bei R\u00e4uber &#8222;Sperrm\u00fcllplotz&#8220;<\/h3>\n<p>Kaum zu glauben, aber wahr: Immer mehr zur Sperrm\u00fcllabfuhr bereitgestellte Elektrogro\u00dfger\u00e4te werden illegal \u00fcber Nacht gestohlen.<\/p>\n<p>Neben Wasch- und Sp\u00fclmaschinen, W\u00e4schetrocknern und Elektroherden werden auch K\u00fchl- und Gefrierger\u00e4te entwendet oder durch den Ausbau von verwertbaren Teilen stark besch\u00e4digt. Bei K\u00fchlger\u00e4ten kann hierdurch ein Gro\u00dfteil des K\u00fchlmittels entweichen und zu Umweltsch\u00e4den f\u00fchren, bevor diese umweltgerecht entsorgt werden k\u00f6nnen. Deshalb H\u00e4nde weg bereitgestelltem Sperrm\u00fcll aller Art!<\/p>\n<p>Nur wir k\u00f6nnen eine umweltgerechte Entsorgung Ihrer Altger\u00e4te garantieren. \u00dcberlassen Sie ausschlie\u00dflich uns die Entsorgung. Und stellen Sie Ihre zur Abholung angemeldeten Altger\u00e4te nach M\u00f6glichkeit bitte am besten immer erst am vereinbarten Abfuhrtag bis sp\u00e4testens 7:00 Uhr morgens hinaus.<\/p>\n<p>Sollten Sie illegale Einsammlungen oder gar die Beraubung Ihrer zur Abholung bereitgestellten Altger\u00e4te beobachten, informieren Sie bitte umgehend die Polizei.<\/p>\n<p>&nbsp;<\/p>\n","protected":false},"excerpt":{"rendered":"<p>Abfall- und Umweltkalender 2021 F\u00fcr die Zustellung des Mettmanner Abfall- und Umweltkalenders 2021 an s\u00e4mtliche Haushalte in Mettmann haben wir erneut die Deutsche Post AG beauftragt. Die Verteilung begann bereits Mitte Dezember und wird bis&#8230;<\/p>\n","protected":false},"author":1,"featured_media":5900,"parent":1214,"menu_order":15,"comment_status":"closed","ping_status":"closed","template":"","meta":{"ngg_post_thumbnail":0,"footnotes":""},"class_list":["post-5899","page","type-page","status-publish","has-post-thumbnail","hentry"],"yoast_head":"<!-- This site is optimized with the Yoast SEO plugin v27.2 - https:\/\/yoast.com\/product\/yoast-seo-wordpress\/ -->\n<title>Abfall-News | Stadtverwaltung Mettmann<\/title>\n<meta name=\"robots\" content=\"index, follow, max-snippet:-1, max-image-preview:large, max-video-preview:-1\" \/>\n<link rel=\"canonical\" href=\"https:\/\/www.mettmann.de\/web\/abfallberatungsseiten\/abfallnews\/\" \/>\n<meta property=\"og:locale\" content=\"de_DE\" \/>\n<meta property=\"og:type\" content=\"article\" \/>\n<meta property=\"og:title\" content=\"Abfall-News | Stadtverwaltung Mettmann\" \/>\n<meta property=\"og:description\" content=\"Abfall- und Umweltkalender 2021 F\u00fcr die Zustellung des Mettmanner Abfall- und Umweltkalenders 2021 an s\u00e4mtliche Haushalte in Mettmann haben wir erneut die Deutsche Post AG beauftragt. Die Verteilung begann bereits Mitte Dezember und wird bis...\" \/>\n<meta property=\"og:url\" content=\"https:\/\/www.mettmann.de\/web\/abfallberatungsseiten\/abfallnews\/\" \/>\n<meta property=\"og:site_name\" content=\"Stadtverwaltung Mettmann\" \/>\n<meta property=\"article:publisher\" content=\"https:\/\/www.facebook.com\/kreisstadt.mettmann\" \/>\n<meta property=\"article:modified_time\" content=\"2021-01-05T13:11:46+00:00\" \/>\n<meta property=\"og:image\" content=\"https:\/\/www.mettmann.de\/web\/wp-content\/uploads\/2020\/06\/abfallnews.jpg\" \/>\n\t<meta property=\"og:image:width\" content=\"1280\" \/>\n\t<meta property=\"og:image:height\" content=\"720\" \/>\n\t<meta property=\"og:image:type\" content=\"image\/jpeg\" \/>\n<meta name=\"twitter:card\" content=\"summary_large_image\" \/>\n<meta name=\"twitter:label1\" content=\"Gesch\u00e4tzte Lesezeit\" \/>\n\t<meta name=\"twitter:data1\" content=\"7\u00a0Minuten\" \/>\n<script type=\"application\/ld+json\" class=\"yoast-schema-graph\">{\"@context\":\"https:\/\/schema.org\",\"@graph\":[{\"@type\":\"WebPage\",\"@id\":\"https:\/\/www.mettmann.de\/web\/abfallberatungsseiten\/abfallnews\/\",\"url\":\"https:\/\/www.mettmann.de\/web\/abfallberatungsseiten\/abfallnews\/\",\"name\":\"Abfall-News | Stadtverwaltung Mettmann\",\"isPartOf\":{\"@id\":\"https:\/\/www.mettmann.de\/web\/#website\"},\"primaryImageOfPage\":{\"@id\":\"https:\/\/www.mettmann.de\/web\/abfallberatungsseiten\/abfallnews\/#primaryimage\"},\"image\":{\"@id\":\"https:\/\/www.mettmann.de\/web\/abfallberatungsseiten\/abfallnews\/#primaryimage\"},\"thumbnailUrl\":\"https:\/\/www.mettmann.de\/web\/wp-content\/uploads\/2020\/06\/abfallnews.jpg\",\"datePublished\":\"2020-06-08T08:10:40+00:00\",\"dateModified\":\"2021-01-05T13:11:46+00:00\",\"breadcrumb\":{\"@id\":\"https:\/\/www.mettmann.de\/web\/abfallberatungsseiten\/abfallnews\/#breadcrumb\"},\"inLanguage\":\"de\",\"potentialAction\":[{\"@type\":\"ReadAction\",\"target\":[\"https:\/\/www.mettmann.de\/web\/abfallberatungsseiten\/abfallnews\/\"]}]},{\"@type\":\"ImageObject\",\"inLanguage\":\"de\",\"@id\":\"https:\/\/www.mettmann.de\/web\/abfallberatungsseiten\/abfallnews\/#primaryimage\",\"url\":\"https:\/\/www.mettmann.de\/web\/wp-content\/uploads\/2020\/06\/abfallnews.jpg\",\"contentUrl\":\"https:\/\/www.mettmann.de\/web\/wp-content\/uploads\/2020\/06\/abfallnews.jpg\",\"width\":1280,\"height\":720,\"caption\":\"Symbolfoto: Alexas_Fotos \/ pixabay\"},{\"@type\":\"BreadcrumbList\",\"@id\":\"https:\/\/www.mettmann.de\/web\/abfallberatungsseiten\/abfallnews\/#breadcrumb\",\"itemListElement\":[{\"@type\":\"ListItem\",\"position\":1,\"name\":\"Startseite\",\"item\":\"https:\/\/www.mettmann.de\/web\/\"},{\"@type\":\"ListItem\",\"position\":2,\"name\":\"Abfallberatung online\",\"item\":\"https:\/\/www.mettmann.de\/web\/abfallberatungsseiten\/\"},{\"@type\":\"ListItem\",\"position\":3,\"name\":\"Abfall-News\"}]},{\"@type\":\"WebSite\",\"@id\":\"https:\/\/www.mettmann.de\/web\/#website\",\"url\":\"https:\/\/www.mettmann.de\/web\/\",\"name\":\"Stadtverwaltung Mettmann\",\"description\":\"Internetseite der Kreisstadt Mettmann\",\"publisher\":{\"@id\":\"https:\/\/www.mettmann.de\/web\/#organization\"},\"potentialAction\":[{\"@type\":\"SearchAction\",\"target\":{\"@type\":\"EntryPoint\",\"urlTemplate\":\"https:\/\/www.mettmann.de\/web\/?s={search_term_string}\"},\"query-input\":{\"@type\":\"PropertyValueSpecification\",\"valueRequired\":true,\"valueName\":\"search_term_string\"}}],\"inLanguage\":\"de\"},{\"@type\":\"Organization\",\"@id\":\"https:\/\/www.mettmann.de\/web\/#organization\",\"name\":\"Kreisstadt Mettmann\",\"url\":\"https:\/\/www.mettmann.de\/web\/\",\"logo\":{\"@type\":\"ImageObject\",\"inLanguage\":\"de\",\"@id\":\"https:\/\/www.mettmann.de\/web\/#\/schema\/logo\/image\/\",\"url\":\"https:\/\/www.mettmann.de\/web\/wp-content\/uploads\/2019\/08\/Kreisstadt_Mettmann_Logo_RGB_150dpi.png\",\"contentUrl\":\"https:\/\/www.mettmann.de\/web\/wp-content\/uploads\/2019\/08\/Kreisstadt_Mettmann_Logo_RGB_150dpi.png\",\"width\":1302,\"height\":191,\"caption\":\"Kreisstadt Mettmann\"},\"image\":{\"@id\":\"https:\/\/www.mettmann.de\/web\/#\/schema\/logo\/image\/\"},\"sameAs\":[\"https:\/\/www.facebook.com\/kreisstadt.mettmann\",\"https:\/\/de.wikipedia.org\/wiki\/Mettmann\"]}]}<\/script>\n<!-- \/ Yoast SEO plugin. -->","yoast_head_json":{"title":"Abfall-News | Stadtverwaltung Mettmann","robots":{"index":"index","follow":"follow","max-snippet":"max-snippet:-1","max-image-preview":"max-image-preview:large","max-video-preview":"max-video-preview:-1"},"canonical":"https:\/\/www.mettmann.de\/web\/abfallberatungsseiten\/abfallnews\/","og_locale":"de_DE","og_type":"article","og_title":"Abfall-News | Stadtverwaltung Mettmann","og_description":"Abfall- und Umweltkalender 2021 F\u00fcr die Zustellung des Mettmanner Abfall- und Umweltkalenders 2021 an s\u00e4mtliche Haushalte in Mettmann haben wir erneut die Deutsche Post AG beauftragt. Die Verteilung begann bereits Mitte Dezember und wird bis...","og_url":"https:\/\/www.mettmann.de\/web\/abfallberatungsseiten\/abfallnews\/","og_site_name":"Stadtverwaltung Mettmann","article_publisher":"https:\/\/www.facebook.com\/kreisstadt.mettmann","article_modified_time":"2021-01-05T13:11:46+00:00","og_image":[{"width":1280,"height":720,"url":"https:\/\/www.mettmann.de\/web\/wp-content\/uploads\/2020\/06\/abfallnews.jpg","type":"image\/jpeg"}],"twitter_card":"summary_large_image","twitter_misc":{"Gesch\u00e4tzte Lesezeit":"7\u00a0Minuten"},"schema":{"@context":"https:\/\/schema.org","@graph":[{"@type":"WebPage","@id":"https:\/\/www.mettmann.de\/web\/abfallberatungsseiten\/abfallnews\/","url":"https:\/\/www.mettmann.de\/web\/abfallberatungsseiten\/abfallnews\/","name":"Abfall-News | Stadtverwaltung Mettmann","isPartOf":{"@id":"https:\/\/www.mettmann.de\/web\/#website"},"primaryImageOfPage":{"@id":"https:\/\/www.mettmann.de\/web\/abfallberatungsseiten\/abfallnews\/#primaryimage"},"image":{"@id":"https:\/\/www.mettmann.de\/web\/abfallberatungsseiten\/abfallnews\/#primaryimage"},"thumbnailUrl":"https:\/\/www.mettmann.de\/web\/wp-content\/uploads\/2020\/06\/abfallnews.jpg","datePublished":"2020-06-08T08:10:40+00:00","dateModified":"2021-01-05T13:11:46+00:00","breadcrumb":{"@id":"https:\/\/www.mettmann.de\/web\/abfallberatungsseiten\/abfallnews\/#breadcrumb"},"inLanguage":"de","potentialAction":[{"@type":"ReadAction","target":["https:\/\/www.mettmann.de\/web\/abfallberatungsseiten\/abfallnews\/"]}]},{"@type":"ImageObject","inLanguage":"de","@id":"https:\/\/www.mettmann.de\/web\/abfallberatungsseiten\/abfallnews\/#primaryimage","url":"https:\/\/www.mettmann.de\/web\/wp-content\/uploads\/2020\/06\/abfallnews.jpg","contentUrl":"https:\/\/www.mettmann.de\/web\/wp-content\/uploads\/2020\/06\/abfallnews.jpg","width":1280,"height":720,"caption":"Symbolfoto: Alexas_Fotos \/ pixabay"},{"@type":"BreadcrumbList","@id":"https:\/\/www.mettmann.de\/web\/abfallberatungsseiten\/abfallnews\/#breadcrumb","itemListElement":[{"@type":"ListItem","position":1,"name":"Startseite","item":"https:\/\/www.mettmann.de\/web\/"},{"@type":"ListItem","position":2,"name":"Abfallberatung online","item":"https:\/\/www.mettmann.de\/web\/abfallberatungsseiten\/"},{"@type":"ListItem","position":3,"name":"Abfall-News"}]},{"@type":"WebSite","@id":"https:\/\/www.mettmann.de\/web\/#website","url":"https:\/\/www.mettmann.de\/web\/","name":"Stadtverwaltung Mettmann","description":"Internetseite der Kreisstadt Mettmann","publisher":{"@id":"https:\/\/www.mettmann.de\/web\/#organization"},"potentialAction":[{"@type":"SearchAction","target":{"@type":"EntryPoint","urlTemplate":"https:\/\/www.mettmann.de\/web\/?s={search_term_string}"},"query-input":{"@type":"PropertyValueSpecification","valueRequired":true,"valueName":"search_term_string"}}],"inLanguage":"de"},{"@type":"Organization","@id":"https:\/\/www.mettmann.de\/web\/#organization","name":"Kreisstadt Mettmann","url":"https:\/\/www.mettmann.de\/web\/","logo":{"@type":"ImageObject","inLanguage":"de","@id":"https:\/\/www.mettmann.de\/web\/#\/schema\/logo\/image\/","url":"https:\/\/www.mettmann.de\/web\/wp-content\/uploads\/2019\/08\/Kreisstadt_Mettmann_Logo_RGB_150dpi.png","contentUrl":"https:\/\/www.mettmann.de\/web\/wp-content\/uploads\/2019\/08\/Kreisstadt_Mettmann_Logo_RGB_150dpi.png","width":1302,"height":191,"caption":"Kreisstadt Mettmann"},"image":{"@id":"https:\/\/www.mettmann.de\/web\/#\/schema\/logo\/image\/"},"sameAs":["https:\/\/www.facebook.com\/kreisstadt.mettmann","https:\/\/de.wikipedia.org\/wiki\/Mettmann"]}]}},"_links":{"self":[{"href":"https:\/\/www.mettmann.de\/web\/wp-json\/wp\/v2\/pages\/5899","targetHints":{"allow":["GET"]}}],"collection":[{"href":"https:\/\/www.mettmann.de\/web\/wp-json\/wp\/v2\/pages"}],"about":[{"href":"https:\/\/www.mettmann.de\/web\/wp-json\/wp\/v2\/types\/page"}],"author":[{"embeddable":true,"href":"https:\/\/www.mettmann.de\/web\/wp-json\/wp\/v2\/users\/1"}],"replies":[{"embeddable":true,"href":"https:\/\/www.mettmann.de\/web\/wp-json\/wp\/v2\/comments?post=5899"}],"version-history":[{"count":9,"href":"https:\/\/www.mettmann.de\/web\/wp-json\/wp\/v2\/pages\/5899\/revisions"}],"predecessor-version":[{"id":9528,"href":"https:\/\/www.mettmann.de\/web\/wp-json\/wp\/v2\/pages\/5899\/revisions\/9528"}],"up":[{"embeddable":true,"href":"https:\/\/www.mettmann.de\/web\/wp-json\/wp\/v2\/pages\/1214"}],"wp:featuredmedia":[{"embeddable":true,"href":"https:\/\/www.mettmann.de\/web\/wp-json\/wp\/v2\/media\/5900"}],"wp:attachment":[{"href":"https:\/\/www.mettmann.de\/web\/wp-json\/wp\/v2\/media?parent=5899"}],"curies":[{"name":"wp","href":"https:\/\/api.w.org\/{rel}","templated":true}]}}