{"id":6203,"date":"2020-06-25T10:51:52","date_gmt":"2020-06-25T08:51:52","guid":{"rendered":"https:\/\/www.mettmann.de\/web\/?page_id=6203"},"modified":"2025-06-04T12:48:18","modified_gmt":"2025-06-04T10:48:18","slug":"ausbildungsangebote","status":"publish","type":"page","link":"https:\/\/www.mettmann.de\/web\/stellenangebote-der-stadtverwaltung-mettmann\/ausbildungsangebote\/","title":{"rendered":"Ausbildung bei der Kreisstadt Mettmann"},"content":{"rendered":"<div id=\"attachment_286\" style=\"width: 1034px\" class=\"wp-caption alignnone\"><img loading=\"lazy\" decoding=\"async\" aria-describedby=\"caption-attachment-286\" class=\"wp-image-286 size-large\" src=\"https:\/\/www.mettmann.de\/web\/wp-content\/uploads\/2019\/08\/1-1024x639.jpg\" alt=\"Rathaus Mettmann\" width=\"1024\" height=\"639\" srcset=\"https:\/\/www.mettmann.de\/web\/wp-content\/uploads\/2019\/08\/1-1024x639.jpg 1024w, https:\/\/www.mettmann.de\/web\/wp-content\/uploads\/2019\/08\/1-300x187.jpg 300w, https:\/\/www.mettmann.de\/web\/wp-content\/uploads\/2019\/08\/1-768x479.jpg 768w\" sizes=\"auto, (max-width: 1024px) 100vw, 1024px\" \/><p id=\"caption-attachment-286\" class=\"wp-caption-text\">Archivfoto: Kreisstadt Mettmann<\/p><\/div>\n<p>Willkommen auf unserer Karriere-Seite f\u00fcr Ausbildungspl\u00e4tze bei der Kreisstadt Mettmann. Du interessierst dich f\u00fcr eine vielseitige und spannende Ausbildung im \u00f6ffentlichen Dienst? Dann bist du hier genau richtig! Entdecke unsere vielf\u00e4ltigen Ausbildungsm\u00f6glichkeiten und erfahre, wie du Teil eines engagierten Teams werden kannst, das t\u00e4glich dazu beitr\u00e4gt, das Leben in unserer Stadt zu gestalten und lebenswert zu machen. Tauche ein in die Welt der Verwaltung und profitiere von erstklassiger Ausbildung, attraktiven Arbeitsbedingungen und verschiedenen Entwicklungsm\u00f6glichkeiten. Wir freuen uns darauf, dich auf deinen Weg zu begleiten und dir alle Informationen zu bieten, die du f\u00fcr einen erfolgreichen Start in deine berufliche Zukunft ben\u00f6tigst. Werde Teils unseres Teams und gestalte mit uns die Zukunft unserer Stadt!<\/p>\n<p>Neben den klassischen Ausbildungsberufen in der Verwaltung bieten wir j\u00e4hrliche Ausbildungspl\u00e4tze in den Bereichen Feuerschutz- und Rettungswesen und im Erziehungsbereich an. Engagierte und qualifizierte Ausbilder_innen begleiten dich auf deinem Weg und erm\u00f6glichen dir einen erfolgreichen Start ins Berufsleben. Dabei bist du keineswegs allein. Die Kreisstadt Mettmann besch\u00e4ftigt rund 45 Auszubildende in den nachfolgend aufgef\u00fchrten Ausbildungsberufen.<\/p>\n<p>&nbsp;<\/p>\n<p><strong>Ausbildungsberufe der Kreisstadt Mettmann<\/strong><\/p>\n<ul>\n<li><a href=\"https:\/\/www.mettmann.de\/web\/?page_id=6207\">Bachelor of Laws (LL.B)<\/a><\/li>\n<li><a href=\"https:\/\/www.mettmann.de\/web\/?page_id=6209\">Brandmeisteranw\u00e4rter_in<\/a><\/li>\n<li><a href=\"https:\/\/www.mettmann.de\/web\/?page_id=6211\">Erzieher_in im Rahmen einer praxisintegrierten Ausbildung (PIA)<\/a><\/li>\n<li><a href=\"https:\/\/www.mettmann.de\/web\/?page_id=29409\">Fachinformatiker_in f\u00fcr Systemintegration<\/a><\/li>\n<li><a href=\"https:\/\/www.mettmann.de\/web\/?page_id=29416\">Kinderpfleger_in im Rahmen einer praxisintegrierten Ausbildung (PIA)<\/a><\/li>\n<li><a href=\"https:\/\/www.mettmann.de\/web\/?page_id=6213\">Notfallsanit\u00e4ter_in<\/a><\/li>\n<li><a href=\"https:\/\/www.mettmann.de\/web\/?page_id=6215\">Verwaltungsfachangestellte<\/a><\/li>\n<li><a href=\"https:\/\/www.mettmann.de\/web\/?page_id=29419\">Verwaltungsinformatiker_in (B.A.)<\/a><\/li>\n<li><a href=\"https:\/\/www.mettmann.de\/web\/?page_id=51274\" target=\"_blank\" rel=\"noopener\">Freiwilliges Soziales Jahr (FSJ)<\/a><\/li>\n<\/ul>\n<ul>\n<li><strong>Aktuelle Stellenausschreibungen<\/strong> finden Sie <a href=\"https:\/\/www.mettmann.de\/web\/?page_id=1774\" target=\"_blank\" rel=\"noopener\">hier<\/a>.<\/li>\n<\/ul>\n<h1><span style=\"font-size: 14pt;\">Welche Vorteile bietet dir eine Ausbildung bei der Kreisstadt Mettmann?<\/span><\/h1>\n<ul>\n<li>Betreuung durch engagierte und qualifizierte Ausbilder_innen<\/li>\n<li>transparente Bezahlung nach dem Tarifvertrag f\u00fcr den \u00f6ffentlichen Dienst (TVA\u00f6D) bzw. nach Landesbesoldungsgesetz (LBesG NRW) f\u00fcr Beamt_innen<\/li>\n<li>bedarfsorientierte Ausbildung mit M\u00f6glichkeit der \u00dcbernahme<\/li>\n<li>flexible Arbeitszeitmodelle im Verwaltungsbereich<\/li>\n<li>Jahressonderzahlung gem\u00e4\u00df Tarifvertrag<\/li>\n<li>Abschlusspr\u00e4mie in H\u00f6he von 400 Euro bei erfolgreich abgeschlossener Ausbildung (TVA\u00f6D)<\/li>\n<li>verm\u00f6genswirksame Leistungen<\/li>\n<li>zus\u00e4tzlichen Pr\u00fcfungsurlaub zur Vorbereitung auf die Abschlusspr\u00fcfungen<\/li>\n<li>Lernmittelzuschuss f\u00fcr tariflich Besch\u00e4ftigte<\/li>\n<\/ul>\n<h1><span style=\"font-family: Mulish; font-size: 12pt;\"><span style=\"font-family: Rubik; font-size: 14pt;\">Unser<\/span> <span style=\"font-family: Rubik; font-size: 14pt;\">Auswahlverfahren<\/span><\/span><\/h1>\n<ul>\n<li><strong>Bewerbung <\/strong><\/li>\n<\/ul>\n<p>Deine Bewerbung erfolgt nicht ein einer klassischen Mappe oder per Post \u2013 du kannst dich ganz unkompliziert \u00fcber einen Button in unseren Stellenausschreibungen online bewerben. Bitte reiche uns ein Bewerbungsanschreiben, einen Lebenslauf sowie die letzten Schulzeugnisse ein. Nach Absenden deiner Bewerbung erh\u00e4ltst du eine automatische Eingangsbest\u00e4tigung direkt per Mail.<\/p>\n<ul>\n<li><strong>Eingangspr\u00fcfung<\/strong><\/li>\n<\/ul>\n<p>Nach Ablauf der Bewerbungsfrist, werden alle Bewerbungen gesichtet. Wenn du mit deiner Bewerbung einen guten ersten Eindruck hinterlassen hast und die n\u00f6tigen Einstellungsvoraussetzungen erf\u00fcllt, m\u00f6chten wir dich gerne im Auswahlverfahren kennenlernen. Je nach Ausbildungsberuf ist das Verfahren in zwei oder drei verschiedene Bereiche aufgeteilt.<\/p>\n<ul>\n<li><strong>Schriftlicher Online-Test <\/strong><\/li>\n<\/ul>\n<p>Bei den meisten Ausbildungs- \/ Studieng\u00e4ngen ist ein schriftlicher Online-Test der erste Schritt im Verfahren. Diesen kannst du in einem festgelegten Zeitraum (in der Regel 10 \u2013 14 Tage) von zuhause absolvieren. Der Test wird vom Studieninstitut Niederrhein durchgef\u00fchrt. F\u00fcr deine Vorbereitung kannst du gerne auf zahlreiche Beispielaufgaben aus dem Internet zur\u00fcckgreifen oder direkt auf der Homepage des Studieninstituts informieren.<\/p>\n<ul>\n<li><strong>Sporttest <\/strong><\/li>\n<\/ul>\n<p>Wenn du dich f\u00fcr den Bereich der Feuerwehr und Rettungsdienst beworben hast, kannst du uns im Rahmen des Sporttests von deiner k\u00f6rperlichen Fitness \u00fcberzeugen. Der Sporttest ist angelehnt an den Sporttest der Deutschen Sportschule K\u00f6ln. F\u00fcr deine Vorbereitung kannst du dich an den Trainingsempfehlungen orientieren.<\/p>\n<ul>\n<li><strong>pers\u00f6nliches Kennenlernen<\/strong><\/li>\n<\/ul>\n<p>Hast du die ersten Schritte erfolgreich gemeistert, werden wir dich zum pers\u00f6nlichen Kennenlernen zu einem Vorstellungsgespr\u00e4ch einladen. Wir m\u00f6chten einen Eindruck von dir, deinen pers\u00f6nlichen, sozialen und fachlichen F\u00e4higkeiten sowie deiner Motivation gewinnen. Weiterhin bietet das Gespr\u00e4ch die M\u00f6glichkeit uns als Ausbilderin besser kennenzulernen und offenen Fragen zu beantworten.<\/p>\n<ul>\n<li>Informiere dich vorab \u00fcber die Kreisstadt Mettmann. Wie ist die Stadtverwaltung aufgebaut? Was macht uns als Verwaltung und als Arbeitgeberin aus? Wieso m\u00f6chtest du bei uns arbeiten?<\/li>\n<li>Besch\u00e4ftige dich vorab mit der Ausbildung \/ dem Studium. Wie verl\u00e4uft die Ausbildung bzw. das Studium? Welche F\u00e4cher werden unterrichtet? In welchen Bereichen wirst du w\u00e4hrend der Ausbildung eingesetzt?<\/li>\n<li>Schaue dir die Ausschreibung noch einmal ganz genau an. Was erwarten wir? Besch\u00e4ftige dich mit deinen St\u00e4rken und Schw\u00e4chen.<\/li>\n<li>Plane deine Anreise fr\u00fch genug, damit du p\u00fcnktlich vor Ort bist und dich auch vor dem Gespr\u00e4ch sortieren \/ sammeln kannst.<\/li>\n<li>Ein gepflegtes Auftreten und dem Anlass entsprechende Kleidung wirkt sich positiv auf dein Erscheinungsbild aus. Erscheine ohne Kaugummi, M\u00fctze oder Cap zum Gespr\u00e4ch.<\/li>\n<li>Ganz wichtig: Mach dir keine Sorgen, wenn du ein wenig nerv\u00f6s bist. Denn das ist v\u00f6llig normal. Jeder von uns sa\u00df bereits in einem Bewerbungsgespr\u00e4ch und kennt diese besondere Situation. Wir sind gespannt darauf dich kennenzulernen!<\/li>\n<\/ul>\n<h1><span style=\"font-family: Mulish; font-size: 14pt;\">Tipps f\u00fcr deine Bewerbung&nbsp;<\/span><\/h1>\n<ul>\n<li><strong>Bewerbungsfirst beachten<\/strong><\/li>\n<\/ul>\n<p>Bewerbungseing\u00e4nge nach der Frist k\u00f6nnen leider nicht ber\u00fccksichtigt werden.<\/p>\n<ul>\n<li><strong>Informiere dich <\/strong><\/li>\n<\/ul>\n<p>Zum Beispiel \u00fcber den Beruf, den du bei der Kreisstadt Mettmann lernen m\u00f6chtest und \u00fcberlege, warum gerade dieser Ausbildungsberuf zu dir passt.<\/p>\n<ul>\n<li><strong>Zeige deine Pers\u00f6nlichkeit<\/strong><\/li>\n<\/ul>\n<p>Die Bewerbung ist der erste Eindruck, den du hinterl\u00e4sst. Nutze sie, um deine Pers\u00f6nlichkeit, deine Leidenschaft und deine Motivation f\u00fcr den Ausbildungsberuf zum Ausdruck zu bringen. Wir m\u00f6chten einen m\u00f6glichst authentischen ersten Eindruck von dir gewinnen.<\/p>\n<ul>\n<li><strong>Dein Werdegang<\/strong><\/li>\n<\/ul>\n<p>Beschreibe uns deine bisherigen schulischen und beruflichen Stationen im Lebenslauf. Dazu geh\u00f6ren Praktika, Nebenjobs, Ehren\u00e4mter, Hobbys und sonstige spannende Interessen.<\/p>\n<ul>\n<li><strong>Vollst\u00e4ndigkeit<\/strong><\/li>\n<\/ul>\n<p>Stelle sicher, dass deine Bewerbungsunterlagen vollst\u00e4ndig sind und alle erforderlichen Informationen beigef\u00fcgt sind. Achte auch auf Rechtschreibung und Grammatik. Lass gerne eine zweite Person deine Bewerbung Korrektur lesen. Lade deine Bewerbung bevorzugt in einer PDF-Datei hoch.<\/p>\n<ul>\n<li><strong>Was gibt es sonst noch zu beachten? <\/strong><\/li>\n<\/ul>\n<p>Menschen mit einer Schwerbehinderung werden beispielsweise bei gleicher Eignung bevorzugt eingestellt. Um deine Rechte nach dem SGB IX ber\u00fccksichtigen zu k\u00f6nnen, sind wir auf einen Hinweis zur Schwerbehinderung oder einer Gleichstellung angewiesen.<\/p>\n<h1><span style=\"font-size: 14pt; font-family: Mulish;\">Deine Ansprechpartnerin<\/span><\/h1>\n<p><strong>Felica Frank<\/strong> \u2013 Telefon: 02104 \/ 980-171<br \/>\nAusbildungsleitung<br \/>\nBetreuung von Praktikant_innen und Auszubildenden<\/p>\n","protected":false},"excerpt":{"rendered":"<p>Willkommen auf unserer Karriere-Seite f\u00fcr Ausbildungspl\u00e4tze bei der Kreisstadt Mettmann. Du interessierst dich f\u00fcr eine vielseitige und spannende Ausbildung im \u00f6ffentlichen Dienst? Dann bist du hier genau richtig! Entdecke unsere vielf\u00e4ltigen Ausbildungsm\u00f6glichkeiten und erfahre, wie&#8230;<\/p>\n","protected":false},"author":1,"featured_media":23692,"parent":1774,"menu_order":0,"comment_status":"closed","ping_status":"closed","template":"","meta":{"ngg_post_thumbnail":0,"footnotes":""},"class_list":["post-6203","page","type-page","status-publish","has-post-thumbnail","hentry"],"yoast_head":"<!-- This site is optimized with the Yoast SEO plugin v27.2 - https:\/\/yoast.com\/product\/yoast-seo-wordpress\/ -->\n<title>Ausbildung bei der Kreisstadt Mettmann | Stadtverwaltung Mettmann<\/title>\n<meta name=\"robots\" content=\"index, follow, max-snippet:-1, max-image-preview:large, max-video-preview:-1\" \/>\n<link rel=\"canonical\" href=\"https:\/\/www.mettmann.de\/web\/stellenangebote-der-stadtverwaltung-mettmann\/ausbildungsangebote\/\" \/>\n<meta property=\"og:locale\" content=\"de_DE\" \/>\n<meta property=\"og:type\" content=\"article\" \/>\n<meta property=\"og:title\" content=\"Ausbildung bei der Kreisstadt Mettmann | Stadtverwaltung Mettmann\" \/>\n<meta property=\"og:description\" content=\"Willkommen auf unserer Karriere-Seite f\u00fcr Ausbildungspl\u00e4tze bei der Kreisstadt Mettmann. Du interessierst dich f\u00fcr eine vielseitige und spannende Ausbildung im \u00f6ffentlichen Dienst? Dann bist du hier genau richtig! Entdecke unsere vielf\u00e4ltigen Ausbildungsm\u00f6glichkeiten und erfahre, wie...\" \/>\n<meta property=\"og:url\" content=\"https:\/\/www.mettmann.de\/web\/stellenangebote-der-stadtverwaltung-mettmann\/ausbildungsangebote\/\" \/>\n<meta property=\"og:site_name\" content=\"Stadtverwaltung Mettmann\" \/>\n<meta property=\"article:publisher\" content=\"https:\/\/www.facebook.com\/kreisstadt.mettmann\" \/>\n<meta property=\"article:modified_time\" content=\"2025-06-04T10:48:18+00:00\" \/>\n<meta property=\"og:image\" content=\"https:\/\/www.mettmann.de\/web\/wp-content\/uploads\/2022\/11\/Ausbildung.jpg\" \/>\n\t<meta property=\"og:image:width\" content=\"1920\" \/>\n\t<meta property=\"og:image:height\" content=\"1280\" \/>\n\t<meta property=\"og:image:type\" content=\"image\/jpeg\" \/>\n<meta name=\"twitter:card\" content=\"summary_large_image\" \/>\n<meta name=\"twitter:label1\" content=\"Gesch\u00e4tzte Lesezeit\" \/>\n\t<meta name=\"twitter:data1\" content=\"6\u00a0Minuten\" \/>\n<script type=\"application\/ld+json\" class=\"yoast-schema-graph\">{\"@context\":\"https:\/\/schema.org\",\"@graph\":[{\"@type\":\"WebPage\",\"@id\":\"https:\/\/www.mettmann.de\/web\/stellenangebote-der-stadtverwaltung-mettmann\/ausbildungsangebote\/\",\"url\":\"https:\/\/www.mettmann.de\/web\/stellenangebote-der-stadtverwaltung-mettmann\/ausbildungsangebote\/\",\"name\":\"Ausbildung bei der Kreisstadt Mettmann | Stadtverwaltung Mettmann\",\"isPartOf\":{\"@id\":\"https:\/\/www.mettmann.de\/web\/#website\"},\"primaryImageOfPage\":{\"@id\":\"https:\/\/www.mettmann.de\/web\/stellenangebote-der-stadtverwaltung-mettmann\/ausbildungsangebote\/#primaryimage\"},\"image\":{\"@id\":\"https:\/\/www.mettmann.de\/web\/stellenangebote-der-stadtverwaltung-mettmann\/ausbildungsangebote\/#primaryimage\"},\"thumbnailUrl\":\"https:\/\/www.mettmann.de\/web\/wp-content\/uploads\/2022\/11\/Ausbildung.jpg\",\"datePublished\":\"2020-06-25T08:51:52+00:00\",\"dateModified\":\"2025-06-04T10:48:18+00:00\",\"breadcrumb\":{\"@id\":\"https:\/\/www.mettmann.de\/web\/stellenangebote-der-stadtverwaltung-mettmann\/ausbildungsangebote\/#breadcrumb\"},\"inLanguage\":\"de\",\"potentialAction\":[{\"@type\":\"ReadAction\",\"target\":[\"https:\/\/www.mettmann.de\/web\/stellenangebote-der-stadtverwaltung-mettmann\/ausbildungsangebote\/\"]}]},{\"@type\":\"ImageObject\",\"inLanguage\":\"de\",\"@id\":\"https:\/\/www.mettmann.de\/web\/stellenangebote-der-stadtverwaltung-mettmann\/ausbildungsangebote\/#primaryimage\",\"url\":\"https:\/\/www.mettmann.de\/web\/wp-content\/uploads\/2022\/11\/Ausbildung.jpg\",\"contentUrl\":\"https:\/\/www.mettmann.de\/web\/wp-content\/uploads\/2022\/11\/Ausbildung.jpg\",\"width\":1920,\"height\":1280,\"caption\":\"Symbolfoto: StartupStockPhotos \/ pixabay\"},{\"@type\":\"BreadcrumbList\",\"@id\":\"https:\/\/www.mettmann.de\/web\/stellenangebote-der-stadtverwaltung-mettmann\/ausbildungsangebote\/#breadcrumb\",\"itemListElement\":[{\"@type\":\"ListItem\",\"position\":1,\"name\":\"Startseite\",\"item\":\"https:\/\/www.mettmann.de\/web\/\"},{\"@type\":\"ListItem\",\"position\":2,\"name\":\"Jobs &#038; Karriere\",\"item\":\"https:\/\/www.mettmann.de\/web\/stellenangebote-der-stadtverwaltung-mettmann\/\"},{\"@type\":\"ListItem\",\"position\":3,\"name\":\"Ausbildung bei der Kreisstadt Mettmann\"}]},{\"@type\":\"WebSite\",\"@id\":\"https:\/\/www.mettmann.de\/web\/#website\",\"url\":\"https:\/\/www.mettmann.de\/web\/\",\"name\":\"Stadtverwaltung Mettmann\",\"description\":\"Internetseite der Kreisstadt Mettmann\",\"publisher\":{\"@id\":\"https:\/\/www.mettmann.de\/web\/#organization\"},\"potentialAction\":[{\"@type\":\"SearchAction\",\"target\":{\"@type\":\"EntryPoint\",\"urlTemplate\":\"https:\/\/www.mettmann.de\/web\/?s={search_term_string}\"},\"query-input\":{\"@type\":\"PropertyValueSpecification\",\"valueRequired\":true,\"valueName\":\"search_term_string\"}}],\"inLanguage\":\"de\"},{\"@type\":\"Organization\",\"@id\":\"https:\/\/www.mettmann.de\/web\/#organization\",\"name\":\"Kreisstadt Mettmann\",\"url\":\"https:\/\/www.mettmann.de\/web\/\",\"logo\":{\"@type\":\"ImageObject\",\"inLanguage\":\"de\",\"@id\":\"https:\/\/www.mettmann.de\/web\/#\/schema\/logo\/image\/\",\"url\":\"https:\/\/www.mettmann.de\/web\/wp-content\/uploads\/2019\/08\/Kreisstadt_Mettmann_Logo_RGB_150dpi.png\",\"contentUrl\":\"https:\/\/www.mettmann.de\/web\/wp-content\/uploads\/2019\/08\/Kreisstadt_Mettmann_Logo_RGB_150dpi.png\",\"width\":1302,\"height\":191,\"caption\":\"Kreisstadt Mettmann\"},\"image\":{\"@id\":\"https:\/\/www.mettmann.de\/web\/#\/schema\/logo\/image\/\"},\"sameAs\":[\"https:\/\/www.facebook.com\/kreisstadt.mettmann\",\"https:\/\/de.wikipedia.org\/wiki\/Mettmann\"]}]}<\/script>\n<!-- \/ Yoast SEO plugin. -->","yoast_head_json":{"title":"Ausbildung bei der Kreisstadt Mettmann | Stadtverwaltung Mettmann","robots":{"index":"index","follow":"follow","max-snippet":"max-snippet:-1","max-image-preview":"max-image-preview:large","max-video-preview":"max-video-preview:-1"},"canonical":"https:\/\/www.mettmann.de\/web\/stellenangebote-der-stadtverwaltung-mettmann\/ausbildungsangebote\/","og_locale":"de_DE","og_type":"article","og_title":"Ausbildung bei der Kreisstadt Mettmann | Stadtverwaltung Mettmann","og_description":"Willkommen auf unserer Karriere-Seite f\u00fcr Ausbildungspl\u00e4tze bei der Kreisstadt Mettmann. Du interessierst dich f\u00fcr eine vielseitige und spannende Ausbildung im \u00f6ffentlichen Dienst? Dann bist du hier genau richtig! Entdecke unsere vielf\u00e4ltigen Ausbildungsm\u00f6glichkeiten und erfahre, wie...","og_url":"https:\/\/www.mettmann.de\/web\/stellenangebote-der-stadtverwaltung-mettmann\/ausbildungsangebote\/","og_site_name":"Stadtverwaltung Mettmann","article_publisher":"https:\/\/www.facebook.com\/kreisstadt.mettmann","article_modified_time":"2025-06-04T10:48:18+00:00","og_image":[{"width":1920,"height":1280,"url":"https:\/\/www.mettmann.de\/web\/wp-content\/uploads\/2022\/11\/Ausbildung.jpg","type":"image\/jpeg"}],"twitter_card":"summary_large_image","twitter_misc":{"Gesch\u00e4tzte Lesezeit":"6\u00a0Minuten"},"schema":{"@context":"https:\/\/schema.org","@graph":[{"@type":"WebPage","@id":"https:\/\/www.mettmann.de\/web\/stellenangebote-der-stadtverwaltung-mettmann\/ausbildungsangebote\/","url":"https:\/\/www.mettmann.de\/web\/stellenangebote-der-stadtverwaltung-mettmann\/ausbildungsangebote\/","name":"Ausbildung bei der Kreisstadt Mettmann | Stadtverwaltung Mettmann","isPartOf":{"@id":"https:\/\/www.mettmann.de\/web\/#website"},"primaryImageOfPage":{"@id":"https:\/\/www.mettmann.de\/web\/stellenangebote-der-stadtverwaltung-mettmann\/ausbildungsangebote\/#primaryimage"},"image":{"@id":"https:\/\/www.mettmann.de\/web\/stellenangebote-der-stadtverwaltung-mettmann\/ausbildungsangebote\/#primaryimage"},"thumbnailUrl":"https:\/\/www.mettmann.de\/web\/wp-content\/uploads\/2022\/11\/Ausbildung.jpg","datePublished":"2020-06-25T08:51:52+00:00","dateModified":"2025-06-04T10:48:18+00:00","breadcrumb":{"@id":"https:\/\/www.mettmann.de\/web\/stellenangebote-der-stadtverwaltung-mettmann\/ausbildungsangebote\/#breadcrumb"},"inLanguage":"de","potentialAction":[{"@type":"ReadAction","target":["https:\/\/www.mettmann.de\/web\/stellenangebote-der-stadtverwaltung-mettmann\/ausbildungsangebote\/"]}]},{"@type":"ImageObject","inLanguage":"de","@id":"https:\/\/www.mettmann.de\/web\/stellenangebote-der-stadtverwaltung-mettmann\/ausbildungsangebote\/#primaryimage","url":"https:\/\/www.mettmann.de\/web\/wp-content\/uploads\/2022\/11\/Ausbildung.jpg","contentUrl":"https:\/\/www.mettmann.de\/web\/wp-content\/uploads\/2022\/11\/Ausbildung.jpg","width":1920,"height":1280,"caption":"Symbolfoto: StartupStockPhotos \/ pixabay"},{"@type":"BreadcrumbList","@id":"https:\/\/www.mettmann.de\/web\/stellenangebote-der-stadtverwaltung-mettmann\/ausbildungsangebote\/#breadcrumb","itemListElement":[{"@type":"ListItem","position":1,"name":"Startseite","item":"https:\/\/www.mettmann.de\/web\/"},{"@type":"ListItem","position":2,"name":"Jobs &#038; Karriere","item":"https:\/\/www.mettmann.de\/web\/stellenangebote-der-stadtverwaltung-mettmann\/"},{"@type":"ListItem","position":3,"name":"Ausbildung bei der Kreisstadt Mettmann"}]},{"@type":"WebSite","@id":"https:\/\/www.mettmann.de\/web\/#website","url":"https:\/\/www.mettmann.de\/web\/","name":"Stadtverwaltung Mettmann","description":"Internetseite der Kreisstadt Mettmann","publisher":{"@id":"https:\/\/www.mettmann.de\/web\/#organization"},"potentialAction":[{"@type":"SearchAction","target":{"@type":"EntryPoint","urlTemplate":"https:\/\/www.mettmann.de\/web\/?s={search_term_string}"},"query-input":{"@type":"PropertyValueSpecification","valueRequired":true,"valueName":"search_term_string"}}],"inLanguage":"de"},{"@type":"Organization","@id":"https:\/\/www.mettmann.de\/web\/#organization","name":"Kreisstadt Mettmann","url":"https:\/\/www.mettmann.de\/web\/","logo":{"@type":"ImageObject","inLanguage":"de","@id":"https:\/\/www.mettmann.de\/web\/#\/schema\/logo\/image\/","url":"https:\/\/www.mettmann.de\/web\/wp-content\/uploads\/2019\/08\/Kreisstadt_Mettmann_Logo_RGB_150dpi.png","contentUrl":"https:\/\/www.mettmann.de\/web\/wp-content\/uploads\/2019\/08\/Kreisstadt_Mettmann_Logo_RGB_150dpi.png","width":1302,"height":191,"caption":"Kreisstadt Mettmann"},"image":{"@id":"https:\/\/www.mettmann.de\/web\/#\/schema\/logo\/image\/"},"sameAs":["https:\/\/www.facebook.com\/kreisstadt.mettmann","https:\/\/de.wikipedia.org\/wiki\/Mettmann"]}]}},"_links":{"self":[{"href":"https:\/\/www.mettmann.de\/web\/wp-json\/wp\/v2\/pages\/6203","targetHints":{"allow":["GET"]}}],"collection":[{"href":"https:\/\/www.mettmann.de\/web\/wp-json\/wp\/v2\/pages"}],"about":[{"href":"https:\/\/www.mettmann.de\/web\/wp-json\/wp\/v2\/types\/page"}],"author":[{"embeddable":true,"href":"https:\/\/www.mettmann.de\/web\/wp-json\/wp\/v2\/users\/1"}],"replies":[{"embeddable":true,"href":"https:\/\/www.mettmann.de\/web\/wp-json\/wp\/v2\/comments?post=6203"}],"version-history":[{"count":22,"href":"https:\/\/www.mettmann.de\/web\/wp-json\/wp\/v2\/pages\/6203\/revisions"}],"predecessor-version":[{"id":51297,"href":"https:\/\/www.mettmann.de\/web\/wp-json\/wp\/v2\/pages\/6203\/revisions\/51297"}],"up":[{"embeddable":true,"href":"https:\/\/www.mettmann.de\/web\/wp-json\/wp\/v2\/pages\/1774"}],"wp:featuredmedia":[{"embeddable":true,"href":"https:\/\/www.mettmann.de\/web\/wp-json\/wp\/v2\/media\/23692"}],"wp:attachment":[{"href":"https:\/\/www.mettmann.de\/web\/wp-json\/wp\/v2\/media?parent=6203"}],"curies":[{"name":"wp","href":"https:\/\/api.w.org\/{rel}","templated":true}]}}