{"id":6292,"date":"2020-06-29T14:20:41","date_gmt":"2020-06-29T12:20:41","guid":{"rendered":"https:\/\/www.mettmann.de\/web\/?page_id=6292"},"modified":"2026-04-07T09:22:29","modified_gmt":"2026-04-07T07:22:29","slug":"recyclinghof","status":"publish","type":"page","link":"https:\/\/www.mettmann.de\/web\/abfallberatungsseiten\/recyclinghof\/","title":{"rendered":"Recyclinghof"},"content":{"rendered":"<div id=\"attachment_29789\" style=\"width: 2570px\" class=\"wp-caption alignnone\"><img loading=\"lazy\" decoding=\"async\" aria-describedby=\"caption-attachment-29789\" class=\"wp-image-29789 size-full\" src=\"https:\/\/www.mettmann.de\/web\/wp-content\/uploads\/2023\/07\/Recyclinghof-Juli-2023-scaled.jpg\" alt=\"Der Recyclinghof\" width=\"2560\" height=\"1920\" srcset=\"https:\/\/www.mettmann.de\/web\/wp-content\/uploads\/2023\/07\/Recyclinghof-Juli-2023-scaled.jpg 2560w, https:\/\/www.mettmann.de\/web\/wp-content\/uploads\/2023\/07\/Recyclinghof-Juli-2023-300x225.jpg 300w, https:\/\/www.mettmann.de\/web\/wp-content\/uploads\/2023\/07\/Recyclinghof-Juli-2023-1024x768.jpg 1024w, https:\/\/www.mettmann.de\/web\/wp-content\/uploads\/2023\/07\/Recyclinghof-Juli-2023-768x576.jpg 768w, https:\/\/www.mettmann.de\/web\/wp-content\/uploads\/2023\/07\/Recyclinghof-Juli-2023-1536x1152.jpg 1536w, https:\/\/www.mettmann.de\/web\/wp-content\/uploads\/2023\/07\/Recyclinghof-Juli-2023-2048x1536.jpg 2048w\" sizes=\"auto, (max-width: 2560px) 100vw, 2560px\" \/><p id=\"caption-attachment-29789\" class=\"wp-caption-text\">Foto: Kreisstadt Mettmann<\/p><\/div>\n<p>&nbsp;<\/p>\n<p>Unser Wertstoffhof ist die am st\u00e4rksten genutzte Serviceeinrichtung der Stadt Mettmann und z\u00e4hlt sicherlich zu Recht zu&nbsp; den attraktivsten seiner Art in der ganzen Region. Damit Sie, liebe Mettmanner B\u00fcrgerinnen und B\u00fcrger, Ihre Abf\u00e4lle und Wertstoffe einfach nach Bedarf, ganz flexibel und unabh\u00e4ngig von feststehenden Terminen entsorgen k\u00f6nnen.<\/p>\n<h4>Anschrift<\/h4>\n<p class=\"eingerueckt40\">Recyclinghof der Kreisstadt Mettmann<br \/>\nHammerstra\u00dfe 31<br \/>\n40822 Mettmann<br \/>\nTelefon 02104 \/ 980-281<\/p>\n<p>&nbsp;<\/p>\n<h4>\u00d6ffnungszeiten<\/h4>\n<p class=\"eingerueckt40\">Montag: 7.30 Uhr \u2013 14.30 Uhr<br \/>\n<strong>Dienstag: geschlossen!<\/strong><br \/>\nMittwoch: 7.30 Uhr \u2013 14.30 Uhr<br \/>\nDonnerstag: 7.30 Uhr \u2013 14.30 Uhr<br \/>\nFreitag: 7.30 Uhr \u2013 17.00 Uhr (Sommerzeit: bis 18.00 Uhr)<br \/>\nSamstag: 8.00 Uhr \u2013 12.00 Uhr<\/p>\n<p class=\"eingerueckt40\">Erfahrungsgem\u00e4\u00df werden die Entsorgungsangebote auf dem Recyclinghof samstags besonders stark genutzt. Wir bem\u00fchen uns tatkr\u00e4ftig um eine reibungslose Abwicklung. Dennoch kann es samstags zu \u201eStaus\u201c und kurzen Wartezeiten an den Annahmestellen kommen. Wenn Sie keine Schadstoffe zu entsorgen haben, sollten Sie deshalb nach M\u00f6glichkeit die anderen Wochentage nutzen.<\/p>\n<p class=\"eingerueckt40\"><b>Beachten Sie bitte auch, dass samstags keine Anlieferungen mit Anh\u00e4ngern oder Kleintransportern zul\u00e4ssig sind! Dies gilt auch f\u00fcr die Abholung von Kompost. Wir bitten um Ihr Verst\u00e4ndnis, dass der Recyclinghof beim Austausch und Rangieren von Containern auch w\u00e4hrend der \u00d6ffnungszeiten kurzzeitig geschlossen werden muss und es hierdurch zu kurzen Wartezeiten kommen kann.<\/b><\/p>\n<h3>Nutzungsbedingungen<\/h3>\n<p class=\"eingerueckt40\">Die ausgesprochen b\u00fcrgerfreundlichen Entsorgungsangebote d\u00fcrfen ausschlie\u00dflich Mettmanner B\u00fcrgerinnen und B\u00fcrger in Anspruch nehmen. Um Fremdanlieferungen aus benachbarten St\u00e4dten zu verhindern, f\u00fchren wir deshalb regelm\u00e4\u00dfig Ausweiskontrollen durch. Damit Sie nicht mit unn\u00f6tigen Kosten belastet werden! Beachten Sie bitte unbedingt die Verkehrs- und Parkregelungen auf dem Recyclinghof. Achten Sie bitte auch auf Passanten und andere Verkehrsteilnehmer! Auf dem Recyclinghof darf nur in Schrittgeschwindigkeit gefahren werden. Dies gilt auch beim Verlassen des Betriebsgel\u00e4ndes. Vielen Dank.<\/p>\n<p class=\"eingerueckt40\"><a class=\"infohomepage\" href=\"https:\/\/www.mettmann.de\/ortsrecht\/pdf\/23.005.pdf\" target=\"_blank\" rel=\"noopener noreferrer\">Betriebsordnung f\u00fcr den Recyclinghof als PDF-Dokument <\/a><\/p>\n<h3>Unsere kostenlosen Entsorgungsangebote:<\/h3>\n<ul class=\"eingerueckt40\" type=\"disc\">\n<li>Altpapier (auch gro\u00dfe Kartons)<\/li>\n<li>Batterien<\/li>\n<li>CD und DVDs<\/li>\n<li>Elektroaltger\u00e4te und Elektronikschrott<\/li>\n<li>Gr\u00fcnabf\u00e4lle bis zu 1 cbm<\/li>\n<li>Holz von M\u00f6beln und Einrichtungsgegenst\u00e4nden<\/li>\n<li>K\u00fchl- und Gefrierger\u00e4te<\/li>\n<li>Metallschrott und sperrige Abf\u00e4lle aus Metall<\/li>\n<li>Sperrm\u00fcll zur Verwertung wie z.B. M\u00f6bel- und Einrichtungsgegenst\u00e4nde aus Holz oder aus Metall jeweils ohne St\u00f6rstoffe<\/li>\n<li>K\u00fchl- und Gefrierger\u00e4te<\/li>\n<li>Schadstoffe (nur samstags!)<\/li>\n<li>CDs, CD-Roms und DVDs<\/li>\n<\/ul>\n<h3>Unsere kostenpflichtigen Entsorgungsangebote:<\/h3>\n<ul class=\"eingerueckt40\" type=\"disc\">\n<li>Bauschutt (ohne Verunreinigungen)<\/li>\n<li>Bauholz (unbehandelt und ohne holzfremde Bestandteile)<\/li>\n<li>Baumischabf\u00e4lle und verunreinigter Bauschutt<\/li>\n<li>Fu\u00dfbodenbelag aus Holz<\/li>\n<li>Holzdielen<\/li>\n<li>Wand- und Deckenverkleidung aus Holz<\/li>\n<li>T\u00fcren<\/li>\n<li>Restm\u00fcll in haushalts\u00fcblichen Mengen<\/li>\n<li>Sperrm\u00fcll zur Beseitigung wie z.B. Teppichboden, Matratzen, Koffer, sperriges Kinderspielzeug, M\u00f6bel und Einrichtungsgegenst\u00e4nde aus verschiedenen (nicht getrennten) Materialien<\/li>\n<li>Gr\u00fcnabf\u00e4lle \u00fcber 1 cbm<\/li>\n<li>Stammholz<\/li>\n<li>PKW-Reifen<\/li>\n<li>Dispersionsfarben<\/li>\n<\/ul>\n<h3>Au\u00dferdem erhalten Sie bei uns:<\/h3>\n<ul class=\"eingerueckt40\" type=\"disc\">\n<li>Kompost (lose) und &nbsp;in geringen Mengen kostenlos!<\/li>\n<li>Kompost in 45-Liter-S\u00e4cken je 4,00 \u20ac pro Sack<\/li>\n<li>Laubs\u00e4cke mit 120-Liter Fassungsvolumen f\u00fcr 1,00 \u20ac pro Sack<\/li>\n<\/ul>\n<p class=\"eingerueckt40\"><strong><em>Ihre W\u00fcnsche sind unsere Aufgaben. Wir sind gerne f\u00fcr Sie da!<\/em><\/strong><\/p>\n","protected":false},"excerpt":{"rendered":"<p>&nbsp; Unser Wertstoffhof ist die am st\u00e4rksten genutzte Serviceeinrichtung der Stadt Mettmann und z\u00e4hlt sicherlich zu Recht zu&nbsp; den attraktivsten seiner Art in der ganzen Region. Damit Sie, liebe Mettmanner B\u00fcrgerinnen und B\u00fcrger, Ihre Abf\u00e4lle&#8230;<\/p>\n","protected":false},"author":1,"featured_media":369,"parent":1214,"menu_order":14,"comment_status":"closed","ping_status":"closed","template":"","meta":{"ngg_post_thumbnail":0,"footnotes":""},"class_list":["post-6292","page","type-page","status-publish","has-post-thumbnail","hentry"],"yoast_head":"<!-- This site is optimized with the Yoast SEO plugin v27.2 - https:\/\/yoast.com\/product\/yoast-seo-wordpress\/ -->\n<title>Recyclinghof | Stadtverwaltung Mettmann<\/title>\n<meta name=\"robots\" content=\"index, follow, max-snippet:-1, max-image-preview:large, max-video-preview:-1\" \/>\n<link rel=\"canonical\" href=\"https:\/\/www.mettmann.de\/web\/abfallberatungsseiten\/recyclinghof\/\" \/>\n<meta property=\"og:locale\" content=\"de_DE\" \/>\n<meta property=\"og:type\" content=\"article\" \/>\n<meta property=\"og:title\" content=\"Recyclinghof | Stadtverwaltung Mettmann\" \/>\n<meta property=\"og:description\" content=\"&nbsp; Unser Wertstoffhof ist die am st\u00e4rksten genutzte Serviceeinrichtung der Stadt Mettmann und z\u00e4hlt sicherlich zu Recht zu&nbsp; den attraktivsten seiner Art in der ganzen Region. Damit Sie, liebe Mettmanner B\u00fcrgerinnen und B\u00fcrger, Ihre Abf\u00e4lle...\" \/>\n<meta property=\"og:url\" content=\"https:\/\/www.mettmann.de\/web\/abfallberatungsseiten\/recyclinghof\/\" \/>\n<meta property=\"og:site_name\" content=\"Stadtverwaltung Mettmann\" \/>\n<meta property=\"article:publisher\" content=\"https:\/\/www.facebook.com\/kreisstadt.mettmann\" \/>\n<meta property=\"article:modified_time\" content=\"2026-04-07T07:22:29+00:00\" \/>\n<meta property=\"og:image\" content=\"https:\/\/www.mettmann.de\/web\/wp-content\/uploads\/2019\/08\/muellabfuhr.jpg\" \/>\n\t<meta property=\"og:image:width\" content=\"780\" \/>\n\t<meta property=\"og:image:height\" content=\"439\" \/>\n\t<meta property=\"og:image:type\" content=\"image\/jpeg\" \/>\n<meta name=\"twitter:card\" content=\"summary_large_image\" \/>\n<meta name=\"twitter:label1\" content=\"Gesch\u00e4tzte Lesezeit\" \/>\n\t<meta name=\"twitter:data1\" content=\"3\u00a0Minuten\" \/>\n<script type=\"application\/ld+json\" class=\"yoast-schema-graph\">{\"@context\":\"https:\/\/schema.org\",\"@graph\":[{\"@type\":\"WebPage\",\"@id\":\"https:\/\/www.mettmann.de\/web\/abfallberatungsseiten\/recyclinghof\/\",\"url\":\"https:\/\/www.mettmann.de\/web\/abfallberatungsseiten\/recyclinghof\/\",\"name\":\"Recyclinghof | Stadtverwaltung Mettmann\",\"isPartOf\":{\"@id\":\"https:\/\/www.mettmann.de\/web\/#website\"},\"primaryImageOfPage\":{\"@id\":\"https:\/\/www.mettmann.de\/web\/abfallberatungsseiten\/recyclinghof\/#primaryimage\"},\"image\":{\"@id\":\"https:\/\/www.mettmann.de\/web\/abfallberatungsseiten\/recyclinghof\/#primaryimage\"},\"thumbnailUrl\":\"https:\/\/www.mettmann.de\/web\/wp-content\/uploads\/2019\/08\/muellabfuhr.jpg\",\"datePublished\":\"2020-06-29T12:20:41+00:00\",\"dateModified\":\"2026-04-07T07:22:29+00:00\",\"breadcrumb\":{\"@id\":\"https:\/\/www.mettmann.de\/web\/abfallberatungsseiten\/recyclinghof\/#breadcrumb\"},\"inLanguage\":\"de\",\"potentialAction\":[{\"@type\":\"ReadAction\",\"target\":[\"https:\/\/www.mettmann.de\/web\/abfallberatungsseiten\/recyclinghof\/\"]}]},{\"@type\":\"ImageObject\",\"inLanguage\":\"de\",\"@id\":\"https:\/\/www.mettmann.de\/web\/abfallberatungsseiten\/recyclinghof\/#primaryimage\",\"url\":\"https:\/\/www.mettmann.de\/web\/wp-content\/uploads\/2019\/08\/muellabfuhr.jpg\",\"contentUrl\":\"https:\/\/www.mettmann.de\/web\/wp-content\/uploads\/2019\/08\/muellabfuhr.jpg\",\"width\":780,\"height\":439,\"caption\":\"Archivfoto: Kreisstadt Mettmann\"},{\"@type\":\"BreadcrumbList\",\"@id\":\"https:\/\/www.mettmann.de\/web\/abfallberatungsseiten\/recyclinghof\/#breadcrumb\",\"itemListElement\":[{\"@type\":\"ListItem\",\"position\":1,\"name\":\"Startseite\",\"item\":\"https:\/\/www.mettmann.de\/web\/\"},{\"@type\":\"ListItem\",\"position\":2,\"name\":\"Abfallberatung online\",\"item\":\"https:\/\/www.mettmann.de\/web\/abfallberatungsseiten\/\"},{\"@type\":\"ListItem\",\"position\":3,\"name\":\"Recyclinghof\"}]},{\"@type\":\"WebSite\",\"@id\":\"https:\/\/www.mettmann.de\/web\/#website\",\"url\":\"https:\/\/www.mettmann.de\/web\/\",\"name\":\"Stadtverwaltung Mettmann\",\"description\":\"Internetseite der Kreisstadt Mettmann\",\"publisher\":{\"@id\":\"https:\/\/www.mettmann.de\/web\/#organization\"},\"potentialAction\":[{\"@type\":\"SearchAction\",\"target\":{\"@type\":\"EntryPoint\",\"urlTemplate\":\"https:\/\/www.mettmann.de\/web\/?s={search_term_string}\"},\"query-input\":{\"@type\":\"PropertyValueSpecification\",\"valueRequired\":true,\"valueName\":\"search_term_string\"}}],\"inLanguage\":\"de\"},{\"@type\":\"Organization\",\"@id\":\"https:\/\/www.mettmann.de\/web\/#organization\",\"name\":\"Kreisstadt Mettmann\",\"url\":\"https:\/\/www.mettmann.de\/web\/\",\"logo\":{\"@type\":\"ImageObject\",\"inLanguage\":\"de\",\"@id\":\"https:\/\/www.mettmann.de\/web\/#\/schema\/logo\/image\/\",\"url\":\"https:\/\/www.mettmann.de\/web\/wp-content\/uploads\/2019\/08\/Kreisstadt_Mettmann_Logo_RGB_150dpi.png\",\"contentUrl\":\"https:\/\/www.mettmann.de\/web\/wp-content\/uploads\/2019\/08\/Kreisstadt_Mettmann_Logo_RGB_150dpi.png\",\"width\":1302,\"height\":191,\"caption\":\"Kreisstadt Mettmann\"},\"image\":{\"@id\":\"https:\/\/www.mettmann.de\/web\/#\/schema\/logo\/image\/\"},\"sameAs\":[\"https:\/\/www.facebook.com\/kreisstadt.mettmann\",\"https:\/\/de.wikipedia.org\/wiki\/Mettmann\"]}]}<\/script>\n<!-- \/ Yoast SEO plugin. -->","yoast_head_json":{"title":"Recyclinghof | Stadtverwaltung Mettmann","robots":{"index":"index","follow":"follow","max-snippet":"max-snippet:-1","max-image-preview":"max-image-preview:large","max-video-preview":"max-video-preview:-1"},"canonical":"https:\/\/www.mettmann.de\/web\/abfallberatungsseiten\/recyclinghof\/","og_locale":"de_DE","og_type":"article","og_title":"Recyclinghof | Stadtverwaltung Mettmann","og_description":"&nbsp; Unser Wertstoffhof ist die am st\u00e4rksten genutzte Serviceeinrichtung der Stadt Mettmann und z\u00e4hlt sicherlich zu Recht zu&nbsp; den attraktivsten seiner Art in der ganzen Region. Damit Sie, liebe Mettmanner B\u00fcrgerinnen und B\u00fcrger, Ihre Abf\u00e4lle...","og_url":"https:\/\/www.mettmann.de\/web\/abfallberatungsseiten\/recyclinghof\/","og_site_name":"Stadtverwaltung Mettmann","article_publisher":"https:\/\/www.facebook.com\/kreisstadt.mettmann","article_modified_time":"2026-04-07T07:22:29+00:00","og_image":[{"width":780,"height":439,"url":"https:\/\/www.mettmann.de\/web\/wp-content\/uploads\/2019\/08\/muellabfuhr.jpg","type":"image\/jpeg"}],"twitter_card":"summary_large_image","twitter_misc":{"Gesch\u00e4tzte Lesezeit":"3\u00a0Minuten"},"schema":{"@context":"https:\/\/schema.org","@graph":[{"@type":"WebPage","@id":"https:\/\/www.mettmann.de\/web\/abfallberatungsseiten\/recyclinghof\/","url":"https:\/\/www.mettmann.de\/web\/abfallberatungsseiten\/recyclinghof\/","name":"Recyclinghof | Stadtverwaltung Mettmann","isPartOf":{"@id":"https:\/\/www.mettmann.de\/web\/#website"},"primaryImageOfPage":{"@id":"https:\/\/www.mettmann.de\/web\/abfallberatungsseiten\/recyclinghof\/#primaryimage"},"image":{"@id":"https:\/\/www.mettmann.de\/web\/abfallberatungsseiten\/recyclinghof\/#primaryimage"},"thumbnailUrl":"https:\/\/www.mettmann.de\/web\/wp-content\/uploads\/2019\/08\/muellabfuhr.jpg","datePublished":"2020-06-29T12:20:41+00:00","dateModified":"2026-04-07T07:22:29+00:00","breadcrumb":{"@id":"https:\/\/www.mettmann.de\/web\/abfallberatungsseiten\/recyclinghof\/#breadcrumb"},"inLanguage":"de","potentialAction":[{"@type":"ReadAction","target":["https:\/\/www.mettmann.de\/web\/abfallberatungsseiten\/recyclinghof\/"]}]},{"@type":"ImageObject","inLanguage":"de","@id":"https:\/\/www.mettmann.de\/web\/abfallberatungsseiten\/recyclinghof\/#primaryimage","url":"https:\/\/www.mettmann.de\/web\/wp-content\/uploads\/2019\/08\/muellabfuhr.jpg","contentUrl":"https:\/\/www.mettmann.de\/web\/wp-content\/uploads\/2019\/08\/muellabfuhr.jpg","width":780,"height":439,"caption":"Archivfoto: Kreisstadt Mettmann"},{"@type":"BreadcrumbList","@id":"https:\/\/www.mettmann.de\/web\/abfallberatungsseiten\/recyclinghof\/#breadcrumb","itemListElement":[{"@type":"ListItem","position":1,"name":"Startseite","item":"https:\/\/www.mettmann.de\/web\/"},{"@type":"ListItem","position":2,"name":"Abfallberatung online","item":"https:\/\/www.mettmann.de\/web\/abfallberatungsseiten\/"},{"@type":"ListItem","position":3,"name":"Recyclinghof"}]},{"@type":"WebSite","@id":"https:\/\/www.mettmann.de\/web\/#website","url":"https:\/\/www.mettmann.de\/web\/","name":"Stadtverwaltung Mettmann","description":"Internetseite der Kreisstadt Mettmann","publisher":{"@id":"https:\/\/www.mettmann.de\/web\/#organization"},"potentialAction":[{"@type":"SearchAction","target":{"@type":"EntryPoint","urlTemplate":"https:\/\/www.mettmann.de\/web\/?s={search_term_string}"},"query-input":{"@type":"PropertyValueSpecification","valueRequired":true,"valueName":"search_term_string"}}],"inLanguage":"de"},{"@type":"Organization","@id":"https:\/\/www.mettmann.de\/web\/#organization","name":"Kreisstadt Mettmann","url":"https:\/\/www.mettmann.de\/web\/","logo":{"@type":"ImageObject","inLanguage":"de","@id":"https:\/\/www.mettmann.de\/web\/#\/schema\/logo\/image\/","url":"https:\/\/www.mettmann.de\/web\/wp-content\/uploads\/2019\/08\/Kreisstadt_Mettmann_Logo_RGB_150dpi.png","contentUrl":"https:\/\/www.mettmann.de\/web\/wp-content\/uploads\/2019\/08\/Kreisstadt_Mettmann_Logo_RGB_150dpi.png","width":1302,"height":191,"caption":"Kreisstadt Mettmann"},"image":{"@id":"https:\/\/www.mettmann.de\/web\/#\/schema\/logo\/image\/"},"sameAs":["https:\/\/www.facebook.com\/kreisstadt.mettmann","https:\/\/de.wikipedia.org\/wiki\/Mettmann"]}]}},"_links":{"self":[{"href":"https:\/\/www.mettmann.de\/web\/wp-json\/wp\/v2\/pages\/6292","targetHints":{"allow":["GET"]}}],"collection":[{"href":"https:\/\/www.mettmann.de\/web\/wp-json\/wp\/v2\/pages"}],"about":[{"href":"https:\/\/www.mettmann.de\/web\/wp-json\/wp\/v2\/types\/page"}],"author":[{"embeddable":true,"href":"https:\/\/www.mettmann.de\/web\/wp-json\/wp\/v2\/users\/1"}],"replies":[{"embeddable":true,"href":"https:\/\/www.mettmann.de\/web\/wp-json\/wp\/v2\/comments?post=6292"}],"version-history":[{"count":26,"href":"https:\/\/www.mettmann.de\/web\/wp-json\/wp\/v2\/pages\/6292\/revisions"}],"predecessor-version":[{"id":59742,"href":"https:\/\/www.mettmann.de\/web\/wp-json\/wp\/v2\/pages\/6292\/revisions\/59742"}],"up":[{"embeddable":true,"href":"https:\/\/www.mettmann.de\/web\/wp-json\/wp\/v2\/pages\/1214"}],"wp:featuredmedia":[{"embeddable":true,"href":"https:\/\/www.mettmann.de\/web\/wp-json\/wp\/v2\/media\/369"}],"wp:attachment":[{"href":"https:\/\/www.mettmann.de\/web\/wp-json\/wp\/v2\/media?parent=6292"}],"curies":[{"name":"wp","href":"https:\/\/api.w.org\/{rel}","templated":true}]}}